000
CXUS54 KHGX 311415
CF6DWH
PRELIMINARY LOCAL CLIMATOLOGICAL DATA (WS FORM: F-6)

                                          STATION:   HOUSTON/D.W._HOOKS
                                          MONTH:     AUGUST
                                          YEAR:      2015
                                          LATITUDE:   30  4 N
                                          LONGITUDE:  95 33 W

  TEMPERATURE IN F:       :PCPN:    SNOW:  WIND      :SUNSHINE: SKY     :PK WND
================================================================================
1   2   3   4   5  6A  6B    7    8   9   10  11  12  13   14  15   16   17  18
                                     12Z  AVG MX 2MIN
DY MAX MIN AVG DEP HDD CDD  WTR  SNW DPTH SPD SPD DIR MIN PSBL S-S WX    SPD DR
================================================================================

 1  96  71  84   1   0  19 0.00  0.0    0  5.7 16  70   M    M   0        20  70
 2  97  69  83   0   0  18 0.00  0.0    0  3.5 12  80   M    M   0        16  30
 3  98  71  85   2   0  20 0.00  0.0    0  3.4 12 180   M    M   1        19 190
 4  97  73  85   2   0  20    T  0.0    0  5.2 16 200   M    M   2        22 180
 5 100  78  89   6   0  24 0.00  0.0    0  7.5 16 200   M    M   2 8      21 180
 6 100  76  88   5   0  23 0.00  0.0    0  7.9 17 200   M    M   1        23 200
 7  99  76  88   5   0  23 0.00  0.0    0  6.9 15 200   M    M   2        22 190
 8 101  76  89   6   0  24 0.00  0.0    0  7.3 15 200   M    M   1        22 200
 9 102  75  89   6   0  24 0.00  0.0    0  5.8 12 150   M    M   1 1      18 140
10 102  77  90   7   0  25 0.00  0.0    0  4.9 12 100   M    M   1 1      15 110
11 105  77  91   8   0  26 0.93  0.0    0  6.5 41  40   M    M   2 138    60  10
12 100  75  88   5   0  23 0.00  0.0    0  1.9 10 220   M    M   1 1      15 210
13 100  79  90   7   0  25 0.00  0.0    0  3.9 12  60   M    M   3        16  30
14  98  76  87   4   0  22 0.00  0.0    0  3.3 14  30   M    M   1 1      18  30
15  97  73  85   2   0  20 0.00  0.0    0  5.6 16 120   M    M   0 18     22 100
16  95  75  85   2   0  20 0.00  0.0    0  3.7 22 110   M    M   1 3      28 110
17  94  73  84   1   0  19    T  0.0    0  3.9 13 140   M    M   2        18 140
18  96  75  86   3   0  21 0.01  0.0    0  5.7 16 130   M    M   2 3      25 240
19  93  75  84   1   0  19 0.02  0.0    0  4.6 17 230   M    M   2 3      22 220
20  78  73  76  -7   0  11 3.33  0.0    0  5.2 21 130   M    M   4 123    28 130
21  86  73  80  -3   0  15 0.84  0.0    0  3.7 15 120   M    M   3 138    20 150
22  94  75  85   3   0  20 0.02    M    0  4.0 12 200   M    M   3 138    21 170
23  97  75  86   4   0  21 0.00  0.0    0  3.2 13 190   M    M   3 1238   17 190
24  98  76  87   5   0  22 0.00  0.0    0  2.4  8 210   M    M   2 128    10 220
25  94  74  84   2   0  19 0.13  0.0    0  4.5 22  10   M    M   0 13     30  40
26  90  69  80  -2   0  15 0.00  0.0    0  3.6 12 100   M    M   1        15  80
27  93  67  80  -2   0  15 0.00  0.0    0  1.7  8  80   M    M   0        10  70
28  92  68  80  -2   0  15 0.00  0.0    0  2.3  8 180   M    M   0 1      14 170
29  92  68  80  -2   0  15 0.00  0.0    0  3.5 12 130   M    M   0 12     15 120
30  90  69  80  -1   0  15 0.00  0.0    0  2.5  9 110   M    M   2        14 120
================================================================================
SM 2874 2207         0 598  5.28     0.0 133.8          M       43
================================================================================
AV 95.8 73.6                               4.5 FASTST   M    M   1    MAX(MPH)
                                 MISC ---->  # 41  40               # 60   10
================================================================================
NOTES:
# LAST OF SEVERAL OCCURRENCES

COLUMN 17 PEAK WIND IN M.P.H.

PRELIMINARY LOCAL CLIMATOLOGICAL DATA (WS FORM: F-6) , PAGE 2

                                          STATION:  HOUSTON/D.W._HOOKS
                                          MONTH:    AUGUST
                                          YEAR:     2015
                                          LATITUDE:   30  4 N
                                          LONGITUDE:  95 33 W

[TEMPERATURE DATA]      [PRECIPITATION DATA]       SYMBOLS USED IN COLUMN 16

AVERAGE MONTHLY: 84.7   TOTAL FOR MONTH:   5.28    1 = FOG OR MIST
DPTR FM NORMAL:   2.0   DPTR FM NORMAL:    0.80    2 = FOG REDUCING VISIBILITY
HIGHEST:   105 ON 11    GRTST 24HR  3.33 ON 20-20      TO 1/4 MILE OR LESS
LOWEST:     67 ON 27                               3 = THUNDER
                        SNOW, ICE PELLETS, HAIL    4 = ICE PELLETS
                        TOTAL MONTH:   0.0 INCH    5 = HAIL
                        GRTST 24HR     0.0         6 = FREEZING RAIN OR DRIZZLE
                        GRTST DEPTH:   0           7 = DUSTSTORM OR SANDSTORM:
                                                       VSBY 1/2 MILE OR LESS
                                                   8 = SMOKE OR HAZE
[NO. OF DAYS WITH]      [WEATHER - DAYS WITH]      9 = BLOWING SNOW
                                                   X = TORNADO
MAX 32 OR BELOW:   0    0.01 INCH OR MORE:   7
MAX 90 OR ABOVE:  28    0.10 INCH OR MORE:   4
MIN 32 OR BELOW:   0    0.50 INCH OR MORE:   3
MIN  0 OR BELOW:   0    1.00 INCH OR MORE:   1

[HDD (BASE 65) ]
TOTAL THIS MO.     0    CLEAR  (SCALE 0-3)  29
DPTR FM NORMAL     0    PTCLDY (SCALE 4-7)   1
TOTAL FM JUL 1     0    CLOUDY (SCALE 8-10)  0
DPTR FM NORMAL     0

[CDD (BASE 65) ]
TOTAL THIS MO.   598
DPTR FM NORMAL    68    [PRESSURE DATA]
TOTAL FM JAN 1  2418    HIGHEST SLP M ON M
DPTR FM NORMAL   331    LOWEST  SLP 29.76 ON 18

[REMARKS]
