000
CXUS54 KMAF 251100
CF6E38
PRELIMINARY LOCAL CLIMATOLOGICAL DATA (WS FORM: F-6)

                                          STATION:   Alpine-Casparis Municipal
                                          MONTH:     MAY
                                          YEAR:      2015
                                          LATITUDE:   30 23 N
                                          LONGITUDE: 103 41 W

  TEMPERATURE IN F:       :PCPN:    SNOW:  WIND      :SUNSHINE: SKY     :PK WND
================================================================================
1   2   3   4   5  6A  6B    7    8   9   10  11  12  13   14  15   16   17  18
                                     12Z  AVG MX 2MIN
DY MAX MIN AVG DEP HDD CDD  WTR  SNW DPTH SPD SPD DIR MIN PSBL S-S WX    SPD DR
================================================================================

 1  83  49  66   M   0   1 0.00  0.0    0  7.4 13 140   M    M   0        18 200
 2  85  47  66   M   0   1 0.00  0.0    0  6.3 10 120   M    M   1        18 240
 3  87  58  73   M   0   8 0.01  0.0    0  7.9 14 150   M    M   3 3      24 150
 4  83  52  68   M   0   3 0.00  0.0    0  8.8 20 140   M    M   3        25 140
 5  81  54  68   M   0   3 0.00  0.0    0  8.0 14 240   M    M   2        24 240
 6  86  46  66   M   0   1 0.00  0.0    0  7.1 16 190   M    M   1        21 190
 7  86  58  72   M   0   7 0.00  0.0    0  9.2 18 230   M    M   0        30 240
 8  89  59  74   M   0   9 0.00  0.0    0 11.1 24 220   M    M   0        31 230
 9  85  53  69   M   0   4 0.00  0.0    0  9.8 16 250   M    M   0        27 250
10  83  42  63   M   2   0 0.00  0.0    0  5.7 12 290   M    M   1        22 250
11  73  43  58   M   7   0 0.00  0.0    0  9.8 18  30   M    M   4        24  50
12  75  56  66   M   0   1 0.04  0.0    0  9.4 14 130   M    M   9        23 100
13  80  57  69   M   0   4 0.10  0.0    0 10.0 18 240   M    M   3 3      27 270
14  82  54  68   M   0   3 0.00  0.0    0  9.1 22 270   M    M   2        28 270
15  85  54  70   M   0   5 0.00  0.0    0 13.3 24 260   M    M   2 3      38 260
16  87  54  71   M   0   6 0.00  0.0    0 11.6 22 220   M    M   1        35 240
17  83  43  63   M   2   0 0.00  0.0    0  5.9 14 210   M    M   0        24 260
18  87  46  67   M   0   2 0.00  0.0    0  9.2 22 160   M    M   1 3      35 130
19  91  63  77   M   0  12 0.00  0.0    0  8.7 14 150   M    M   2        24 150
20  81  58  70   M   0   5 0.00  0.0    0  9.1 22  50   M    M   4        27  30
21  59  53  56   M   9   0 0.31  0.0    0  8.5 13  50   M    M  10 3       M  M
22  91  56  74   M   0   9 0.00  0.0    0  8.9 21 190   M    M   6 3      31 190
23  82  54  68   M   0   3 0.08  0.0    0 13.3 27 170   M    M   3 3      37 190
24  82  49  66   M   0   1 0.00  0.0    0  9.5 17 240   M    M   0        24 250
================================================================================
SM 1986 1258        20  88  0.54     0.0 217.6          M       58
================================================================================
AV 82.8 52.4                               9.1 FASTST   M    M   2    MAX(MPH)
                                 MISC ---->  # 27 170               # 38  260
================================================================================
NOTES:
# LAST OF SEVERAL OCCURRENCES

COLUMN 17 PEAK WIND IN M.P.H.

PRELIMINARY LOCAL CLIMATOLOGICAL DATA (WS FORM: F-6) , PAGE 2

                                          STATION:  Alpine-Casparis Municipal
                                          MONTH:    MAY
                                          YEAR:     2015
                                          LATITUDE:   30 23 N
                                          LONGITUDE: 103 41 W

[TEMPERATURE DATA]      [PRECIPITATION DATA]       SYMBOLS USED IN COLUMN 16

AVERAGE MONTHLY: 67.6   TOTAL FOR MONTH:   0.54    1 = FOG OR MIST
DPTR FM NORMAL:     M   DPTR FM NORMAL:       M    2 = FOG REDUCING VISIBILITY
HIGHEST:    91 ON 22,19 GRTST 24HR  0.31 ON 21-21      TO 1/4 MILE OR LESS
LOWEST:     42 ON 10                               3 = THUNDER
                        SNOW, ICE PELLETS, HAIL    4 = ICE PELLETS
                        TOTAL MONTH:   0.0 INCH    5 = HAIL
                        GRTST 24HR     0.0         6 = FREEZING RAIN OR DRIZZLE
                        GRTST DEPTH:   0           7 = DUSTSTORM OR SANDSTORM:
                                                       VSBY 1/2 MILE OR LESS
                                                   8 = SMOKE OR HAZE
[NO. OF DAYS WITH]      [WEATHER - DAYS WITH]      9 = BLOWING SNOW
                                                   X = TORNADO
MAX 32 OR BELOW:   0    0.01 INCH OR MORE:   5
MAX 90 OR ABOVE:   2    0.10 INCH OR MORE:   2
MIN 32 OR BELOW:   0    0.50 INCH OR MORE:   0
MIN  0 OR BELOW:   0    1.00 INCH OR MORE:   0

[HDD (BASE 65) ]
TOTAL THIS MO.    20    CLEAR  (SCALE 0-3)  19
DPTR FM NORMAL     M    PTCLDY (SCALE 4-7)   3
TOTAL FM JUL 1  2627    CLOUDY (SCALE 8-10)  2
DPTR FM NORMAL     M

[CDD (BASE 65) ]
TOTAL THIS MO.    88
DPTR FM NORMAL     M    [PRESSURE DATA]
TOTAL FM JAN 1   123    HIGHEST SLP M ON M
DPTR FM NORMAL     M    LOWEST  SLP M ON M

[REMARKS]
