000
CXUS54 KMAF 291100
CF6E38
PRELIMINARY LOCAL CLIMATOLOGICAL DATA (WS FORM: F-6)

                                          STATION:   Alpine-Casparis Municipal
                                          MONTH:     AUGUST
                                          YEAR:      2015
                                          LATITUDE:   30 23 N
                                          LONGITUDE: 103 41 W

  TEMPERATURE IN F:       :PCPN:    SNOW:  WIND      :SUNSHINE: SKY     :PK WND
================================================================================
1   2   3   4   5  6A  6B    7    8   9   10  11  12  13   14  15   16   17  18
                                     12Z  AVG MX 2MIN
DY MAX MIN AVG DEP HDD CDD  WTR  SNW DPTH SPD SPD DIR MIN PSBL S-S WX    SPD DR
================================================================================

 1  89  66  78   M   0  13 0.37  0.0    0  4.9 15 250   M    M   3 3      22 120
 2  90  64  77   M   0  12 0.00  0.0    0  5.9 13 150   M    M   1        16 150
 3  89  67  78   M   0  13 0.00  0.0    0  5.2 13 270   M    M   2        20  40
 4  93  64  79   M   0  14 0.00  0.0    0  5.0 15 270   M    M   1 3       M  M
 5  96  64  80   M   0  15 0.00  0.0    0  6.6 14 160   M    M   0        20 160
 6  97  64  81   M   0  16 0.00  0.0    0  6.6 13  50   M    M   0        20 120
 7  98  65  82   M   0  17 0.00  0.0    0  6.5 20 140   M    M   1        25 140
 8  98  71  85   M   0  20 0.01  0.0    0  8.2 13 230   M    M   2        21 220
 9  98  68  83   M   0  18 0.10  0.0    0  4.4 12  90   M    M   2 3      28 350
10  96  67  82   M   0  17 0.00  0.0    0  5.9 15 130   M    M   1        21 120
11  94  62  78   M   0  13 0.00  0.0    0  9.0 17 110   M    M   0        28 110
12  94  56  75   M   0  10 0.00  0.0    0  8.2 20 120   M    M   3        31 120
13  96  66  81   M   0  16 0.00  0.0    0  5.9 12  90   M    M   2         9 120
14  94  68  81   M   0  16 0.15  0.0    0  8.2 28  90   M    M   3 3      32  90
15  92  63  78   M   0  13 0.00  0.0    0  4.6 12 150   M    M   2         M  M
16  90  62  76   M   0  11 0.05  0.0    0  7.4 17 260   M    M   4 3      25 100
17  92  60  76   M   0  11 0.00  0.0    0  5.8 15 150   M    M   1        18 150
18  94  67  81   M   0  16 0.01  0.0    0  8.5 18 330   M    M   2 3      21 230
19  90  67  79   M   0  14 0.00  0.0    0 12.1 18 250   M    M   1        25 250
20  93  61  77   M   0  12 0.04  0.0    0  6.9 23 180   M    M   5 3      37 180
21  93  62  78   M   0  13 0.00  0.0    0  9.4 18 140   M    M   0        31 260
22  94  65  80   M   0  15 0.00  0.0    0  6.9 16  90   M    M   2 3      30  90
23  92  66  79   M   0  14 0.00  0.0    0  8.1 16  60   M    M   1 3      22  20
24  90  60  75   M   0  10 0.00  0.0    0  5.1 13  20   M    M   3        20  50
25  93  62  78   M   0  13 0.00  0.0    0  5.7 13 130   M    M   1        21 110
26  92  62  77   M   0  12 0.00  0.0    0  5.7 13 150   M    M   2        17 150
27  93  60  77   M   0  12 0.00  0.0    0  6.1 15 160   M    M   2        22 160
28  96  67  82   M   0  17 0.00  0.0    0  8.9 15 350   M    M   3        24 350
================================================================================
SM 2616 1796         0 393  0.73     0.0 191.7          M       50
================================================================================
AV 93.4 64.1                               6.8 FASTST   M    M   2    MAX(MPH)
                                 MISC ---->    28   M                 37    M
================================================================================
NOTES:
# LAST OF SEVERAL OCCURRENCES

COLUMN 17 PEAK WIND IN M.P.H.

PRELIMINARY LOCAL CLIMATOLOGICAL DATA (WS FORM: F-6) , PAGE 2

                                          STATION:  Alpine-Casparis Municipal
                                          MONTH:    AUGUST
                                          YEAR:     2015
                                          LATITUDE:   30 23 N
                                          LONGITUDE: 103 41 W

[TEMPERATURE DATA]      [PRECIPITATION DATA]       SYMBOLS USED IN COLUMN 16

AVERAGE MONTHLY: 78.8   TOTAL FOR MONTH:   0.73    1 = FOG OR MIST
DPTR FM NORMAL:     M   DPTR FM NORMAL:       M    2 = FOG REDUCING VISIBILITY
HIGHEST:    98 ON  9, 8 GRTST 24HR  0.37 ON  1- 1      TO 1/4 MILE OR LESS
LOWEST:     56 ON 12                               3 = THUNDER
                        SNOW, ICE PELLETS, HAIL    4 = ICE PELLETS
                        TOTAL MONTH:   0.0 INCH    5 = HAIL
                        GRTST 24HR     0.0         6 = FREEZING RAIN OR DRIZZLE
                        GRTST DEPTH:   0           7 = DUSTSTORM OR SANDSTORM:
                                                       VSBY 1/2 MILE OR LESS
                                                   8 = SMOKE OR HAZE
[NO. OF DAYS WITH]      [WEATHER - DAYS WITH]      9 = BLOWING SNOW
                                                   X = TORNADO
MAX 32 OR BELOW:   0    0.01 INCH OR MORE:   7
MAX 90 OR ABOVE:  26    0.10 INCH OR MORE:   3
MIN 32 OR BELOW:   0    0.50 INCH OR MORE:   0
MIN  0 OR BELOW:   0    1.00 INCH OR MORE:   0

[HDD (BASE 65) ]
TOTAL THIS MO.     0    CLEAR  (SCALE 0-3)  26
DPTR FM NORMAL     M    PTCLDY (SCALE 4-7)   2
TOTAL FM JUL 1     0    CLOUDY (SCALE 8-10)  0
DPTR FM NORMAL     M

[CDD (BASE 65) ]
TOTAL THIS MO.   393
DPTR FM NORMAL     M    [PRESSURE DATA]
TOTAL FM JAN 1  1283    HIGHEST SLP M ON M
DPTR FM NORMAL     M    LOWEST  SLP M ON M

[REMARKS]
