000
CXUS52 KTAE 300800
CF6ECP
PRELIMINARY LOCAL CLIMATOLOGICAL DATA (WS FORM: F-6)

                                          STATION:   PANAMA CITY NW
                                          MONTH:     MARCH
                                          YEAR:      2017
                                          LATITUDE:   30 21 N
                                          LONGITUDE:  85 48 W

  TEMPERATURE IN F:       :PCPN:    SNOW:  WIND      :SUNSHINE: SKY     :PK WND
================================================================================
1   2   3   4   5  6A  6B    7    8   9   10  11  12  13   14  15   16   17  18
                                     12Z  AVG MX 2MIN
DY MAX MIN AVG DEP HDD CDD  WTR  SNW DPTH SPD SPD DIR MIN PSBL S-S WX    SPD DR
================================================================================

 1  77  69  73   M   0   8    T  0.0    0 11.3 20 180   M    M  10 1      35 180
 2  73  46  60   M   5   0 0.15  0.0    0 12.2 26 310   M    M   4 1      33  10
 3  70  40  55   M  10   0 0.00  0.0    0  8.3 22  20   M    M   0        30 350
 4  71  40  56   M   9   0 0.00  0.0    0  7.1 14  20   M    M   0        19  40
 5  73  49  61   M   4   0 0.00  0.0    0  7.9 21  90   M    M   2        27  80
 6  75  55  65   M   0   0 0.00  0.0    0  9.2 23 150   M    M   0        29 150
 7  74  54  64   M   1   0 0.20  0.0    0 10.4 23 140   M    M   4 1      29 130
 8  77  55  66   M   0   1 0.05  0.0    0  4.8 17 130   M    M   3 1      22 110
 9  81  49  65   M   0   0 0.00  0.0    0  3.1 15 180   M    M   0 1      24 120
10  81  55  68   M   0   3    T  0.0    0  5.7 18 320   M    M   4 12     23 310
11  77  47  62   M   3   0 0.00  0.0    0  5.2 15  20   M    M   0        19  30
12  66  50  58   M   7   0 0.02  0.0    0 10.5 18 360   M    M   3        24  30
13  53  49  51   M  14   0 0.38  0.0    0  8.3 21 320   M    M   8 1      25 320
14  59  41  50   M  15   0 0.00  0.0    0 11.6 20 300   M    M   5        27 330
15  55  32  44   M  21   0 0.00  0.0    0  9.3 20 340   M    M   0        27 320
16  62  29  46   M  19   0 0.00  0.0    0  2.5 13 190   M    M   0 8      17 350
17  68  39  54   M  11   0 0.00  0.0    0  3.7 13 170   M    M   1        15 200
18  76  44  60   M   5   0 0.00  0.0    0  7.3 20 230   M    M   1        36 240
19  79  49  64   M   1   0 0.00  0.0    0  7.8 21 320   M    M   0        30 350
20  79  45  62   M   3   0 0.00  0.0    0  4.5 15 240   M    M   0        27 180
21  79  54  67   M   0   2 0.00  0.0    0  6.7 17 200   M    M   3 128    21 210
22  89  63  76   M   0  11 0.00  0.0    0  7.4 17 320   M    M   3 18     25 310
23  79  59  69   M   0   4 0.00  0.0    0  8.4 16  90   M    M   5        22 190
24  79  56  68   M   0   3 0.00  0.0    0  8.5 22 180   M    M   1        28 150
25  78  56  67   M   0   2 0.28  0.0    0 10.8 23 150   M    M   2 13     30 150
26  79  61  70   M   0   5    T  0.0    0  8.0 20 150   M    M   4 1      26 190
27  79  59  69   M   0   4 0.00  0.0    0  7.1 18 170   M    M   5 12     25 180
28  81  62  72   M   0   7 0.00  0.0    0  6.3 17 180   M    M   5 12     24 170
29  82  57  70   M   0   5 0.00  0.0    0  4.2 17 170   M    M   4 12     23 180
================================================================================
SM 2151 1464       128  55  1.08     0.0 218.1          M       77
================================================================================
AV 74.2 50.5                               7.5 FASTST   M    M   3    MAX(MPH)
                                 MISC ---->  # 26 310               # 36  240
================================================================================
NOTES:
# LAST OF SEVERAL OCCURRENCES

COLUMN 17 PEAK WIND IN M.P.H.

PRELIMINARY LOCAL CLIMATOLOGICAL DATA (WS FORM: F-6) , PAGE 2

                                          STATION:  PANAMA CITY NW
                                          MONTH:    MARCH
                                          YEAR:     2017
                                          LATITUDE:   30 21 N
                                          LONGITUDE:  85 48 W

[TEMPERATURE DATA]      [PRECIPITATION DATA]       SYMBOLS USED IN COLUMN 16

AVERAGE MONTHLY: 62.3   TOTAL FOR MONTH:   1.08    1 = FOG OR MIST
DPTR FM NORMAL:     M   DPTR FM NORMAL:       M    2 = FOG REDUCING VISIBILITY
HIGHEST:    89 ON 22    GRTST 24HR  0.38 ON 13-13      TO 1/4 MILE OR LESS
LOWEST:     29 ON 16                               3 = THUNDER
                        SNOW, ICE PELLETS, HAIL    4 = ICE PELLETS
                        TOTAL MONTH:   0.0 INCH    5 = HAIL
                        GRTST 24HR     0.0         6 = FREEZING RAIN OR DRIZZLE
                        GRTST DEPTH:   0           7 = DUSTSTORM OR SANDSTORM:
                                                       VSBY 1/2 MILE OR LESS
                                                   8 = SMOKE OR HAZE
[NO. OF DAYS WITH]      [WEATHER - DAYS WITH]      9 = BLOWING SNOW
                                                   X = TORNADO
MAX 32 OR BELOW:   0    0.01 INCH OR MORE:   6
MAX 90 OR ABOVE:   0    0.10 INCH OR MORE:   4
MIN 32 OR BELOW:   2    0.50 INCH OR MORE:   0
MIN  0 OR BELOW:   0    1.00 INCH OR MORE:   0

[HDD (BASE 65) ]
TOTAL THIS MO.   128    CLEAR  (SCALE 0-3)  15
DPTR FM NORMAL     M    PTCLDY (SCALE 4-7)  12
TOTAL FM JUL 1   792    CLOUDY (SCALE 8-10)  2
DPTR FM NORMAL     M

[CDD (BASE 65) ]
TOTAL THIS MO.    55
DPTR FM NORMAL     M    [PRESSURE DATA]
TOTAL FM JAN 1   108    HIGHEST SLP M ON M
DPTR FM NORMAL     M    LOWEST  SLP 29.93 ON 13

[REMARKS]
