000
CXUS55 KVEF 240940
CF6EED
PRELIMINARY LOCAL CLIMATOLOGICAL DATA (WS FORM: F-6)

                                          STATION:   NEEDLES CA
                                          MONTH:     JANUARY
                                          YEAR:      2015
                                          LATITUDE:   34 46 N
                                          LONGITUDE: 114 37 W

  TEMPERATURE IN F:       :PCPN:    SNOW:  WIND      :SUNSHINE: SKY     :PK WND
================================================================================
1   2   3   4   5  6A  6B    7    8   9   10  11  12  13   14  15   16   17  18
                                     12Z  AVG MX 2MIN
DY MAX MIN AVG DEP HDD CDD  WTR  SNW DPTH SPD SPD DIR MIN PSBL S-S WX    SPD DR
================================================================================

 1  49  32  41 -12  24   0 0.00  0.0    0  4.6  9 280   M    M   1        12  30
 2  55  35  45  -8  20   0 0.00  0.0    0  9.7 25  10   M    M   0        33  10
 3  56  31  44  -9  21   0 0.00  0.0    0  3.3  9 270   M    M   0        10 280
 4  58  33  46  -7  19   0 0.00  0.0    0  4.2  9  30   M    M   0        12 360
 5  68  40  54   1  11   0 0.00  0.0    0  7.7 20  10   M    M   0        25  20
 6  74  45  60   7   5   0 0.00  0.0    0  8.4 18  20   M    M   0        23  30
 7  78  50  64  11   1   0 0.00  0.0    0  6.8 14  20   M    M   0        18  10
 8  74  51  63  10   2   0 0.00  0.0    0  4.4  9 260   M    M   0        10 250
 9  72  47  60   6   5   0 0.00  0.0    0  3.3  8 250   M    M   1         9 300
10  72  54  63   9   2   0 0.00  0.0    0  4.7 15 150   M    M   2        18 160
11  72  54  63   9   2   0    T  0.0    0  6.7 18  10   M    M   5        23  30
12  70  54  62   8   3   0    T  0.0    0  5.1 12 350   M    M   9        14 350
13  68  53  61   7   4   0 0.00  0.0    0 12.7 28  20   M    M   0        33  30
14  68  51  60   6   5   0 0.00  0.0    0 12.9 25  30   M    M   0        33  10
15  69  50  60   6   5   0 0.00  0.0    0 10.4 18  20   M    M   0        25 360
16  68  42  55   1  10   0 0.00  0.0    0  4.2 10 320   M    M   0        14  20
17  73  45  59   5   6   0 0.00  0.0    0  6.3 14  20   M    M   0        17 360
18  71  47  59   5   6   0 0.00  0.0    0  4.6 12 260   M    M   0        12 260
19  73  47  60   5   5   0 0.00  0.0    0  5.5  9 240   M    M   0        12  50
20  69  47  58   3   7   0 0.00  0.0    0  7.8 20  10   M    M   0        23  20
21  69  56  63   8   2   0    T  0.0    0 21.3 32  10   M    M   2        39  20
22  67  51  59   4   6   0 0.00  0.0    0 15.1 29  20   M    M   0        36  30
23  67  40  54  -1  11   0 0.00  0.0    0  7.3 16 360   M    M   0        21 360
================================================================================
SM 1560 1055       182   0    T      0.0 177.0          M       20
================================================================================
AV 67.8 45.9                               7.7 FASTST   M    M   1    MAX(MPH)
                                 MISC ---->  # 32  10               # 39   20
================================================================================
NOTES:
# LAST OF SEVERAL OCCURRENCES

COLUMN 17 PEAK WIND IN M.P.H.

PRELIMINARY LOCAL CLIMATOLOGICAL DATA (WS FORM: F-6) , PAGE 2

                                          STATION:  NEEDLES CA
                                          MONTH:    JANUARY
                                          YEAR:     2015
                                          LATITUDE:   34 46 N
                                          LONGITUDE: 114 37 W

[TEMPERATURE DATA]      [PRECIPITATION DATA]       SYMBOLS USED IN COLUMN 16

AVERAGE MONTHLY: 56.8   TOTAL FOR MONTH:      T    1 = FOG OR MIST
DPTR FM NORMAL:   3.0   DPTR FM NORMAL:   -0.54    2 = FOG REDUCING VISIBILITY
HIGHEST:    78 ON  7    GRTST 24HR  0.02 ON 31- 1      TO 1/4 MILE OR LESS
LOWEST:     31 ON  3                               3 = THUNDER
                        SNOW, ICE PELLETS, HAIL    4 = ICE PELLETS
                        TOTAL MONTH:   0.0 INCH    5 = HAIL
                        GRTST 24HR     0.0         6 = FREEZING RAIN OR DRIZZLE
                        GRTST DEPTH:   0           7 = DUSTSTORM OR SANDSTORM:
                                                       VSBY 1/2 MILE OR LESS
                                                   8 = SMOKE OR HAZE
[NO. OF DAYS WITH]      [WEATHER - DAYS WITH]      9 = BLOWING SNOW
                                                   X = TORNADO
MAX 32 OR BELOW:   0    0.01 INCH OR MORE:   0
MAX 90 OR ABOVE:   0    0.10 INCH OR MORE:   0
MIN 32 OR BELOW:   2    0.50 INCH OR MORE:   0
MIN  0 OR BELOW:   0    1.00 INCH OR MORE:   0

[HDD (BASE 65) ]
TOTAL THIS MO.   182    CLEAR  (SCALE 0-3)  21
DPTR FM NORMAL   -75    PTCLDY (SCALE 4-7)   1
TOTAL FM JUL 1   539    CLOUDY (SCALE 8-10)  1
DPTR FM NORMAL  -241

[CDD (BASE 65) ]
TOTAL THIS MO.     0
DPTR FM NORMAL     0    [PRESSURE DATA]
TOTAL FM JAN 1     0    HIGHEST SLP M ON M
DPTR FM NORMAL     0    LOWEST  SLP 29.87 ON 10

[REMARKS]
