000
CXUS56 KEKA 271230
CF6EKA
PRELIMINARY LOCAL CLIMATOLOGICAL DATA (WS FORM: F-6)

                                          STATION:   EUREKA CA
                                          MONTH:     JANUARY
                                          YEAR:      2015
                                          LATITUDE:   40 47 N
                                          LONGITUDE: 124 10 W

  TEMPERATURE IN F:       :PCPN:    SNOW:  WIND      :SUNSHINE: SKY     :PK WND
================================================================================
1   2   3   4   5  6A  6B    7    8   9   10  11  12  13   14  15   16   17  18
                                     12Z  AVG MX 2MIN
DY MAX MIN AVG DEP HDD CDD  WTR  SNW DPTH SPD SPD DIR MIN PSBL S-S WX    SPD DR
================================================================================

 1  57  31  44  -4  21   0 0.00  0.0    0  2.3  7 280   M    M   0        10 280
 2  55  35  45  -3  20   0 0.00  0.0    0  1.7  9 350   M    M   4        10 350
 3  55  39  47  -1  18   0 0.00  0.0    0  2.0  7  90   M    M   5         9 110
 4  57  40  49   1  16   0    T  0.0    0  2.5 10 270   M    M   6        12 270
 5  58  41  50   2  15   0 0.00  0.0    0  2.3  9 140   M    M   6        12 140
 6  64  41  53   5  12   0 0.00  0.0    0  2.0  5  20   M    M   4        10  20
 7  68  40  54   6  11   0 0.00  0.0    0  1.3  6 270   M    M   1         9 270
 8  61  42  52   4  13   0 0.00  0.0    0  2.3  7 100   M    M  10        14  M
 9  59  43  51   3  14   0 0.00  0.0    0  2.0  7 250   M    M   8        10  M
10  55  49  52   4  13   0 0.00  0.0    0  4.1 12  10   M    M  10        18  M
11  55  48  52   4  13   0    T    M    0  1.1  5 350   M    M  10         7  M
12  57  51  54   6  11   0    T  0.0    0  2.5  6  20   M    M  10 1       9  M
13  61  42  52   4  13   0 0.00  0.0    0  2.9  7 290   M    M   3 1       7 290
14  59  38  49   1  16   0 0.00  0.0    0  3.0  7 310   M    M   9        12 310
15  64  48  56   8   9   0 0.19    M    0 10.6 18 170   M    M  10 1      36 180
16  58  53  56   8   9   0 0.31  0.0    0  3.9 12 180   M    M  10 1      14 180
17  65  53  59  11   6   0 0.36  0.0    0  5.6 12 150   M    M  10 1      17  M
18  59  46  53   4  12   0 0.50  0.0    0  3.3 14 330   M    M   9 1      26  M
19  56  38  47  -2  18   0 0.00  0.0    0  3.7 14 350   M    M   1 1      21  M
20  55  39  47  -2  18   0 0.00  0.0    0  1.6  7  10   M    M   1 2      10  M
21  56  40  48  -1  17   0 0.00  0.0    0  1.8  7 290   M    M   5        10  M
22  58  45  52   3  13   0 0.00  0.0    0  1.4 10 270   M    M   6        13  M
23  61  42  52   3  13   0 0.00  0.0    0  2.0  9 330   M    M   5        14  M
24  62  42  52   3  13   0 0.00  0.0    0  1.3  8 220   M    M   4 28     12  M
25  66  45  56   7   9   0 0.00  0.0    0  1.3  7 280   M    M   4 1       8  M
26  56  42  49   0  16   0 0.00  0.0    0  1.5  9 310   M    M   8 18     13  M
================================================================================
SM 1537 1113       359   0  1.36     0.0  70.0          M      159
================================================================================
AV 59.1 42.8                               2.7 FASTST   M    M   6    MAX(MPH)
                                 MISC ---->    18   M               # 36  180
================================================================================
NOTES:
# LAST OF SEVERAL OCCURRENCES

COLUMN 17 PEAK WIND IN M.P.H.

PRELIMINARY LOCAL CLIMATOLOGICAL DATA (WS FORM: F-6) , PAGE 2

                                          STATION:  EUREKA CA
                                          MONTH:    JANUARY
                                          YEAR:     2015
                                          LATITUDE:   40 47 N
                                          LONGITUDE: 124 10 W

[TEMPERATURE DATA]      [PRECIPITATION DATA]       SYMBOLS USED IN COLUMN 16

AVERAGE MONTHLY: 51.0   TOTAL FOR MONTH:   1.36    1 = FOG OR MIST
DPTR FM NORMAL:   2.6   DPTR FM NORMAL:   -4.18    2 = FOG REDUCING VISIBILITY
HIGHEST:    68 ON  7    GRTST 24HR  0.50 ON 18-18      TO 1/4 MILE OR LESS
LOWEST:     31 ON  1                               3 = THUNDER
                        SNOW, ICE PELLETS, HAIL    4 = ICE PELLETS
                        TOTAL MONTH:   0.0 INCH    5 = HAIL
                        GRTST 24HR     0.0         6 = FREEZING RAIN OR DRIZZLE
                        GRTST DEPTH:   0           7 = DUSTSTORM OR SANDSTORM:
                                                       VSBY 1/2 MILE OR LESS
                                                   8 = SMOKE OR HAZE
[NO. OF DAYS WITH]      [WEATHER - DAYS WITH]      9 = BLOWING SNOW
                                                   X = TORNADO
MAX 32 OR BELOW:   0    0.01 INCH OR MORE:   4
MAX 90 OR ABOVE:   0    0.10 INCH OR MORE:   4
MIN 32 OR BELOW:   1    0.50 INCH OR MORE:   1
MIN  0 OR BELOW:   0    1.00 INCH OR MORE:   0

[HDD (BASE 65) ]
TOTAL THIS MO.   359    CLEAR  (SCALE 0-3)   5
DPTR FM NORMAL   -78    PTCLDY (SCALE 4-7)  12
TOTAL FM JUL 1  1750    CLOUDY (SCALE 8-10)  9
DPTR FM NORMAL  -642

[CDD (BASE 65) ]
TOTAL THIS MO.     0
DPTR FM NORMAL     0    [PRESSURE DATA]
TOTAL FM JAN 1     0    HIGHEST SLP M ON M
DPTR FM NORMAL     0    LOWEST  SLP M ON M

[REMARKS]
