000
CXUS56 KLKN 011009
CF6EKO
PRELIMINARY LOCAL CLIMATOLOGICAL DATA (WS FORM: F-6)

                                          STATION:   ELKO AIRPORT NV
                                          MONTH:     JUNE
                                          YEAR:      2015
                                          LATITUDE:   40 49 N
                                          LONGITUDE: 115 47 W

  TEMPERATURE IN F:       :PCPN:    SNOW:  WIND      :SUNSHINE: SKY     :PK WND
================================================================================
1   2   3   4   5  6A  6B    7    8   9   10  11  12  13   14  15   16   17  18
                                     12Z  AVG MX 2MIN
DY MAX MIN AVG DEP HDD CDD  WTR  SNW DPTH SPD SPD DIR MIN PSBL S-S WX    SPD DR
================================================================================

 1  80  51  66   8   0   1 0.00  0.0    0  6.5 20 270   M    M   1        30 240
 2  76  48  62   4   3   0 0.00  0.0    0  7.7 20 200   M    M   0        27 210
 3  78  42  60   2   5   0 0.04  0.0    0  5.5 22 360   M    M   2 3      28  10
 4  76  49  63   5   2   0 0.04  0.0    0  8.8 31 220   M    M   3 3      44 210
 5  76  44  60   1   5   0 0.01  0.0    0  4.6 24  40   M    M   2 3      29  40
 6  73  41  57  -2   8   0 0.01  0.0    0  5.6 29  30   M    M   2 3      38  70
 7  82  45  64   5   1   0 0.00  0.0    0  3.6 14  30   M    M   2        21  70
 8  87  51  69   9   0   4 0.00  0.0    0  3.7 14 270   M    M   1        18 260
 9  91  48  70  10   0   5 0.00  0.0    0  3.3 13  40   M    M   0        23  70
10  82  57  70  10   0   5 0.15  0.0    0  8.7 30 330   M    M   4 3      38 320
11  83  54  69   8   0   4 0.09  0.0    0  4.6 21  90   M    M   5 3      29  90
12  87  48  68   7   0   3 0.00  0.0    0  4.4 15 320   M    M   0        20 260
13  89  46  68   7   0   3 0.00  0.0    0  5.9 23 270   M    M   0        27 280
14  90  48  69   7   0   4 0.00  0.0    0  4.7 21 260   M    M   0        25 260
15  92  51  72  10   0   7 0.00  0.0    0  5.8 28 260   M    M   0        32 260
16  90  48  69   7   0   4 0.00  0.0    0  4.9 18 260   M    M   0        24 260
17  92  48  70   7   0   5 0.00  0.0    0  4.9 20 280   M    M   0        25 290
18  95  51  73  10   0   8 0.00  0.0    0  7.2 24 280   M    M   0        31 280
19  90  55  73  10   0   8 0.00  0.0    0  9.2 22 270   M    M   0        32 220
20  92  45  69   5   0   4 0.00  0.0    0  7.1 21 250   M    M   0        30 260
21  93  49  71   7   0   6 0.00  0.0    0 10.4 33 270   M    M   0        42 280
22  89  47  68   4   0   3 0.00  0.0    0  5.6 20 250   M    M   0        29 260
23  94  45  70   5   0   5 0.00  0.0    0  4.0 15 270   M    M   0        19 250
24  96  52  74   9   0   9 0.00  0.0    0  4.7 20  50   M    M   0        26  60
25  99  54  77  12   0  12 0.00  0.0    0  5.4 16 280   M    M   0        20  30
26 100  55  78  12   0  13 0.00  0.0    0  4.1 13 260   M    M   0        16 260
27 101  56  79  13   0  14 0.00  0.0    0  4.0 23  20   M    M   0        30  10
28 103  60  82  16   0  17 0.00  0.0    0  4.5 16 200   M    M   0        22 190
29 101  64  83  16   0  18 0.05  0.0    0  5.3 23 170   M    M   0 3      35 290
30 100  61  81  14   0  16 0.08  0.0    0  7.2 31 230   M    M   1 3      42 230
================================================================================
SM 2677 1513        24 178  0.47     0.0 171.9          M       23
================================================================================
AV 89.2 50.4                               5.7 FASTST   M    M   1    MAX(MPH)
                                 MISC ---->  # 33 270               # 44  210
================================================================================
NOTES:
# LAST OF SEVERAL OCCURRENCES

COLUMN 17 PEAK WIND IN M.P.H.

PRELIMINARY LOCAL CLIMATOLOGICAL DATA (WS FORM: F-6) , PAGE 2

                                          STATION:  ELKO AIRPORT NV
                                          MONTH:    JUNE
                                          YEAR:     2015
                                          LATITUDE:   40 49 N
                                          LONGITUDE: 115 47 W

[TEMPERATURE DATA]      [PRECIPITATION DATA]       SYMBOLS USED IN COLUMN 16

AVERAGE MONTHLY: 69.8   TOTAL FOR MONTH:   0.47    1 = FOG OR MIST
DPTR FM NORMAL:   7.6   DPTR FM NORMAL:   -0.18    2 = FOG REDUCING VISIBILITY
HIGHEST:   103 ON 28    GRTST 24HR  0.15 ON 10-10      TO 1/4 MILE OR LESS
LOWEST:     41 ON  6                               3 = THUNDER
                        SNOW, ICE PELLETS, HAIL    4 = ICE PELLETS
                        TOTAL MONTH:   0.0 INCH    5 = HAIL
                        GRTST 24HR     0.0         6 = FREEZING RAIN OR DRIZZLE
                        GRTST DEPTH:   0           7 = DUSTSTORM OR SANDSTORM:
                                                       VSBY 1/2 MILE OR LESS
                                                   8 = SMOKE OR HAZE
[NO. OF DAYS WITH]      [WEATHER - DAYS WITH]      9 = BLOWING SNOW
                                                   X = TORNADO
MAX 32 OR BELOW:   0    0.01 INCH OR MORE:   8
MAX 90 OR ABOVE:  17    0.10 INCH OR MORE:   1
MIN 32 OR BELOW:   0    0.50 INCH OR MORE:   0
MIN  0 OR BELOW:   0    1.00 INCH OR MORE:   0

[HDD (BASE 65) ]
TOTAL THIS MO.    24    CLEAR  (SCALE 0-3)  28
DPTR FM NORMAL  -107    PTCLDY (SCALE 4-7)   2
TOTAL FM JUL 1  5549    CLOUDY (SCALE 8-10)  0
DPTR FM NORMAL -1517

[CDD (BASE 65) ]
TOTAL THIS MO.   178
DPTR FM NORMAL   131    [PRESSURE DATA]
TOTAL FM JAN 1   185    HIGHEST SLP M ON M
DPTR FM NORMAL   134    LOWEST  SLP 29.68 ON M

[REMARKS]
#FINAL-06-15#
