000
CXUS56 KLKN 231009
CF6ELY
PRELIMINARY LOCAL CLIMATOLOGICAL DATA (WS FORM: F-6)

                                          STATION:   ELY AIRPORT NV
                                          MONTH:     OCTOBER
                                          YEAR:      2017
                                          LATITUDE:   39 16 N
                                          LONGITUDE: 114 51 W

  TEMPERATURE IN F:       :PCPN:    SNOW:  WIND      :SUNSHINE: SKY     :PK WND
================================================================================
1   2   3   4   5  6A  6B    7    8   9   10  11  12  13   14  15   16   17  18
                                     12Z  AVG MX 2MIN
DY MAX MIN AVG DEP HDD CDD  WTR  SNW DPTH SPD SPD DIR MIN PSBL S-S WX    SPD DR
================================================================================

 1  60  34  47  -3  18   0 0.00  0.0    0  9.5 21 300   M    M   M        28 270
 2  51  21  36 -14  29   0 0.00  0.0    0  6.1 14  10   M    M   1        20 320
 3  58  24  41  -9  24   0 0.02  0.0    0  9.4 23  30   M    M   7 1      32 180
 4  59  36  48  -1  17   0 0.02  0.0    0  6.5 21  20   M    M   3        28 360
 5  64  23  44  -5  21   0 0.00  0.0    0  7.2 17 260   M    M   M        22 260
 6  65  23  44  -5  21   0 0.00  0.0    0  8.4 17 180   M    M   0        20 180
 7  75  27  51   3  14   0 0.00  0.0    0 10.1 17 260   M    M   0        23 260
 8  60  28  44  -4  21   0 0.00  0.0    0 14.3 30 340   M    M   1        41 330
 9  53  21  37 -11  28   0 0.00  0.0    0  7.8 18 360   M    M   0        23  30
10  65  17  41  -6  24   0    T  0.0    0 10.7 21 160   M    M   0        26 160
11  66  37  52   5  13   0 0.00  0.0    0 13.2 24 200   M    M   0        34 160
12  59  23  41  -5  24   0 0.00  0.0    0  8.0 15 230   M    M   0 8      18 230
13  64  16  40  -6  25   0 0.00  0.0    0 10.7 21 210   M    M   0        31 210
14  51  15  33 -13  32   0 0.00  0.0    0  9.8 20  10   M    M   0        26  10
15  67  11  39  -7  26   0 0.00  0.0    0  8.2 16 160   M    M   0        19 170
16  75  20  48   3  17   0 0.00  0.0    0 10.3 18 160   M    M   0        21 180
17  76  26  51   6  14   0 0.00  0.0    0  9.0 20 180   M    M   0        21 240
18  73  26  50   5  15   0 0.00  0.0    0  8.9 16 170   M    M   0        20 170
19  71  34  53   9  12   0 0.00  0.0    0 11.5 22 150   M    M   0        29 150
20  55  17  36  -8  29   0 0.00  0.0    0 13.5 30 290   M    M   1        40 290
21  56  15  36  -8  29   0 0.00  0.0    0  8.1 18 330   M    M   2        24 290
22  70  26  48   5  17   0 0.00  0.0    0  8.5 16 260   M    M   0        22 270
================================================================================
SM 1393  520       470   0  0.04     0.0 209.7          M       15
================================================================================
AV 63.3 23.6                               9.5 FASTST   M    M   1    MAX(MPH)
                                 MISC ---->  # 30 340               # 41  330
================================================================================
NOTES:
# LAST OF SEVERAL OCCURRENCES

COLUMN 17 PEAK WIND IN M.P.H.

PRELIMINARY LOCAL CLIMATOLOGICAL DATA (WS FORM: F-6) , PAGE 2

                                          STATION:  ELY AIRPORT NV
                                          MONTH:    OCTOBER
                                          YEAR:     2017
                                          LATITUDE:   39 16 N
                                          LONGITUDE: 114 51 W

[TEMPERATURE DATA]      [PRECIPITATION DATA]       SYMBOLS USED IN COLUMN 16

AVERAGE MONTHLY: 43.5   TOTAL FOR MONTH:   0.04    1 = FOG OR MIST
DPTR FM NORMAL:  -3.3   DPTR FM NORMAL:   -0.67    2 = FOG REDUCING VISIBILITY
HIGHEST:    76 ON 17    GRTST 24HR  0.02 ON  4- 4      TO 1/4 MILE OR LESS
LOWEST:     11 ON 15                               3 = THUNDER
                        SNOW, ICE PELLETS, HAIL    4 = ICE PELLETS
                        TOTAL MONTH:   0.0 INCH    5 = HAIL
                        GRTST 24HR     0.0         6 = FREEZING RAIN OR DRIZZLE
                        GRTST DEPTH:   0           7 = DUSTSTORM OR SANDSTORM:
                                                       VSBY 1/2 MILE OR LESS
                                                   8 = SMOKE OR HAZE
[NO. OF DAYS WITH]      [WEATHER - DAYS WITH]      9 = BLOWING SNOW
                                                   X = TORNADO
MAX 32 OR BELOW:   0    0.01 INCH OR MORE:   2
MAX 90 OR ABOVE:   0    0.10 INCH OR MORE:   0
MIN 32 OR BELOW:  18    0.50 INCH OR MORE:   0
MIN  0 OR BELOW:   0    1.00 INCH OR MORE:   0

[HDD (BASE 65) ]
TOTAL THIS MO.   470    CLEAR  (SCALE 0-3)  18
DPTR FM NORMAL    70    PTCLDY (SCALE 4-7)   2
TOTAL FM JUL 1   766    CLOUDY (SCALE 8-10)  0
DPTR FM NORMAL    50

[CDD (BASE 65) ]
TOTAL THIS MO.     0
DPTR FM NORMAL     0    [PRESSURE DATA]
TOTAL FM JAN 1   433    HIGHEST SLP 24.86 ON 10
DPTR FM NORMAL   215    LOWEST  SLP 29.50 ON 20

[REMARKS]
