000
CXUS53 KTOP 011108
CF6EMP
PRELIMINARY LOCAL CLIMATOLOGICAL DATA (WS FORM: F-6)

                                          STATION:   Emporia KS
                                          MONTH:     JUNE
                                          YEAR:      2015
                                          LATITUDE:   38 19 N
                                          LONGITUDE:  96 12 W

  TEMPERATURE IN F:       :PCPN:    SNOW:  WIND      :SUNSHINE: SKY     :PK WND
================================================================================
1   2   3   4   5  6A  6B    7    8   9   10  11  12  13   14  15   16   17  18
                                     12Z  AVG MX 2MIN
DY MAX MIN AVG DEP HDD CDD  WTR  SNW DPTH SPD SPD DIR MIN PSBL S-S WX    SPD DR
================================================================================

 1  72  51  62  -8   3   0 0.00    M    M  6.8 15 110   M    M   3        19 100
 2  81  56  69  -1   0   4 0.00    M    M 12.4 20 160   M    M   4        26 150
 3  85  66  76   6   0  11 0.02    M    M 12.1 21 120   M    M   2        27 190
 4  86  67  77   6   0  12 0.00    M    M 13.3 29  80   M    M   2        36  70
 5  83  62  73   2   0   8 0.82    M    M  8.7 29  30   M    M   4 13     39  30
 6  87  67  77   6   0  12 0.00    M    M  9.9 16 160   M    M   1        20 150
 7  91  68  80   9   0  15 0.39    M    M 13.5 35 300   M    M   1 13     49 290
 8  86  64  75   3   0  10    T    M    M  5.6 13 280   M    M   1        17 290
 9  92  65  79   7   0  14 0.00    M    M  6.5 13 180   M    M   0        16 170
10  94  72  83  11   0  18 0.00    M    M 12.1 18 170   M    M   0        26 150
11  91  71  81   9   0  16 0.04    M    M 14.3 30 190   M    M   3 13     38 170
12  77  65  71  -2   0   6 0.06    M    M  5.9 14  90   M    M   9 1      20 340
13  80  67  74   1   0   9 0.05    M    M  6.8 18 210   M    M   7        23 200
14  80  68  74   1   0   9 0.96    M    M 10.4 23 200   M    M   7 13     30 190
15  81  66  74   1   0   9 0.11    M    M  9.0 22 320   M    M   8 1      27 320
16  80  67  74   0   0   9 0.01    M    M  6.2 14  20   M    M   8        17  30
17  84  68  76   2   0  11 0.00    M    M  6.9 13 190   M    M   4 1      17 190
18  83  68  76   2   0  11 0.01    M    M  7.5 20 330   M    M   3 1      25 330
19  86  64  75   1   0  10 0.00    M    M  6.5 12 150   M    M   0        16  30
20  94  69  82   7   0  17 0.00    M    M 14.9 26 200   M    M   0        35 200
21  91  73  82   7   0  17 0.00    M    M 14.6 25 190   M    M   1        33 170
22  93  73  83   8   0  18 0.00    M    M 18.3 33 190   M    M   1        42 190
23  90  69  80   5   0  15 0.00    M    M 10.1 28  80   M    M   2        32  70
24  94  72  83   7   0  18 0.00  0.0    0 16.1 26 210   M    M   0        34 210
25  95  74  85   9   0  20 0.00    M    M 13.2 22 220   M    M   0        28 220
26  85  62  74  -2   0   9 0.05  0.0    0  7.8 23  30   M    M   5 13     31 330
27  85  60  73  -3   0   8 0.00    M    M  5.8 13  30   M    M   1        19  20
28  92  63  78   1   0  13 0.00    M    M 10.6 20 290   M    M   0        26 220
29  88  63  76  -1   0  11 0.00    M    M  5.0 12 330   M    M   1        14 330
30  96  66  81   4   0  16 0.00    M    M  6.8 14 180   M    M   4        19 180
================================================================================
SM 2602 1986         3 356  2.52     0.0 297.6          M       82
================================================================================
AV 86.7 66.2                               9.9 FASTST   M    M   3    MAX(MPH)
                                 MISC ---->  # 35 300               # 49  290
================================================================================
NOTES:
# LAST OF SEVERAL OCCURRENCES

COLUMN 17 PEAK WIND IN M.P.H.

PRELIMINARY LOCAL CLIMATOLOGICAL DATA (WS FORM: F-6) , PAGE 2

                                          STATION:  Emporia KS
                                          MONTH:    JUNE
                                          YEAR:     2015
                                          LATITUDE:   38 19 N
                                          LONGITUDE:  96 12 W

[TEMPERATURE DATA]      [PRECIPITATION DATA]       SYMBOLS USED IN COLUMN 16

AVERAGE MONTHLY: 76.5   TOTAL FOR MONTH:   2.52    1 = FOG OR MIST
DPTR FM NORMAL:   3.0   DPTR FM NORMAL:   -3.32    2 = FOG REDUCING VISIBILITY
HIGHEST:    96 ON 30    GRTST 24HR  1.07 ON 14-15      TO 1/4 MILE OR LESS
LOWEST:     51 ON  1                               3 = THUNDER
                        SNOW, ICE PELLETS, HAIL    4 = ICE PELLETS
                        TOTAL MONTH:   0.0 INCH    5 = HAIL
                        GRTST 24HR     0.0         6 = FREEZING RAIN OR DRIZZLE
                        GRTST DEPTH:   0           7 = DUSTSTORM OR SANDSTORM:
                                                       VSBY 1/2 MILE OR LESS
                                                   8 = SMOKE OR HAZE
[NO. OF DAYS WITH]      [WEATHER - DAYS WITH]      9 = BLOWING SNOW
                                                   X = TORNADO
MAX 32 OR BELOW:   0    0.01 INCH OR MORE:  11
MAX 90 OR ABOVE:  12    0.10 INCH OR MORE:   4
MIN 32 OR BELOW:   0    0.50 INCH OR MORE:   2
MIN  0 OR BELOW:   0    1.00 INCH OR MORE:   0

[HDD (BASE 65) ]
TOTAL THIS MO.     3    CLEAR  (SCALE 0-3)  18
DPTR FM NORMAL    -5    PTCLDY (SCALE 4-7)  11
TOTAL FM JUL 1  4875    CLOUDY (SCALE 8-10)  1
DPTR FM NORMAL    56

[CDD (BASE 65) ]
TOTAL THIS MO.   356
DPTR FM NORMAL    93    [PRESSURE DATA]
TOTAL FM JAN 1   424    HIGHEST SLP 30.15 ON  1
DPTR FM NORMAL    42    LOWEST  SLP 29.60 ON 11

[REMARKS]
#FINAL-06-15#
