000
CXUS53 KTOP 250800
CF6EMP
PRELIMINARY LOCAL CLIMATOLOGICAL DATA (WS FORM: F-6)

                                          STATION:   Emporia KS
                                          MONTH:     JUNE
                                          YEAR:      2017
                                          LATITUDE:   38 19 N
                                          LONGITUDE:  96 12 W

  TEMPERATURE IN F:       :PCPN:    SNOW:  WIND      :SUNSHINE: SKY     :PK WND
================================================================================
1   2   3   4   5  6A  6B    7    8   9   10  11  12  13   14  15   16   17  18
                                     12Z  AVG MX 2MIN
DY MAX MIN AVG DEP HDD CDD  WTR  SNW DPTH SPD SPD DIR MIN PSBL S-S WX    SPD DR
================================================================================

 1  80  61  71   1   0   6 0.75    M    M  9.6 25  10   M    M   4 13     31  10
 2  82  59  71   1   0   6 0.00    M    M  8.0 16 140   M    M   0 8      20 160
 3  81  62  72   2   0   7    T    M    M  3.5 15 100   M    M   3        20  80
 4  81  66  74   3   0   9 0.05    M    M  4.4 17  60   M    M   4 13     23  60
 5  89  63  76   5   0  11 0.00    M    M  5.2 15  50   M    M   1 12     19  60
 6  84  63  74   3   0   9 0.00    M    M  7.4 15  60   M    M   0        20  50
 7  80  58  69  -2   0   4 0.00    M    M  4.4 13  80   M    M   0        17  90
 8  80  53  67  -5   0   2 0.00    M    M  5.5 14 150   M    M   0        18 180
 9  85  56  71  -1   0   6 0.00    M    M 10.4 20 160   M    M   1        25 160
10  87  64  76   4   0  11 0.00    M    M 19.4 32 170   M    M   1        41 190
11  90  70  80   8   0  15 0.00    M    M 21.4 31 170   M    M   0        43 180
12  89  68  79   6   0  14 0.00    M    M 16.2 28 150   M    M   1        35 150
13  90  72  81   8   0  16 0.00    M    M 17.9 30 160   M    M   3        39 170
14  91  70  81   8   0  16 0.06    M    M 12.1 23 180   M    M   3 3      30 170
15  92  64  78   5   0  13 0.74    M    M 12.7 37 280   M    M   2 13     49 300
16  91  64  78   4   0  13 0.00    M    M 11.5 21 170   M    M   1        25 160
17  90  70  80   6   0  15 0.32    M    M 13.8 29 180   M    M   2 13     37 180
18  81  61  71  -3   0   6 0.34    M    M  7.5 18  70   M    M   1 13     25 340
19  81  61  71  -3   0   6    T    M    M  6.2 14 230   M    M   2        18 220
20  90  60  75   0   0  10 0.00    M    M  9.2 17 190   M    M   0 1      22 210
21  91  67  79   4   0  14 0.00    M    M 14.2 23 180   M    M   0        30 180
22  87  64  76   1   0  11 0.00    M    0 11.9 21 180   M    M   0        28 170
23  82  62  72  -3   0   7 0.00    M    M 10.0 23  40   M    M   2        31  10
24  81  55  68  -8   0   3 0.00    M    M  4.6 14 340   M    M   1        19 340
================================================================================
SM 2055 1513         0 230  2.26    M    247.0          M       32
================================================================================
AV 85.6 63.0                              10.3 FASTST   M    M   1    MAX(MPH)
                                 MISC ---->  # 37 280               # 49  300
================================================================================
NOTES:
# LAST OF SEVERAL OCCURRENCES

COLUMN 17 PEAK WIND IN M.P.H.

PRELIMINARY LOCAL CLIMATOLOGICAL DATA (WS FORM: F-6) , PAGE 2

                                          STATION:  Emporia KS
                                          MONTH:    JUNE
                                          YEAR:     2017
                                          LATITUDE:   38 19 N
                                          LONGITUDE:  96 12 W

[TEMPERATURE DATA]      [PRECIPITATION DATA]       SYMBOLS USED IN COLUMN 16

AVERAGE MONTHLY: 74.3   TOTAL FOR MONTH:   2.26    1 = FOG OR MIST
DPTR FM NORMAL:   1.6   DPTR FM NORMAL:   -2.66    2 = FOG REDUCING VISIBILITY
HIGHEST:    92 ON 15    GRTST 24HR  0.75 ON  1- 1      TO 1/4 MILE OR LESS
LOWEST:     53 ON  8                               3 = THUNDER
                        SNOW, ICE PELLETS, HAIL    4 = ICE PELLETS
                        TOTAL MONTH:    M          5 = HAIL
                        GRTST 24HR    M  ON   M    6 = FREEZING RAIN OR DRIZZLE
                        GRTST DEPTH:   0           7 = DUSTSTORM OR SANDSTORM:
                                                       VSBY 1/2 MILE OR LESS
                                                   8 = SMOKE OR HAZE
[NO. OF DAYS WITH]      [WEATHER - DAYS WITH]      9 = BLOWING SNOW
                                                   X = TORNADO
MAX 32 OR BELOW:   0    0.01 INCH OR MORE:   6
MAX 90 OR ABOVE:   8    0.10 INCH OR MORE:   4
MIN 32 OR BELOW:   0    0.50 INCH OR MORE:   2
MIN  0 OR BELOW:   0    1.00 INCH OR MORE:   0

[HDD (BASE 65) ]
TOTAL THIS MO.     0    CLEAR  (SCALE 0-3)  22
DPTR FM NORMAL    -5    PTCLDY (SCALE 4-7)   2
TOTAL FM JUL 1  3916    CLOUDY (SCALE 8-10)  0
DPTR FM NORMAL  -900

[CDD (BASE 65) ]
TOTAL THIS MO.   230
DPTR FM NORMAL    35    [PRESSURE DATA]
TOTAL FM JAN 1   362    HIGHEST SLP M ON M
DPTR FM NORMAL    48    LOWEST  SLP 29.54 ON M

[REMARKS]
