000
CXUS53 KTOP 280800
CF6EMP
PRELIMINARY LOCAL CLIMATOLOGICAL DATA (WS FORM: F-6)

                                          STATION:   Emporia KS
                                          MONTH:     MARCH
                                          YEAR:      2017
                                          LATITUDE:   38 19 N
                                          LONGITUDE:  96 12 W

  TEMPERATURE IN F:       :PCPN:    SNOW:  WIND      :SUNSHINE: SKY     :PK WND
================================================================================
1   2   3   4   5  6A  6B    7    8   9   10  11  12  13   14  15   16   17  18
                                     12Z  AVG MX 2MIN
DY MAX MIN AVG DEP HDD CDD  WTR  SNW DPTH SPD SPD DIR MIN PSBL S-S WX    SPD DR
================================================================================

 1  54  33  44   4  21   0 0.00    M    M 12.1 24 300   M    M   1        43 270
 2  58  25  42   2  23   0 0.00    M    M 10.1 30 290   M    M   0        39 290
 3  67  22  45   4  20   0 0.00    M    M 16.7 31 210   M    M   0        38 210
 4  70  44  57  16   8   0 0.00    M    M 22.6 35 200   M    M   2        46 200
 5  61  52  57  16   8   0    T    M    M 24.0 37 190   M    M  10 1      48 180
 6  78  46  62  20   3   0 0.24    M    M 30.3 45 200   M    M   6 13     57 200
 7  62  31  47   5  18   0 0.00    M    M 12.5 32 260   M    M   2        43 260
 8  70  31  51   9  14   0 0.00    M    M  9.4 30 200   M    M   0        37 190
 9  76  37  57  14   8   0 0.00    M    M 10.2 25  30   M    M   0        31  20
10  45  26  36  -7  29   0 0.00    M    M 13.5 25  30   M    M   4        33  20
11  41  29  35  -9  30   0 0.01    M    M 11.3 18  80   M    M  10 1      23  60
12  44  27  36  -8  29   0    T    M    M 10.4 26 170   M    M   8 1      33 160
13  38  23  31 -13  34   0    T    M    M 15.7 31 320   M    M   5 1      41 320
14  32  22  27 -18  38   0 0.00    M    M  7.1 14  50   M    M   9 8      17  40
15  46  23  35 -10  30   0 0.00    M    M  9.0 17 170   M    M   6 18     22 160
16  73  29  51   5  14   0 0.00    M    M 17.3 30 190   M    M   0 1      39 180
17  73  48  61  15   4   0 0.00    M    M 10.0 25 180   M    M   2 18     31 170
18  69  38  54   8  11   0 0.00    M    M  7.7 13 120   M    M   2 8      17  90
19  90  50  70  23   0   5 0.00    M    M 17.3 35 190   M    M   2        40 210
20  86  58  72  25   0   7 0.00    M    M 10.3 22 190   M    M   2 1      29 180
21  62  48  55   8  10   0 0.00    M    M 17.3 28  50   M    M   7        34  40
22  57  41  49   1  16   0 0.00    M    M 15.0 26  90   M    M   7        31  90
23  77  53  65  17   0   0    T    M    M 20.7 33 180   M    M   3        42 160
24  73  48  61  13   4   0 0.44    M    M 15.5 35 190   M    M   4 13     45 190
25  49  42  46  -3  19   0 0.33    M    M 12.7 25 320   M    M  10 1      31 320
26  56  43  50   1  15   0 0.67    M    M  7.1 18  70   M    M   7 13     28 210
27  56  45  51   2  14   0 0.05  0.0    0  7.9 15  10   M    M  10 1      19  20
================================================================================
SM 1663 1014       420  12  1.74     0.0 373.7          M      119
================================================================================
AV 61.6 37.6                              13.8 FASTST   M    M   4    MAX(MPH)
                                 MISC ---->  # 45 200               # 57  200
================================================================================
NOTES:
# LAST OF SEVERAL OCCURRENCES

COLUMN 17 PEAK WIND IN M.P.H.

PRELIMINARY LOCAL CLIMATOLOGICAL DATA (WS FORM: F-6) , PAGE 2

                                          STATION:  Emporia KS
                                          MONTH:    MARCH
                                          YEAR:     2017
                                          LATITUDE:   38 19 N
                                          LONGITUDE:  96 12 W

[TEMPERATURE DATA]      [PRECIPITATION DATA]       SYMBOLS USED IN COLUMN 16

AVERAGE MONTHLY: 49.6   TOTAL FOR MONTH:   1.74    1 = FOG OR MIST
DPTR FM NORMAL:   4.9   DPTR FM NORMAL:   -0.47    2 = FOG REDUCING VISIBILITY
HIGHEST:    90 ON 19    GRTST 24HR  0.67 ON 26-26      TO 1/4 MILE OR LESS
LOWEST:     22 ON 14, 3                            3 = THUNDER
                        SNOW, ICE PELLETS, HAIL    4 = ICE PELLETS
                        TOTAL MONTH:   0.0 INCH    5 = HAIL
                        GRTST 24HR     0.0         6 = FREEZING RAIN OR DRIZZLE
                        GRTST DEPTH:   0           7 = DUSTSTORM OR SANDSTORM:
                                                       VSBY 1/2 MILE OR LESS
                                                   8 = SMOKE OR HAZE
[NO. OF DAYS WITH]      [WEATHER - DAYS WITH]      9 = BLOWING SNOW
                                                   X = TORNADO
MAX 32 OR BELOW:   1    0.01 INCH OR MORE:   6
MAX 90 OR ABOVE:   1    0.10 INCH OR MORE:   4
MIN 32 OR BELOW:  11    0.50 INCH OR MORE:   1
MIN  0 OR BELOW:   0    1.00 INCH OR MORE:   0

[HDD (BASE 65) ]
TOTAL THIS MO.   420    CLEAR  (SCALE 0-3)  12
DPTR FM NORMAL  -129    PTCLDY (SCALE 4-7)  10
TOTAL FM JUL 1  3511    CLOUDY (SCALE 8-10)  5
DPTR FM NORMAL  -860

[CDD (BASE 65) ]
TOTAL THIS MO.    12
DPTR FM NORMAL    12    [PRESSURE DATA]
TOTAL FM JAN 1    12    HIGHEST SLP M ON M
DPTR FM NORMAL    12    LOWEST  SLP 29.33 ON  6

[REMARKS]
