000
CXUS53 KMKX 300721
CF6ENW
PRELIMINARY LOCAL CLIMATOLOGICAL DATA (WS FORM: F-6)

                                          STATION:   KENOSHA WI
                                          MONTH:     MAY
                                          YEAR:      2016
                                          LATITUDE:   42 35 N
                                          LONGITUDE:  87 56 W

  TEMPERATURE IN F:       :PCPN:    SNOW:  WIND      :SUNSHINE: SKY     :PK WND
================================================================================
1   2   3   4   5  6A  6B    7    8   9   10  11  12  13   14  15   16   17  18
                                     12Z  AVG MX 2MIN
DY MAX MIN AVG DEP HDD CDD  WTR  SNW DPTH SPD SPD DIR MIN PSBL S-S WX    SPD DR
================================================================================

 1  49  42  46  -5  19   0 0.20    M    0 11.9 20  50   M    M  10 18     27  50
 2  60  38  49  -2  16   0 0.00  0.0    0  7.7 17  50   M    M   2        25  60
 3  69  37  53   1  12   0 0.01    M    0  9.7 30 260   M    M   5        40 260
 4  51  40  46  -6  19   0 0.13    M    0 11.0 22  20   M    M   8 1      30  30
 5  64  38  51  -1  14   0 0.00  0.0    0  7.5 17  10   M    M   3        25 360
 6  84  41  63  10   2   0    T    M    0  8.9 20 270   M    M   2        25 260
 7  70  40  55   2  10   0    T    M    0 12.7 30  20   M    M   1 3      41  20
 8  71  35  53   0  12   0 0.00  0.0    0  6.6 18  70   M    M   0        21  70
 9  59  42  51  -3  14   0 0.13    M    0 12.3 23 110   M    M   7 18     29 110
10  52  48  50  -4  15   0 0.90    M    M 11.7 21 110   M    M  10 12     29 130
11  58  48  53  -1  12   0 0.04    M    M  6.9 15  90   M    M  10 123    17 100
12  71  49  60   6   5   0 0.07    M    0 10.0 25 280   M    M   5 18     30 280
13  65  43  54  -1  11   0 0.38    M    0 11.5 22 280   M    M   4 1      27 280
14  46  33  40 -15  25   0    T    M    0 12.8 22 310   M    M   9        29 320
15  56  30  43 -12  22   0 0.00  0.0    0  9.2 21 300   M    M   2        27 300
16  71  45  58   2   7   0 0.02  0.0    0 11.6 23 240   M    M   4        30 240
17  58  44  51  -5  14   0 0.03    M    0 10.4 17  40   M    M   5        22  40
18  61  39  50  -6  15   0 0.00  0.0    0  6.9 14  70   M    M   2        19  70
19  68  37  53  -4  12   0 0.00  0.0    0  4.9 13 130   M    M   0        19 120
20  67  40  54  -3  11   0 0.00  0.0    0  4.4 10 100   M    M   1        13 100
21  74  49  62   5   3   0 0.00  0.0    0  6.9 17  50   M    M   0        21  30
22  75  48  62   4   3   0 0.00  0.0    0  6.8 15  70   M    M   0        19  60
23  77  45  61   3   4   0 0.00  0.0    0  8.0 17 150   M    M   0        22 140
24  86  56  71  13   0   6    T  0.0    0  7.9 20 200   M    M   3 8      26 220
25  81  62  72  13   0   7 0.15  0.0    0  8.6 18 170   M    M   3 13     24 170
26  83  64  74  15   0   9 0.02  0.0    0  7.3 18 230   M    M   2 13     25 210
27  80  65  73  14   0   8 0.04    M    M  9.3 21 160   M    M   4 1      26 170
28  82  64  73  13   0   8 0.18    M    M 12.5 29 250   M    M   5 13     42 240
29  80  61  71  11   0   6 0.00    M    M 10.9 23 240   M    M   3        32 240
================================================================================
SM 1968 1323       277  44  2.30     0.0 266.8          M      110
================================================================================
AV 67.9 45.6                               9.2 FASTST   M    M   4    MAX(MPH)
                                 MISC ---->  # 30 260               # 42  240
================================================================================
NOTES:
# LAST OF SEVERAL OCCURRENCES

COLUMN 17 PEAK WIND IN M.P.H.

PRELIMINARY LOCAL CLIMATOLOGICAL DATA (WS FORM: F-6) , PAGE 2

                                          STATION:  KENOSHA WI
                                          MONTH:    MAY
                                          YEAR:     2016
                                          LATITUDE:   42 35 N
                                          LONGITUDE:  87 56 W

[TEMPERATURE DATA]      [PRECIPITATION DATA]       SYMBOLS USED IN COLUMN 16

AVERAGE MONTHLY: 56.7   TOTAL FOR MONTH:   2.30    1 = FOG OR MIST
DPTR FM NORMAL:   1.3   DPTR FM NORMAL:   -1.21    2 = FOG REDUCING VISIBILITY
HIGHEST:    86 ON 24    GRTST 24HR  1.03 ON  9-10      TO 1/4 MILE OR LESS
LOWEST:     30 ON 15                               3 = THUNDER
                        SNOW, ICE PELLETS, HAIL    4 = ICE PELLETS
                        TOTAL MONTH:   0.0 INCH    5 = HAIL
                        GRTST 24HR     0.0         6 = FREEZING RAIN OR DRIZZLE
                        GRTST DEPTH:   0           7 = DUSTSTORM OR SANDSTORM:
                                                       VSBY 1/2 MILE OR LESS
                                                   8 = SMOKE OR HAZE
[NO. OF DAYS WITH]      [WEATHER - DAYS WITH]      9 = BLOWING SNOW
                                                   X = TORNADO
MAX 32 OR BELOW:   0    0.01 INCH OR MORE:  14
MAX 90 OR ABOVE:   0    0.10 INCH OR MORE:   7
MIN 32 OR BELOW:   1    0.50 INCH OR MORE:   1
MIN  0 OR BELOW:   0    1.00 INCH OR MORE:   0

[HDD (BASE 65) ]
TOTAL THIS MO.   277    CLEAR  (SCALE 0-3)  16
DPTR FM NORMAL   -19    PTCLDY (SCALE 4-7)   9
TOTAL FM JUL 1  5988    CLOUDY (SCALE 8-10)  4
DPTR FM NORMAL  -915

[CDD (BASE 65) ]
TOTAL THIS MO.    44
DPTR FM NORMAL    27    [PRESSURE DATA]
TOTAL FM JAN 1    44    HIGHEST SLP M ON M
DPTR FM NORMAL    25    LOWEST  SLP 29.63 ON M

[REMARKS]
