707
CXUS56 KOTX 240900
CF6EPH
PRELIMINARY LOCAL CLIMATOLOGICAL DATA (WS FORM: F-6)

                                          STATION:   EPHRATA WA AIRPORT
                                          MONTH:     SEPTEMBER
                                          YEAR:      2017
                                          LATITUDE:   47 18 N
                                          LONGITUDE: 119 31 W

  TEMPERATURE IN F:       :PCPN:    SNOW:  WIND      :SUNSHINE: SKY     :PK WND
================================================================================
1   2   3   4   5  6A  6B    7    8   9   10  11  12  13   14  15   16   17  18
                                     12Z  AVG MX 2MIN
DY MAX MIN AVG DEP HDD CDD  WTR  SNW DPTH SPD SPD DIR MIN PSBL S-S WX    SPD DR
================================================================================

 1  91  54  73   4   0   8 0.00    M    M  5.3 14 200   M    M   0        18 210
 2  96  58  77   9   0  12    T    M    M  5.6 14 180   M    M   2        18 190
 3  93  57  75   7   0  10 0.00    M    M  5.6 14 240   M    M   0        15 240
 4  99  61  80  12   0  15    T    M    M  8.1 15  40   M    M   3 8      20  30
 5  90  69  80  12   0  15 0.00    M    M  7.9 15  30   M    M  10 8      19  40
 6  93  59  76   9   0  11 0.00    M    M  4.5  7 360   M    M  10 8       M  M
 7   M   M   M   M   M   M    M    M    M   M   M   M   M    M   M         M  M
 8  87  59  73   6   0   8    T    M    M  6.3 14 170   M    M   5 8      17 170
 9  84  53  69   3   0   4 0.00    M    M 10.8 24 320   M    M   1 8      31 320
10  81  51  66   0   0   1 0.00    M    M  6.5 18 300   M    M   0        24 300
11  86  48  67   1   0   2 0.00    M    M  5.1 14 200   M    M   1        18 200
12  90  52  71   6   0   6 0.00    M    M  8.8 23 300   M    M   0        28 300
13  78  63  71   6   0   6 0.00    M    M 10.9 23  10   M    M   0        32 290
14  75  56  66   1   0   1 0.00    M    M 12.6 28 360   M    M   1 8      33 360
15  74  47  61  -3   4   0 0.00    M    M  5.8 15 110   M    M   1 8      21 320
16  69  44  57  -7   8   0 0.00    M    M  4.1 10  10   M    M   1        14 150
17  73  45  59  -5   6   0    T    M    M  7.7 15 180   M    M   2        19 160
18  68  47  58  -5   7   0    T    M    M  7.5 20 220   M    M   3        26 230
19  67  42  55  -8  10   0    T    M    M  7.9 24 230   M    M   6        29 230
20  56  36  46 -16  19   0 0.09    M    M  6.1 13 210   M    M   2        16 220
21  62  39  51 -11  14   0    T    M    M  5.0 15  10   M    M   5        18  60
22  66  46  56  -6   9   0 0.00    M    M  3.7 13 210   M    M   4        17 200
23  69  45  57  -4   8   0 0.00    M    M  4.5 12 180   M    M   3        17 190
================================================================================
SM 1747 1131        85  99  0.09    M    150.3          M       60
================================================================================
AV 79.4 51.4                               6.8 FASTST   M    M   3    MAX(MPH)
                                 MISC ---->  # 28 360               # 33  360
================================================================================
NOTES:
# LAST OF SEVERAL OCCURRENCES

COLUMN 17 PEAK WIND IN M.P.H.

PRELIMINARY LOCAL CLIMATOLOGICAL DATA (WS FORM: F-6) , PAGE 2

                                          STATION:  EPHRATA WA AIRPORT
                                          MONTH:    SEPTEMBER
                                          YEAR:     2017
                                          LATITUDE:   47 18 N
                                          LONGITUDE: 119 31 W

[TEMPERATURE DATA]      [PRECIPITATION DATA]       SYMBOLS USED IN COLUMN 16

AVERAGE MONTHLY: 65.4   TOTAL FOR MONTH:   0.09    1 = FOG OR MIST
DPTR FM NORMAL:   0.2   DPTR FM NORMAL:   -0.17    2 = FOG REDUCING VISIBILITY
HIGHEST:    99 ON  4    GRTST 24HR  0.09 ON 20-20      TO 1/4 MILE OR LESS
LOWEST:     36 ON 20                               3 = THUNDER
                        SNOW, ICE PELLETS, HAIL    4 = ICE PELLETS
                        TOTAL MONTH:    M          5 = HAIL
                        GRTST 24HR    M  ON   M    6 = FREEZING RAIN OR DRIZZLE
                        GRTST DEPTH:  M  ON   M    7 = DUSTSTORM OR SANDSTORM:
                                                       VSBY 1/2 MILE OR LESS
                                                   8 = SMOKE OR HAZE
[NO. OF DAYS WITH]      [WEATHER - DAYS WITH]      9 = BLOWING SNOW
                                                   X = TORNADO
MAX 32 OR BELOW:   0    0.01 INCH OR MORE:   1
MAX 90 OR ABOVE:   7    0.10 INCH OR MORE:   0
MIN 32 OR BELOW:   0    0.50 INCH OR MORE:   0
MIN  0 OR BELOW:   0    1.00 INCH OR MORE:   0

[HDD (BASE 65) ]
TOTAL THIS MO.    85    CLEAR  (SCALE 0-3)  15
DPTR FM NORMAL    22    PTCLDY (SCALE 4-7)   5
TOTAL FM JUL 1    85    CLOUDY (SCALE 8-10)  2
DPTR FM NORMAL     5

[CDD (BASE 65) ]
TOTAL THIS MO.    99
DPTR FM NORMAL    31    [PRESSURE DATA]
TOTAL FM JAN 1  1070    HIGHEST SLP M ON M
DPTR FM NORMAL   308    LOWEST  SLP 29.61 ON 20

[REMARKS]
