000
CXUS54 KEWX 220910
CF6ERV
PRELIMINARY LOCAL CLIMATOLOGICAL DATA (WS FORM: F-6)

                                          STATION:   KERRVILLE
                                          MONTH:     SEPTEMBER
                                          YEAR:      2014
                                          LATITUDE:   29 58 N
                                          LONGITUDE:  99  5 W

  TEMPERATURE IN F:       :PCPN:    SNOW:  WIND      :SUNSHINE: SKY     :PK WND
================================================================================
1   2   3   4   5  6A  6B    7    8   9   10  11  12  13   14  15   16   17  18
                                     12Z  AVG MX 2MIN
DY MAX MIN AVG DEP HDD CDD  WTR  SNW DPTH SPD SPD DIR MIN PSBL S-S WX    SPD DR
================================================================================

 1  97  74  86   M   0  21 0.00    M    M 11.4 16 150   M    M   4        22 160
 2  97  76  87   M   0  22 0.00    M    M 10.4 17 140   M    M   4        23 150
 3  92  72  82   M   0  17 0.25    M    M  7.8 25 160   M    M   5 3      32 160
 4  89  72  81   M   0  16 0.00    M    M  7.3 14 130   M    M   5 3       M  M
 5  92  72  82   M   0  17 0.06    M    M  8.0 16 160   M    M   5        18 170
 6  92  72  82   M   0  17 0.00    M    M  4.8 14  40   M    M   4 1      21  40
 7  85  72  79   M   0  14 0.26    M    M  3.8 10  70   M    M   5 3       M  M
 8  92  67  80   M   0  15 0.00    M    M  2.9  9 170   M    M   3 12      M  M
 9  92  72  82   M   0  17 0.00    M    M  6.5 14 200   M    M   1        18 170
10  95  72  84   M   0  19 0.00    M    M  8.3 14 170   M    M   3        17 160
11  94  74  84   M   0  19 0.00    M    M  6.4 14 160   M    M   4        18 130
12  92  63  78   M   0  13 0.32    M    M  5.4 15  10   M    M   5 3      28  10
13  66  58  62   M   3   0 0.00    M    M  9.2 15 350   M    M  10        25 350
14  80  62  71   M   0   6 0.00    M    M  3.5  8 170   M    M   6         M  M
15  86  64  75   M   0  10 0.00    M    M  2.6  7 120   M    M   2 1       M  M
16  92  70  81   M   0  16 0.00    M    M  4.4 10 120   M    M   5 1       9  60
17  89  73  81   M   0  16 0.00    M    M  4.4 12 190   M    M   7         M  M
18  92  72  82   M   0  17 0.18    M    M  7.2 15  50   M    M   7        21  50
19  83  72  78   M   0  13 0.54    M    M  4.3 10 100   M    M   5         M  M
20  88  72  80   M   0  15 0.08    M    M  4.4 12 110   M    M   7         M  M
21  89  72  81   M   0  16 0.00    M    M  4.5 10 120   M    M   4        18 120
================================================================================
SM 1874 1473         3 316  1.69    M    127.5          M      101
================================================================================
AV 89.2 70.1                               6.1 FASTST   M    M   5    MAX(MPH)
                                 MISC ---->    25   M                 32    M
================================================================================
NOTES:
# LAST OF SEVERAL OCCURRENCES

COLUMN 17 PEAK WIND IN M.P.H.

PRELIMINARY LOCAL CLIMATOLOGICAL DATA (WS FORM: F-6) , PAGE 2

                                          STATION:  KERRVILLE
                                          MONTH:    SEPTEMBER
                                          YEAR:     2014
                                          LATITUDE:   29 58 N
                                          LONGITUDE:  99  5 W

[TEMPERATURE DATA]      [PRECIPITATION DATA]       SYMBOLS USED IN COLUMN 16

AVERAGE MONTHLY: 79.7   TOTAL FOR MONTH:   1.69    1 = FOG OR MIST
DPTR FM NORMAL:     M   DPTR FM NORMAL:       M    2 = FOG REDUCING VISIBILITY
HIGHEST:    97 ON  2, 1 GRTST 24HR  0.54 ON 19-19      TO 1/4 MILE OR LESS
LOWEST:     58 ON 13                               3 = THUNDER
                        SNOW, ICE PELLETS, HAIL    4 = ICE PELLETS
                        TOTAL MONTH:    M          5 = HAIL
                        GRTST 24HR    M  ON   M    6 = FREEZING RAIN OR DRIZZLE
                        GRTST DEPTH:  M  ON   M    7 = DUSTSTORM OR SANDSTORM:
                                                       VSBY 1/2 MILE OR LESS
                                                   8 = SMOKE OR HAZE
[NO. OF DAYS WITH]      [WEATHER - DAYS WITH]      9 = BLOWING SNOW
                                                   X = TORNADO
MAX 32 OR BELOW:   0    0.01 INCH OR MORE:   7
MAX 90 OR ABOVE:  12    0.10 INCH OR MORE:   5
MIN 32 OR BELOW:   0    0.50 INCH OR MORE:   1
MIN  0 OR BELOW:   0    1.00 INCH OR MORE:   0

[HDD (BASE 65) ]
TOTAL THIS MO.     3    CLEAR  (SCALE 0-3)   4
DPTR FM NORMAL     M    PTCLDY (SCALE 4-7)  16
TOTAL FM JUL 1     3    CLOUDY (SCALE 8-10)  1
DPTR FM NORMAL     M

[CDD (BASE 65) ]
TOTAL THIS MO.   316
DPTR FM NORMAL     M    [PRESSURE DATA]
TOTAL FM JAN 1  2301    HIGHEST SLP M ON M
DPTR FM NORMAL     M    LOWEST  SLP M ON M

[REMARKS]
