000
CXUS53 KDMX 010920
CF6EST
PRELIMINARY LOCAL CLIMATOLOGICAL DATA (WS FORM: F-6)

                                          STATION:   ESTHERVILLE IA
                                          MONTH:     FEBRUARY
                                          YEAR:      2015
                                          LATITUDE:   43 24 N
                                          LONGITUDE:  94 45 W

  TEMPERATURE IN F:       :PCPN:    SNOW:  WIND      :SUNSHINE: SKY     :PK WND
================================================================================
1   2   3   4   5  6A  6B    7    8   9   10  11  12  13   14  15   16   17  18
                                     12Z  AVG MX 2MIN
DY MAX MIN AVG DEP HDD CDD  WTR  SNW DPTH SPD SPD DIR MIN PSBL S-S WX    SPD DR
================================================================================

 1  23   0  12  -5  53   0    T    M    M 22.2 35  30   M    M   7 189    39  30
 2  10  -9   1 -16  64   0    T    M    M 11.0 20 190   M    M   3        22 190
 3  16   0   8  -9  57   0    T    M    M  8.0 13 340   M    M   7 1      16 340
 4  14  -6   4 -14  61   0    T    M    M 13.6 22 320   M    M   4 1      27 320
 5  19  -9   5 -13  60   0 0.00  0.0    M 14.9 35 210   M    M   0 8      42 210
 6  33  11  22   4  43   0 0.00  0.0    M  8.6 18 190   M    M   2 1      22 190
 7  45  22  34  16  31   0 0.00  0.0    M  7.8 16 190   0    0   0         M  M
 8  35  28  32  14  33   0 0.02    M    M 11.2 17  20   M    M   9 18     20  20
 9  31  26  29  10  36   0 0.00  0.0    M  7.9 17 160   M    M  10        21 170
10  36  26  31  12  34   0    T    M    M 19.5 31 170   M    M  10 16     39 160
11  30   2  16  -3  49   0    T    M    M 26.7 38 330   M    M   8 18     46 330
12  14  -3   6 -14  59   0    T    M    M 12.2 28 340   M    M   4 18     35 350
13  36  14  25   5  40   0 0.00  0.0    M 16.2 24 310   M    M   5 1      30 310
14  19   2  11  -9  54   0 0.00  0.0    M 19.6 36 330   M    M   4        42 350
15  12   2   7 -13  58   0    T    M    M 13.7 21 130   M    M  10        24 140
16  24  10  17  -4  48   0    T    M    M 13.3 22 340   M    M   8 8      27 330
17  17   0   9 -12  56   0    T    M    M 18.0 30 300   M    M   7 18     36 310
18   7  -7   0 -21  65   0 0.00  0.0    M 19.3 30 330   M    M   4 8      38 330
19  15  -8   4 -18  61   0 0.00  0.0    M  9.5 23 180   M    M   3        30 170
20  35  12  24   2  41   0    T    M    M 12.5 23 200   M    M   9 1      29 170
21  27   3  15  -7  50   0    T    M    M 19.5 30 340   M    M   5 18     37 330
22   6  -6   0 -23  65   0 0.00  0.0    M 15.6 25 330   M    M   0        30 310
23  21  -9   6 -17  59   0 0.00  0.0    M 15.1 31 220   M    M   0        39 230
24  35  19  27   3  38   0    T    M    M 19.7 37 330   M    M   5        44 330
25  21   0  11 -13  54   0    T    M    M 16.3 24 360   M    M   8 128    28  10
26   4 -14  -5 -29  70   0    T    M    M 14.3 22 330   M    M   2 8      27 340
27  11 -14  -1 -26  66   0 0.00  0.0    M  7.6 12 290   M    M   0        13 210
28  20 -12   4 -21  61   0 0.00  0.0    M 13.5 24 180   M    M   2        29 170
================================================================================
SM  616   80      1466   0  0.02     0.0 407.3            0    136
================================================================================
AV 22.0  2.9                              14.5 FASTST    0   0   5    MAX(MPH)
                                 MISC ---->  # 38 330               # 46  330
================================================================================
NOTES:
# LAST OF SEVERAL OCCURRENCES

COLUMN 17 PEAK WIND IN M.P.H.

PRELIMINARY LOCAL CLIMATOLOGICAL DATA (WS FORM: F-6) , PAGE 2

                                          STATION:  ESTHERVILLE IA
                                          MONTH:    FEBRUARY
                                          YEAR:     2015
                                          LATITUDE:   43 24 N
                                          LONGITUDE:  94 45 W

[TEMPERATURE DATA]      [PRECIPITATION DATA]       SYMBOLS USED IN COLUMN 16

AVERAGE MONTHLY: 12.4   TOTAL FOR MONTH:   0.02    1 = FOG OR MIST
DPTR FM NORMAL:  -8.2   DPTR FM NORMAL:   -0.33    2 = FOG REDUCING VISIBILITY
HIGHEST:    45 ON  7    GRTST 24HR  0.04 ON 31- 1      TO 1/4 MILE OR LESS
LOWEST:    -14 ON 27,26                            3 = THUNDER
                        SNOW, ICE PELLETS, HAIL    4 = ICE PELLETS
                        TOTAL MONTH:   0.0 INCH    5 = HAIL
                        GRTST 24HR     0.0         6 = FREEZING RAIN OR DRIZZLE
                        GRTST DEPTH:  M  ON   M    7 = DUSTSTORM OR SANDSTORM:
                                                       VSBY 1/2 MILE OR LESS
                                                   8 = SMOKE OR HAZE
[NO. OF DAYS WITH]      [WEATHER - DAYS WITH]      9 = BLOWING SNOW
                                                   X = TORNADO
MAX 32 OR BELOW:  21    0.01 INCH OR MORE:   1
MAX 90 OR ABOVE:   0    0.10 INCH OR MORE:   0
MIN 32 OR BELOW:  28    0.50 INCH OR MORE:   0
MIN  0 OR BELOW:  15    1.00 INCH OR MORE:   0

[HDD (BASE 65) ]
TOTAL THIS MO.  1466    CLEAR  (SCALE 0-3)  10
DPTR FM NORMAL   222    PTCLDY (SCALE 4-7)  10
TOTAL FM JUL 1  6051    CLOUDY (SCALE 8-10)  8
DPTR FM NORMAL   136

[CDD (BASE 65) ]
TOTAL THIS MO.     0
DPTR FM NORMAL     0    [PRESSURE DATA]
TOTAL FM JAN 1     0    HIGHEST SLP 30.88 ON 23
DPTR FM NORMAL     0    LOWEST  SLP 29.52 ON  7

[REMARKS]
#FINAL-02-15#
