000
CXUS56 KPQR 281200
CF6EUG
PRELIMINARY LOCAL CLIMATOLOGICAL DATA (WS FORM: F-6)

                                          STATION:   EUGENE OR
                                          MONTH:     MARCH
                                          YEAR:      2015
                                          LATITUDE:   44  7 N
                                          LONGITUDE: 123 13 W

  TEMPERATURE IN F:       :PCPN:    SNOW:  WIND      :SUNSHINE: SKY     :PK WND
================================================================================
1   2   3   4   5  6A  6B    7    8   9   10  11  12  13   14  15   16   17  18
                                     12Z  AVG MX 2MIN
DY MAX MIN AVG DEP HDD CDD  WTR  SNW DPTH SPD SPD DIR MIN PSBL S-S WX    SPD DR
================================================================================

 1  56  26  41  -4  24   0 0.00  0.0    0  2.6  9 340   M    M   4        11 340
 2  54  36  45   0  20   0 0.04    M    0  4.6 15 360   M    M   8        18 360
 3  56  26  41  -4  24   0 0.00  0.0    0  5.3 16  10   M    M   2 1      20  10
 4  57  26  42  -3  23   0 0.00  0.0    0  3.9 13  20   M    M   1 1      15  10
 5  63  27  45   0  20   0 0.00  0.0    0  2.5  9 360   M    M   4 1      10 360
 6  65  32  49   4  16   0 0.00  0.0    0  3.2  9  30   M    M   5 12     12 360
 7  64  33  49   3  16   0 0.00  0.0    0  3.3 15  10   M    M   5 128    18 360
 8  66  31  49   3  16   0 0.00  0.0    0  3.0  8 350   M    M   3 12      M  M
 9  70  31  51   5  14   0 0.00  0.0    0  5.0 10 350   M    M   1 12     11 360
10  64  34  49   3  16   0 0.00  0.0    0  2.2  9 120   M    M   8 12     12 270
11  60  50  55   9  10   0 0.18  0.0    0  4.3 17 170   M    M  10 1      20 170
12  68  48  58  12   7   0 0.00  0.0    0  4.5 12  20   M    M   7 1      13  10
13  63  44  54   8  11   0    T    M    0  3.1 12 220   M    M   8        14 220
14  60  54  57  11   8   0 1.02  0.0    0  7.5 18 180   M    M   8 1      23 180
15  60  44  52   5  13   0 0.44    M    0 12.6 28 220   M    M  10 1      36 230
16  61  40  51   4  14   0 0.00  0.0    0  5.9 13  10   M    M   7 12     15  10
17  61  41  51   4  14   0 0.04    M    0  6.7 16 260   M    M   7 1      20 250
18  64  40  52   5  13   0 0.00  0.0    0  5.1  8  20   M    M   5 12      M  M
19  71  36  54   7  11   0 0.00  0.0    0  4.0  9 250   M    M   3 1      12 140
20  63  41  52   5  13   0 0.32    M    0  7.2 18 240   M    M   7 1      24 230
21  63  44  54   7  11   0 0.01    M    0  6.9 14 180   M    M   5 1      17 190
22  57  45  51   3  14   0 0.23    M    0  7.5 15 270   M    M   9 1      19 220
23  53  45  49   1  16   0 0.71    M    0 13.5 22 170   M    M   9 1      31 200
24  58  44  51   3  14   0 0.05    M    0  4.5 23 240   M    M   9 1      28 220
25  67  47  57   9   8   0    T    M    0  5.6 10 150   M    M   7 1      13 220
26  70  44  57   9   8   0 0.00  0.0    0  3.7  9  10   M    M   5 128    15  40
27  68  45  57   9   8   0 0.04    M    0  9.6 22 270   M    M   6 1      26 270
================================================================================
SM 1682 1054       382   0  3.08     0.0 147.8          M      163
================================================================================
AV 62.3 39.0                               5.5 FASTST   M    M   6    MAX(MPH)
                                 MISC ---->  # 28 220               # 36  230
================================================================================
NOTES:
# LAST OF SEVERAL OCCURRENCES

COLUMN 17 PEAK WIND IN M.P.H.

PRELIMINARY LOCAL CLIMATOLOGICAL DATA (WS FORM: F-6) , PAGE 2

                                          STATION:  EUGENE OR
                                          MONTH:    MARCH
                                          YEAR:     2015
                                          LATITUDE:   44  7 N
                                          LONGITUDE: 123 13 W

[TEMPERATURE DATA]      [PRECIPITATION DATA]       SYMBOLS USED IN COLUMN 16

AVERAGE MONTHLY: 50.7   TOTAL FOR MONTH:   3.08    1 = FOG OR MIST
DPTR FM NORMAL:   4.2   DPTR FM NORMAL:   -1.31    2 = FOG REDUCING VISIBILITY
HIGHEST:    71 ON 19    GRTST 24HR  1.02 ON 14-14      TO 1/4 MILE OR LESS
LOWEST:     26 ON  4, 3                            3 = THUNDER
                        SNOW, ICE PELLETS, HAIL    4 = ICE PELLETS
                        TOTAL MONTH:   0.0 INCH    5 = HAIL
                        GRTST 24HR     0.0         6 = FREEZING RAIN OR DRIZZLE
                        GRTST DEPTH:   0           7 = DUSTSTORM OR SANDSTORM:
                                                       VSBY 1/2 MILE OR LESS
                                                   8 = SMOKE OR HAZE
[NO. OF DAYS WITH]      [WEATHER - DAYS WITH]      9 = BLOWING SNOW
                                                   X = TORNADO
MAX 32 OR BELOW:   0    0.01 INCH OR MORE:  11
MAX 90 OR ABOVE:   0    0.10 INCH OR MORE:   6
MIN 32 OR BELOW:   7    0.50 INCH OR MORE:   2
MIN  0 OR BELOW:   0    1.00 INCH OR MORE:   1

[HDD (BASE 65) ]
TOTAL THIS MO.   382    CLEAR  (SCALE 0-3)   4
DPTR FM NORMAL  -118    PTCLDY (SCALE 4-7)  16
TOTAL FM JUL 1  2944    CLOUDY (SCALE 8-10)  7
DPTR FM NORMAL  -883

[CDD (BASE 65) ]
TOTAL THIS MO.     0
DPTR FM NORMAL     0    [PRESSURE DATA]
TOTAL FM JAN 1     0    HIGHEST SLP M ON M
DPTR FM NORMAL     0    LOWEST  SLP 29.66 ON 15

[REMARKS]
