000
CXUS53 KPAH 280652
CF6EVV
PRELIMINARY LOCAL CLIMATOLOGICAL DATA (WS FORM: F-6)

                                          STATION:   EVANSVILLE IN
                                          MONTH:     MARCH
                                          YEAR:      2017
                                          LATITUDE:   38  2 N
                                          LONGITUDE:  87 32 W

  TEMPERATURE IN F:       :PCPN:    SNOW:  WIND      :SUNSHINE: SKY     :PK WND
================================================================================
1   2   3   4   5  6A  6B    7    8   9   10  11  12  13   14  15   16   17  18
                                     12Z  AVG MX 2MIN
DY MAX MIN AVG DEP HDD CDD  WTR  SNW DPTH SPD SPD DIR MIN PSBL S-S WX    SPD DR
================================================================================

 1  69  39  54  13  11   0 0.69  0.0    0 14.8 35 300   M    M   5 13     61 300
 2  50  33  42   1  23   0 0.15  0.3    0  8.9 18 360   M    M   3 1      29 320
 3  43  28  36  -6  29   0 0.00  0.0    0  4.6 15 360   M    M   1        20 320
 4  66  31  49   7  16   0 0.00  0.0    0  6.5 16 230   M    M   0        22 240
 5  67  34  51   9  14   0    T  0.0    0  9.7 23 200   M    M   4        31 200
 6  66  50  58  15   7   0 0.56  0.0    0 11.9 25 200   M    M   9 1      38 190
 7  65  41  53  10  12   0 0.97  0.0    0  9.9 30 190   M    M   6 13     39 210
 8  65  38  52   9  13   0 0.00  0.0    0  8.8 18 260   M    M   0        25 250
 9  74  43  59  15   6   0 0.01  0.0    0  7.6 18 320   M    M   1        25 320
10  54  36  45   1  20   0 0.00  0.0    0 11.0 20 320   M    M   2        26 320
11  42  30  36  -8  29   0 0.00  0.0    0  7.6 14 350   M    M   5        19  20
12  45  24  35 -10  30   0 0.00  0.0    0  4.6 12 330   M    M   0        15 320
13  37  31  34 -11  31   0 0.13  0.7    0  4.8 12 360   M    M   7 1      15  10
14  38  24  31 -14  34   0    T    T    0 11.5 20 350   M    M   7        26  10
15  39  20  30 -16  35   0 0.00  0.0    0  7.5 18 340   M    M   1        24 340
16  49  18  34 -12  31   0 0.00  0.0    0  4.9 14 220   M    M   2        19 230
17  54  43  49   3  16   0 0.22    M    0  7.0 16 190   M    M  10 123    22 180
18  52  30  41  -6  24   0 0.00  0.0    0  8.0 17 310   M    M   6 12     24 340
19  57  27  42  -5  23   0 0.00  0.0    0  2.5  9  80   M    M   0        12  60
20  80  47  64  17   1   0 0.00  0.0    0  6.8 18 240   M    M   1        23 240
21  66  47  57   9   8   0 0.00  0.0    0 10.9 20  10   M    M   2 8      31 360
22  54  36  45  -3  20   0 0.00  0.0    0 11.0 20  50   M    M   0        23  50
23  53  32  43  -5  22   0 0.06  0.0    0  5.7 13 160   M    M   4        18 160
24  76  52  64  15   1   0 0.00  0.0    0 12.5 30 210   M    M   3        39 220
25  75  60  68  19   0   3 0.12  0.0    0 10.8 22 190   M    M   6 1      30 190
26  66  48  57   8   8   0 0.18  0.0    0  9.0 26 230   M    M   6 1      31 230
27  71  46  59   9   6   0 0.22  0.0    0  5.8 16 210   M    M   5 1      23 200
================================================================================
SM 1573  988       470   3  3.31     1.0 224.6          M       96
================================================================================
AV 58.3 36.6                               8.3 FASTST   M    M   4    MAX(MPH)
                                 MISC ---->  # 35 300               # 61  300
================================================================================
NOTES:
# LAST OF SEVERAL OCCURRENCES

COLUMN 17 PEAK WIND IN M.P.H.

PRELIMINARY LOCAL CLIMATOLOGICAL DATA (WS FORM: F-6) , PAGE 2

                                          STATION:  EVANSVILLE IN
                                          MONTH:    MARCH
                                          YEAR:     2017
                                          LATITUDE:   38  2 N
                                          LONGITUDE:  87 32 W

[TEMPERATURE DATA]      [PRECIPITATION DATA]       SYMBOLS USED IN COLUMN 16

AVERAGE MONTHLY: 47.4   TOTAL FOR MONTH:   3.31    1 = FOG OR MIST
DPTR FM NORMAL:   2.1   DPTR FM NORMAL:   -0.35    2 = FOG REDUCING VISIBILITY
HIGHEST:    80 ON 20    GRTST 24HR  0.97 ON  7- 7      TO 1/4 MILE OR LESS
LOWEST:     18 ON 16                               3 = THUNDER
                        SNOW, ICE PELLETS, HAIL    4 = ICE PELLETS
                        TOTAL MONTH:   1.0 INCH    5 = HAIL
                        GRTST 24HR   0.7 ON   M    6 = FREEZING RAIN OR DRIZZLE
                        GRTST DEPTH:   0           7 = DUSTSTORM OR SANDSTORM:
                                                       VSBY 1/2 MILE OR LESS
                                                   8 = SMOKE OR HAZE
[NO. OF DAYS WITH]      [WEATHER - DAYS WITH]      9 = BLOWING SNOW
                                                   X = TORNADO
MAX 32 OR BELOW:   0    0.01 INCH OR MORE:  11
MAX 90 OR ABOVE:   0    0.10 INCH OR MORE:   9
MIN 32 OR BELOW:  11    0.50 INCH OR MORE:   3
MIN  0 OR BELOW:   0    1.00 INCH OR MORE:   0

[HDD (BASE 65) ]
TOTAL THIS MO.   470    CLEAR  (SCALE 0-3)  13
DPTR FM NORMAL   -61    PTCLDY (SCALE 4-7)  12
TOTAL FM JUL 1  3169    CLOUDY (SCALE 8-10)  2
DPTR FM NORMAL  -936

[CDD (BASE 65) ]
TOTAL THIS MO.     3
DPTR FM NORMAL     3    [PRESSURE DATA]
TOTAL FM JAN 1     3    HIGHEST SLP M ON M
DPTR FM NORMAL     3    LOWEST  SLP 29.58 ON  1

[REMARKS]
