000
CXUS53 KPAH 010631
CF6EVV
PRELIMINARY LOCAL CLIMATOLOGICAL DATA (WS FORM: F-6)

                                          STATION:   EVANSVILLE IN
                                          MONTH:     FEBRUARY
                                          YEAR:      2015
                                          LATITUDE:   38  2 N
                                          LONGITUDE:  87 32 W

  TEMPERATURE IN F:       :PCPN:    SNOW:  WIND      :SUNSHINE: SKY     :PK WND
================================================================================
1   2   3   4   5  6A  6B    7    8   9   10  11  12  13   14  15   16   17  18
                                     12Z  AVG MX 2MIN
DY MAX MIN AVG DEP HDD CDD  WTR  SNW DPTH SPD SPD DIR MIN PSBL S-S WX    SPD DR
================================================================================

 1  48  34  41   8  24   0 0.64  0.0    0  8.7 21 300   M    M   9 1      29 320
 2  34  20  27  -7  38   0    T    T    0 10.1 23 320   M    M  10        34 320
 3  41  22  32  -2  33   0 0.00  0.0    0  9.7 18 220   M    M   0        23 220
 4  51  22  37   3  28   0 0.03  0.2    0 11.0 24 340   M    M   5 18     31 330
 5  30  15  23 -11  42   0 0.00  0.0    0  5.2 22 360   M    M   0        29 360
 6  45  17  31  -3  34   0 0.00  0.0    0  6.1 16 210   M    M   0        19 210
 7  62  30  46  12  19   0 0.00  0.0    0 13.7 24 200   M    M   0        32 210
 8  58  45  52  17  13   0    T  0.0    0 12.1 24 230   M    M   6 8      30 230
 9  45  32  39   4  26   0 0.00  0.0    0 11.5 18 330   M    M  10 18     25 350
10  45  28  37   2  28   0 0.00  0.0    0  5.1 16  50   M    M   4        20 360
11  51  26  39   4  26   0 0.00  0.0    0  7.4 18 320   M    M   7 8      26 310
12  31  21  26 -10  39   0    T    T    0 13.1 26 340   M    M   7        34 340
13  36  17  27  -9  38   0 0.00  0.0    0  7.3 16 220   M    M   5        20 220
14  37  11  24 -12  41   0    T    T    0 13.6 30 320   M    M   4 8      43 320
15  22  10  16 -20  49   0    T    T    0  8.6 15  60   M    M   6        19  50
16  20  12  16 -21  49   0 0.44  5.7    2  9.2 15  70   M    M   8 128    19  70
17  28  -2  13 -24  52   0 0.24    T    5  8.1 16 220   M    M   4 18     20 240
18  27   2  15 -22  50   0    M  1.5    7 10.5 22 270   M    M   5 18     31 320
19  11  -6   3 -35  62   0 0.00  0.0    7  5.9 18 320   M    M   0        25 320
20  32  -7  13 -25  52   0 0.24    T    6  7.6 16 150   M    M   7 146    22 150
21  35  28  32  -6  33   0 0.97  0.0    2  4.8 13 350   M    M   8 16     18 360
22  33  19  26 -13  39   0 0.00  0.0    2 10.9 20 360   M    M   8 8      27 360
23  20  11  16 -23  49   0 0.00  0.0    2  9.5 21 350   M    M   3        26 360
24  31  13  22 -17  43   0 0.00  0.0    2  8.6 21 210   M    M   1        24 210
25  37  18  28 -12  37   0 0.00  0.0    1  3.6 12 230   M    M   0 8      12 220
26  30  18  24 -16  41   0    T    T    1  9.3 16 340   M    M   6 1      22 350
27  25  12  19 -21  46   0 0.00  0.0    1  6.4 12  20   M    M   3        15  20
28  35  18  27 -14  38   0    T    T    1  7.2 13  40   M    M   9        16  40
================================================================================
SM 1000  486      1069   0  2.56     7.4 244.8          M      135
================================================================================
AV 35.7 17.4                               8.7 FASTST   M    M   5    MAX(MPH)
                                 MISC ---->  # 30 320               # 43  320
================================================================================
NOTES:
# LAST OF SEVERAL OCCURRENCES

COLUMN 17 PEAK WIND IN M.P.H.

PRELIMINARY LOCAL CLIMATOLOGICAL DATA (WS FORM: F-6) , PAGE 2

                                          STATION:  EVANSVILLE IN
                                          MONTH:    FEBRUARY
                                          YEAR:     2015
                                          LATITUDE:   38  2 N
                                          LONGITUDE:  87 32 W

[TEMPERATURE DATA]      [PRECIPITATION DATA]       SYMBOLS USED IN COLUMN 16

AVERAGE MONTHLY: 26.5   TOTAL FOR MONTH:   2.56    1 = FOG OR MIST
DPTR FM NORMAL: -10.1   DPTR FM NORMAL:   -0.61    2 = FOG REDUCING VISIBILITY
HIGHEST:    62 ON  7    GRTST 24HR 15.66 ON 17-18      TO 1/4 MILE OR LESS
LOWEST:     -7 ON 20                               3 = THUNDER
                        SNOW, ICE PELLETS, HAIL    4 = ICE PELLETS
                        TOTAL MONTH:   7.4 INCHES  5 = HAIL
                        GRTST 24HR   5.7 ON   M    6 = FREEZING RAIN OR DRIZZLE
                        GRTST DEPTH:   7 ON 19,18  7 = DUSTSTORM OR SANDSTORM:
                                                       VSBY 1/2 MILE OR LESS
                                                   8 = SMOKE OR HAZE
[NO. OF DAYS WITH]      [WEATHER - DAYS WITH]      9 = BLOWING SNOW
                                                   X = TORNADO
MAX 32 OR BELOW:  12    0.01 INCH OR MORE:   6
MAX 90 OR ABOVE:   0    0.10 INCH OR MORE:   5
MIN 32 OR BELOW:  26    0.50 INCH OR MORE:   2
MIN  0 OR BELOW:   3    1.00 INCH OR MORE:   0

[HDD (BASE 65) ]
TOTAL THIS MO.  1069    CLEAR  (SCALE 0-3)   8
DPTR FM NORMAL   274    PTCLDY (SCALE 4-7)  14
TOTAL FM JUL 1  3836    CLOUDY (SCALE 8-10)  6
DPTR FM NORMAL   262

[CDD (BASE 65) ]
TOTAL THIS MO.     0
DPTR FM NORMAL     0    [PRESSURE DATA]
TOTAL FM JAN 1     0    HIGHEST SLP M ON M
DPTR FM NORMAL     0    LOWEST  SLP 29.61 ON  1

[REMARKS]
#FINAL-02-15#
