000
CXUS56 KSLC 281237
CF6EVW
PRELIMINARY LOCAL CLIMATOLOGICAL DATA (WS FORM: F-6)

                                          STATION:   EVANSTON WY
                                          MONTH:     FEBRUARY
                                          YEAR:      2015
                                          LATITUDE:   41 16 N
                                          LONGITUDE: 111  2 W

  TEMPERATURE IN F:       :PCPN:    SNOW:  WIND      :SUNSHINE: SKY     :PK WND
================================================================================
1   2   3   4   5  6A  6B    7    8   9   10  11  12  13   14  15   16   17  18
                                     12Z  AVG MX 2MIN
DY MAX MIN AVG DEP HDD CDD  WTR  SNW DPTH SPD SPD DIR MIN PSBL S-S WX    SPD DR
================================================================================

 1  37  20  29   7  36   0 0.00  0.0    0 11.7 21 250   M    M   3        24 250
 2  40  30  35  13  30   0    T    M    0 15.1 24 240   M    M   8        30 230
 3  43  33  38  16  27   0 0.03    M    0 14.9 24 220   M    M   7 1      31 230
 4  43  33  38  16  27   0 0.14    M    0 12.7 29 260   M    M   5 1      34 260
 5  54  32  43  21  22   0 0.00  0.0    0 11.6 23 220   M    M   0        27 230
 6  57  36  47  25  18   0 0.00  0.0    0 16.2 29 220   M    M   1        38 220
 7  54  39  47  25  18   0 0.00  0.0    0 16.4 36 240   M    M   3        44 240
 8  51  33  42  20  23   0    T    M    0  8.1 18 260   M    M   2        22 270
 9  49  32  41  19  24   0 0.04    M    0 11.2 28 290   M    M   4 1      35 300
10  37  28  33  11  32   0 0.04    M    0  6.0 15 300   M    M   7 12     19 300
11  45  23  34  12  31   0 0.00  0.0    0  4.7 13 350   M    M   3 128    17 340
12  51  29  40  18  25   0 0.00  0.0    0 10.0 23 230   M    M   1        26 240
13  57  29  43  21  22   0 0.00  0.0    0  4.7 10 210   M    M   0        13 360
14  59  34  47  25  18   0 0.00  0.0    0 10.1 22 260   M    M   0        26 240
15  45  28  37  14  28   0 0.00  0.0    0 11.5 23 280   M    M   2        30 290
16  36  20  28   5  37   0    T    M    0  6.0 15  20   M    M   2 12     17  10
17  38  16  27   4  38   0 0.00  0.0    0  8.9 21 260   M    M   0        25 290
18  49  22  36  13  29   0 0.00  0.0    0 12.4 21 230   M    M   0        26 230
19  53  29  41  18  24   0 0.00  0.0    0 14.8 25 250   M    M   0        33 260
20  41  26  34  10  31   0    T    M    0 10.9 23 280   M    M   9 1      29 270
21  36  13  25   1  40   0 0.02    M    0 10.3 24  70   M    M   9 128    33  70
22  18   6  12 -12  53   0    T    M    0 21.5 29  80   M    M   2        37  70
23  25   2  14 -10  51   0 0.00  0.0    0 12.5 28  80   M    M   1        35  80
24  45   9  27   2  38   0 0.00  0.0    0  6.9 18 250   M    M   1        22 250
25  41  22  32   7  33   0 0.00  0.0    0 12.7 28 310   M    M   6        34 300
26  28  16  22  -3  43   0 0.08    M    0  7.0 14 100   M    M   8 12     16  90
27  31  11  21  -4  44   0    T    M    0  6.9 17 230   M    M   7 18     20 230
================================================================================
SM 1163  651       842   0  0.35     0.0 295.7          M       91
================================================================================
AV 43.1 24.1                              11.0 FASTST   M    M   3    MAX(MPH)
                                 MISC ---->  # 36 240               # 44  240
================================================================================
NOTES:
# LAST OF SEVERAL OCCURRENCES

COLUMN 17 PEAK WIND IN M.P.H.

PRELIMINARY LOCAL CLIMATOLOGICAL DATA (WS FORM: F-6) , PAGE 2

                                          STATION:  EVANSTON WY
                                          MONTH:    FEBRUARY
                                          YEAR:     2015
                                          LATITUDE:   41 16 N
                                          LONGITUDE: 111  2 W

[TEMPERATURE DATA]      [PRECIPITATION DATA]       SYMBOLS USED IN COLUMN 16

AVERAGE MONTHLY: 33.6   TOTAL FOR MONTH:   0.35    1 = FOG OR MIST
DPTR FM NORMAL:  10.7   DPTR FM NORMAL:   -0.24    2 = FOG REDUCING VISIBILITY
HIGHEST:    59 ON 14    GRTST 24HR  0.17 ON  3- 4      TO 1/4 MILE OR LESS
LOWEST:      2 ON 23                               3 = THUNDER
                        SNOW, ICE PELLETS, HAIL    4 = ICE PELLETS
                        TOTAL MONTH:   0.0 INCH    5 = HAIL
                        GRTST 24HR     0.0         6 = FREEZING RAIN OR DRIZZLE
                        GRTST DEPTH:   0           7 = DUSTSTORM OR SANDSTORM:
                                                       VSBY 1/2 MILE OR LESS
                                                   8 = SMOKE OR HAZE
[NO. OF DAYS WITH]      [WEATHER - DAYS WITH]      9 = BLOWING SNOW
                                                   X = TORNADO
MAX 32 OR BELOW:   4    0.01 INCH OR MORE:   6
MAX 90 OR ABOVE:   0    0.10 INCH OR MORE:   1
MIN 32 OR BELOW:  21    0.50 INCH OR MORE:   0
MIN  0 OR BELOW:   0    1.00 INCH OR MORE:   0

[HDD (BASE 65) ]
TOTAL THIS MO.   842    CLEAR  (SCALE 0-3)  17
DPTR FM NORMAL  -296    PTCLDY (SCALE 4-7)   7
TOTAL FM JUL 1  4929    CLOUDY (SCALE 8-10)  3
DPTR FM NORMAL -1038

[CDD (BASE 65) ]
TOTAL THIS MO.     0
DPTR FM NORMAL     0    [PRESSURE DATA]
TOTAL FM JAN 1     0    HIGHEST SLP M ON M
DPTR FM NORMAL     0    LOWEST  SLP 29.75 ON 27

[REMARKS]
