000
CXUS52 KMHX 250700
CF6EWN
PRELIMINARY LOCAL CLIMATOLOGICAL DATA (WS FORM: F-6)

                                          STATION:   NEW BERN NC
                                          MONTH:     MAY
                                          YEAR:      2016
                                          LATITUDE:   35  4 N
                                          LONGITUDE:  77  3 W

  TEMPERATURE IN F:       :PCPN:    SNOW:  WIND      :SUNSHINE: SKY     :PK WND
================================================================================
1   2   3   4   5  6A  6B    7    8   9   10  11  12  13   14  15   16   17  18
                                     12Z  AVG MX 2MIN
DY MAX MIN AVG DEP HDD CDD  WTR  SNW DPTH SPD SPD DIR MIN PSBL S-S WX    SPD DR
================================================================================

 1  81  60  71   5   0   6 0.01  0.0    0  5.7 17 200   M    M   5 1      26 200
 2  84  66  75   9   0  10    T  0.0    0  8.6 18 180   M    M   4 13     23 180
 3  77  65  71   5   0   6 1.01  0.0    0  7.1 22 290   M    M   6 13     30 290
 4  78  62  70   4   0   5 0.72  0.0    0  4.3 13 290   M    M   6 13     16 310
 5  67  54  61  -6   4   0 0.96  0.0    0  9.7 17  20   M    M  10 13     22  20
 6  65  51  58  -9   7   0 0.08  0.0    0  5.8 15 270   M    M   9 1      19 270
 7  74  50  62  -5   3   0 0.00  0.0    0  6.2 18 290   M    M   2        24 280
 8  85  63  74   7   0   9 0.00  0.0    0  8.5 22 290   M    M   2        28 280
 9  88  61  75   7   0  10 0.00  0.0    0  5.1 14 280   M    M   1        17 160
10  85  66  76   8   0  11    T  0.0    0  5.5 16 220   M    M   0        19 210
11  87  62  75   7   0  10 0.00  0.0    0  6.2 14 180   M    M   2 1      19 160
12  83  64  74   6   0   9 0.00  0.0    0  4.9 14 110   M    M   2 1      18 120
13  77  61  69   0   0   4 0.83  0.0    0  5.1 22 190   M    M   5 123    27 180
14  84  57  71   2   0   6    T  0.0    0  6.3 21 340   M    M   5 123    28 360
15  69  49  59 -10   6   0 0.00  0.0    0  7.2 18 360   M    M   0 1      24 360
16  75  46  61  -9   4   0 0.00  0.0    0  3.6 12 160   M    M   0        16 120
17  79  55  67  -3   0   2 0.31  0.0    0  5.7 17 170   M    M   6 1      25 170
18  66  58  62  -8   3   0 0.34  0.0    0 10.2 18  40   M    M   9 1      24  30
19  75  56  66  -4   0   1 0.00  0.0    0  7.3 15  30   M    M   4        20  30
20  73  61  67  -3   0   2 0.13    M    0  7.8 10  80   M    M  10 1      18  80
21  79  63  71   0   0   6 0.02  0.0    0  5.9 15 310   M    M   4 1      19 310
22  70  56  63  -8   2   0    T  0.0    0  7.0 13 350   M    M   8        17 340
23  66  53  60 -11   5   0 0.18  0.0    0  5.6 15 320   M    M   6 1      19 320
24  82  52  67  -5   0   2 0.00  0.0    0  6.9 15 180   M    M   0        21 200
================================================================================
SM 1849 1391        34  99  4.59     0.0 156.2          M      106
================================================================================
AV 77.0 58.0                               6.5 FASTST   M    M   4    MAX(MPH)
                                 MISC ---->  # 22 290               # 30  290
================================================================================
NOTES:
# LAST OF SEVERAL OCCURRENCES

COLUMN 17 PEAK WIND IN M.P.H.

PRELIMINARY LOCAL CLIMATOLOGICAL DATA (WS FORM: F-6) , PAGE 2

                                          STATION:  NEW BERN NC
                                          MONTH:    MAY
                                          YEAR:     2016
                                          LATITUDE:   35  4 N
                                          LONGITUDE:  77  3 W

[TEMPERATURE DATA]      [PRECIPITATION DATA]       SYMBOLS USED IN COLUMN 16

AVERAGE MONTHLY: 67.5   TOTAL FOR MONTH:   4.59    1 = FOG OR MIST
DPTR FM NORMAL:  -1.1   DPTR FM NORMAL:    1.47    2 = FOG REDUCING VISIBILITY
HIGHEST:    88 ON  9    GRTST 24HR  1.03 ON  3- 4      TO 1/4 MILE OR LESS
LOWEST:     46 ON 16                               3 = THUNDER
                        SNOW, ICE PELLETS, HAIL    4 = ICE PELLETS
                        TOTAL MONTH:   0.0 INCH    5 = HAIL
                        GRTST 24HR     0.0         6 = FREEZING RAIN OR DRIZZLE
                        GRTST DEPTH:   0           7 = DUSTSTORM OR SANDSTORM:
                                                       VSBY 1/2 MILE OR LESS
                                                   8 = SMOKE OR HAZE
[NO. OF DAYS WITH]      [WEATHER - DAYS WITH]      9 = BLOWING SNOW
                                                   X = TORNADO
MAX 32 OR BELOW:   0    0.01 INCH OR MORE:  11
MAX 90 OR ABOVE:   0    0.10 INCH OR MORE:   8
MIN 32 OR BELOW:   0    0.50 INCH OR MORE:   4
MIN  0 OR BELOW:   0    1.00 INCH OR MORE:   1

[HDD (BASE 65) ]
TOTAL THIS MO.    34    CLEAR  (SCALE 0-3)   9
DPTR FM NORMAL     2    PTCLDY (SCALE 4-7)  11
TOTAL FM JUL 1  2112    CLOUDY (SCALE 8-10)  4
DPTR FM NORMAL  -587

[CDD (BASE 65) ]
TOTAL THIS MO.    99
DPTR FM NORMAL   -18    [PRESSURE DATA]
TOTAL FM JAN 1   200    HIGHEST SLP M ON M
DPTR FM NORMAL    13    LOWEST  SLP 29.57 ON  4

[REMARKS]
