000
CXUS52 KKEY 250800
CF6EYW
PRELIMINARY LOCAL CLIMATOLOGICAL DATA (WS FORM: F-6)

                                          STATION:   KEY WEST
                                          MONTH:     NOVEMBER
                                          YEAR:      2014
                                          LATITUDE:   24 32 N
                                          LONGITUDE:  81 45 W

  TEMPERATURE IN F:       :PCPN:    SNOW:  WIND      :SUNSHINE: SKY     :PK WND
================================================================================
1   2   3   4   5  6A  6B    7    8   9   10  11  12  13   14  15   16   17  18
                                     12Z  AVG MX 2MIN
DY MAX MIN AVG DEP HDD CDD  WTR  SNW DPTH SPD SPD DIR MIN PSBL S-S WX    SPD DR
================================================================================

 1  79  68  74  -4   0   9    T  0.0    0 15.3 23 330   M    M   4        31 340
 2  70  61  66 -12   0   1 0.00  0.0    0 11.7 21  20   M    M   1        29  30
 3  76  65  71  -7   0   6 0.00  0.0    0 12.4 20  30   M    M   1        26  30
 4  79  69  74  -3   0   9 0.00  0.0    0 11.0 17  70   M    M   2        26  60
 5  81  71  76  -1   0  11    T  0.0    0  8.8 16  70   M    M   4        25  60
 6  82  72  77   0   0  12 0.00  0.0    0  7.3 14  30   M    M   1        18  30
 7  82  70  76  -1   0  11 0.00  0.0    0  3.8  9 340   M    M   0        16 350
 8  80  69  75  -2   0  10 0.00  0.0    0  4.7 12 160   M    M   0        24  90
 9  81  67  74  -3   0   9 0.28  0.0    0 11.6 18  10   M    M   8 1      25  10
10  77  67  72  -5   0   7 0.13  0.0    0  9.1 17 330   M    M   4        23 320
11  77  65  71  -5   0   6 0.00  0.0    0  8.3 15 340   M    M   0        19 330
12  79  68  74  -2   0   9 0.00  0.0    0  8.0 14  10   M    M   0        17 360
13  81  70  76   0   0  11 0.00  0.0    0  7.8 13 360   M    M   2        23 350
14  80  70  75  -1   0  10 0.00  0.0    0  9.9 17 350   M    M   2        22 340
15  77  69  73  -3   0   8 0.00  0.0    0  8.8 16  10   M    M   3        20  20
16  83  72  78   2   0  13 0.00  0.0    0 10.2 16 110   M    M   1        21 110
17  83  77  80   4   0  15 0.00  0.0    0  8.2 15 170   M    M   0        18 170
18  80  64  72  -3   0   7 0.01  0.0    0 12.9 24  10   M    M   9 3      32  10
19  68  62  65 -10   0   0 0.04  0.0    0 16.8 23  30   M    M  10 1      30  30
20  76  66  71  -4   0   6 0.00  0.0    0 13.2 21  30   M    M   8        27  30
21  75  70  73  -2   0   8 0.19  0.0    0 12.9 20  40   M    M   9        28  50
22  80  73  77   2   0  12 0.06  0.0    0 12.6 17 120   M    M   6        24  80
23  83  77  80   5   0  15 0.00  0.0    0 10.8 16 130   M    M   2        21 120
24  83  77  80   5   0  15    T  0.0    0  6.9 13 110   M    M   1        17 110
================================================================================
SM 1892 1659         0 220  0.71     0.0 243.0          M       78
================================================================================
AV 78.8 69.1                              10.1 FASTST   M    M   3    MAX(MPH)
                                 MISC ---->  # 24  10               # 32   10
================================================================================
NOTES:
# LAST OF SEVERAL OCCURRENCES

COLUMN 17 PEAK WIND IN M.P.H.

PRELIMINARY LOCAL CLIMATOLOGICAL DATA (WS FORM: F-6) , PAGE 2

                                          STATION:  KEY WEST
                                          MONTH:    NOVEMBER
                                          YEAR:     2014
                                          LATITUDE:   24 32 N
                                          LONGITUDE:  81 45 W

[TEMPERATURE DATA]      [PRECIPITATION DATA]       SYMBOLS USED IN COLUMN 16

AVERAGE MONTHLY: 74.0   TOTAL FOR MONTH:   0.71    1 = FOG OR MIST
DPTR FM NORMAL:  -2.3   DPTR FM NORMAL:   -1.12    2 = FOG REDUCING VISIBILITY
HIGHEST:    83 ON 24,23 GRTST 24HR  0.41 ON  9-10      TO 1/4 MILE OR LESS
LOWEST:     61 ON  2                               3 = THUNDER
                        SNOW, ICE PELLETS, HAIL    4 = ICE PELLETS
                        TOTAL MONTH:   0.0 INCH    5 = HAIL
                        GRTST 24HR     0.0         6 = FREEZING RAIN OR DRIZZLE
                        GRTST DEPTH:   0           7 = DUSTSTORM OR SANDSTORM:
                                                       VSBY 1/2 MILE OR LESS
                                                   8 = SMOKE OR HAZE
[NO. OF DAYS WITH]      [WEATHER - DAYS WITH]      9 = BLOWING SNOW
                                                   X = TORNADO
MAX 32 OR BELOW:   0    0.01 INCH OR MORE:   6
MAX 90 OR ABOVE:   0    0.10 INCH OR MORE:   3
MIN 32 OR BELOW:   0    0.50 INCH OR MORE:   0
MIN  0 OR BELOW:   0    1.00 INCH OR MORE:   0

[HDD (BASE 65) ]
TOTAL THIS MO.     0    CLEAR  (SCALE 0-3)  15
DPTR FM NORMAL     0    PTCLDY (SCALE 4-7)   5
TOTAL FM JUL 1     0    CLOUDY (SCALE 8-10)  4
DPTR FM NORMAL     0

[CDD (BASE 65) ]
TOTAL THIS MO.   220
DPTR FM NORMAL   -50    [PRESSURE DATA]
TOTAL FM JAN 1  4806    HIGHEST SLP M ON M
DPTR FM NORMAL   328    LOWEST  SLP 29.81 ON  9

[REMARKS]
