000
CXUS53 KFGF 250915
CF6FAR
PRELIMINARY LOCAL CLIMATOLOGICAL DATA (WS FORM: F-6)

                                          STATION:   FARGO HECTOR INTL AP ND
                                          MONTH:     JULY
                                          YEAR:      2016
                                          LATITUDE:   46 54 N
                                          LONGITUDE:  96 48 W

  TEMPERATURE IN F:       :PCPN:    SNOW:  WIND      :SUNSHINE: SKY     :PK WND
================================================================================
1   2   3   4   5  6A  6B    7    8   9   10  11  12  13   14  15   16   17  18
                                     12Z  AVG MX 2MIN
DY MAX MIN AVG DEP HDD CDD  WTR  SNW DPTH SPD SPD DIR MIN PSBL S-S WX    SPD DR
================================================================================

 1  75  45  60 -10   5   0 0.00  0.0    0  5.4 14 160   M    M   0        19 100
 2  81  62  72   2   0   7    T  0.0    0  6.9 14 170   M    M   5        17 160
 3  83  61  72   2   0   7    T  0.0    0 13.5 24 140   M    M   0        33 190
 4  90  65  78   8   0  13 0.26  0.0    0 10.9 44 270   M    M   2 1      55 270
 5  80  60  70   0   0   5 0.00  0.0    0  7.4 26 350   M    M   2 1      44 330
 6  84  59  72   2   0   7    T  0.0    0  5.6 14 260   M    M   2        22 270
 7  80  63  72   2   0   7 0.43  0.0    0  7.4 28 330   M    M   6 1      32 340
 8  80  60  70  -1   0   5 0.00  0.0    0  9.5 17 330   M    M   2        25 360
 9  83  57  70  -1   0   5 1.37  0.0    0 11.3 29  30   M    M   2 1      35 150
10  84  64  74   3   0   9 0.01  0.0    0 11.5 41 240   M    M   2 3      62 260
11  74  62  68  -3   0   3 2.11  0.0    0  9.2 48 250   M    M   8 13     60 240
12  83  61  72   1   0   7 0.00  0.0    0 16.7 30 230   M    M   2        40 240
13  76  63  70  -1   0   5 0.07  0.0    0 16.5 32 290   M    M   7 1      40 290
14  65  59  62  -9   3   0 0.17  0.0    0 12.2 26 340   M    M   7 1      31 300
15  78  52  65  -6   0   0    T  0.0    0  4.2 10 310   M    M   1 1      20 300
16  78  58  68  -3   0   3    T  0.0    0  9.4 21 160   M    M   2        28 140
17  82  62  72   1   0   7    T  0.0    0 11.2 23 290   M    M   4        28 310
18  86  57  72   1   0   7 0.00  0.0    0  4.3 10 260   M    M   0        14 290
19  88  66  77   6   0  12    T  0.0    0 13.7 26 160   M    M   2        37 180
20  89  69  79   8   0  14 0.04  0.0    0 10.3 53 360   M    M   4 1      69 360
21  90  67  79   8   0  14 0.01  0.0    0  5.3 15 110   M    M   0        18 120
22  92  63  78   7   0  13 0.00  0.0    0  4.4 14  30   M    M   0 1      19  20
23  84  70  77   6   0  12 0.15  0.0    0 10.3 26 110   M    M   5 1      33 110
24  83  62  73   1   0   8 0.00  0.0    0 11.8 24 290   M    M   0        30 300
================================================================================
SM 1968 1467         8 170  4.62     0.0 228.9          M       65
================================================================================
AV 82.0 61.1                               9.5 FASTST   M    M   3    MAX(MPH)
                                 MISC ---->  # 53 360               # 69  360
================================================================================
NOTES:
# LAST OF SEVERAL OCCURRENCES

COLUMN 17 PEAK WIND IN M.P.H.

PRELIMINARY LOCAL CLIMATOLOGICAL DATA (WS FORM: F-6) , PAGE 2

                                          STATION:  FARGO HECTOR INTL AP ND
                                          MONTH:    JULY
                                          YEAR:     2016
                                          LATITUDE:   46 54 N
                                          LONGITUDE:  96 48 W

[TEMPERATURE DATA]      [PRECIPITATION DATA]       SYMBOLS USED IN COLUMN 16

AVERAGE MONTHLY: 71.6   TOTAL FOR MONTH:   4.62    1 = FOG OR MIST
DPTR FM NORMAL:   0.8   DPTR FM NORMAL:    2.34    2 = FOG REDUCING VISIBILITY
HIGHEST:    92 ON 22    GRTST 24HR  2.11 ON 10-11      TO 1/4 MILE OR LESS
LOWEST:     45 ON  1                               3 = THUNDER
                        SNOW, ICE PELLETS, HAIL    4 = ICE PELLETS
                        TOTAL MONTH:   0.0 INCH    5 = HAIL
                        GRTST 24HR     0.0         6 = FREEZING RAIN OR DRIZZLE
                        GRTST DEPTH:   0           7 = DUSTSTORM OR SANDSTORM:
                                                       VSBY 1/2 MILE OR LESS
                                                   8 = SMOKE OR HAZE
[NO. OF DAYS WITH]      [WEATHER - DAYS WITH]      9 = BLOWING SNOW
                                                   X = TORNADO
MAX 32 OR BELOW:   0    0.01 INCH OR MORE:  10
MAX 90 OR ABOVE:   3    0.10 INCH OR MORE:   6
MIN 32 OR BELOW:   0    0.50 INCH OR MORE:   2
MIN  0 OR BELOW:   0    1.00 INCH OR MORE:   2

[HDD (BASE 65) ]
TOTAL THIS MO.     8    CLEAR  (SCALE 0-3)  16
DPTR FM NORMAL    -4    PTCLDY (SCALE 4-7)   7
TOTAL FM JUL 1     8    CLOUDY (SCALE 8-10)  1
DPTR FM NORMAL    -4

[CDD (BASE 65) ]
TOTAL THIS MO.   170
DPTR FM NORMAL    12    [PRESSURE DATA]
TOTAL FM JAN 1   365    HIGHEST SLP M ON M
DPTR FM NORMAL    69    LOWEST  SLP 29.48 ON 11

[REMARKS]
