000
CXUS52 KRAH 261345
CF6FAY
PRELIMINARY LOCAL CLIMATOLOGICAL DATA (WS FORM: F-6)

                                          STATION:   FAYETTEVILLE REGL AIRPORT NC
                                          MONTH:     SEPTEMBER
                                          YEAR:      2016
                                          LATITUDE:   35  0 N
                                          LONGITUDE:  78 53 W

  TEMPERATURE IN F:       :PCPN:    SNOW:  WIND      :SUNSHINE: SKY     :PK WND
================================================================================
1   2   3   4   5  6A  6B    7    8   9   10  11  12  13   14  15   16   17  18
                                     12Z  AVG MX 2MIN
DY MAX MIN AVG DEP HDD CDD  WTR  SNW DPTH SPD SPD DIR MIN PSBL S-S WX    SPD DR
================================================================================

 1  97  72  85   7   0  20 0.02    M    M  6.4 21 340   M    M   3        29 230
 2  75  66  71  -6   0   6 3.89    M    M 13.1 30  20   M    M   9 1      42  10
 3  84  66  75  -2   0  10 0.24    M    M 12.3 24 340   M    M   9 1      35 330
 4  85  65  75  -2   0  10 0.00    M    M  6.8 16  10   M    M   1        24  20
 5  85  61  73  -4   0   8 0.00    M    M  5.5 15  20   M    M   0        19  20
 6  93  65  79   2   0  14 0.00    M    M  6.6 14 240   M    M   0        17 260
 7  96  71  84   8   0  19 0.00    M    M  6.7 15 250   M    M   1        21 250
 8  96  73  85   9   0  20 0.00    M    M  9.0 15 200   M    M   0        19 230
 9  94  71  83   7   0  18 0.00    M    M  7.7 13 170   M    M   0        17 210
10  93  74  84   8   0  19 0.00    M    M  8.9 14 190   M    M   1        18 170
11  93  73  83   8   0  18 0.00    M    M  6.2 14 220   M    M   3 3      19 220
12  89  73  81   6   0  16 0.00    M    M  5.8 14 110   M    M   4 13     18 110
13  90  69  80   5   0  15 0.00    M    M  5.2 13 120   M    M   3 1      17 110
14  90  64  77   3   0  12 0.00    M    M  4.8 15 120   M    M   1 18     18 130
15  90  69  80   6   0  15 0.00  0.0    M  7.6 15  40   M    M   5 12     21  40
16  84  70  77   3   0  12 0.00    M    M  9.1 16  20   M    M   6        19  20
17  89  69  79   5   0  14    T    M    M  5.3 12  20   M    M   6        15  30
18  91  70  81   8   0  16 0.00    M    M  5.4 13 130   M    M   4 12     16 120
19  89  72  81   8   0  16 0.29    M    M  6.2 24 320   M    M   7 13     31 320
20  79  73  76   3   0  11 0.02    M    M 11.1 20 360   M    M  10        26  10
21  77  71  74   2   0   9 0.47    M    M 11.1 22  20   M    M  10 18     26  30
22  83  71  77   5   0  12 0.52    M    M  7.1 15  60   M    M   9 138    21  60
23  84  71  78   7   0  13 0.00    M    M  5.0 12 360   M    M   6        15 340
24  91  67  79   8   0  14 0.00    M    M  2.3  7  60   M    M   0 1      10  30
25  84  69  77   6   0  12 0.00    M    M  6.3 15  20   M    M   7 18     17  20
================================================================================
SM 2201 1735         0 349  5.45     0.0 181.5          M      105
================================================================================
AV 88.0 69.4                               7.3 FASTST   M    M   4    MAX(MPH)
                                 MISC ---->  # 30  20               # 42   10
================================================================================
NOTES:
# LAST OF SEVERAL OCCURRENCES

COLUMN 17 PEAK WIND IN M.P.H.

PRELIMINARY LOCAL CLIMATOLOGICAL DATA (WS FORM: F-6) , PAGE 2

                                          STATION:  FAYETTEVILLE REGL AIRPORT NC
                                          MONTH:    SEPTEMBER
                                          YEAR:     2016
                                          LATITUDE:   35  0 N
                                          LONGITUDE:  78 53 W

[TEMPERATURE DATA]      [PRECIPITATION DATA]       SYMBOLS USED IN COLUMN 16

AVERAGE MONTHLY: 78.7   TOTAL FOR MONTH:   5.45    1 = FOG OR MIST
DPTR FM NORMAL:   4.2   DPTR FM NORMAL:    1.77    2 = FOG REDUCING VISIBILITY
HIGHEST:    97 ON  1    GRTST 24HR  4.13 ON  2- 3      TO 1/4 MILE OR LESS
LOWEST:     61 ON  5                               3 = THUNDER
                        SNOW, ICE PELLETS, HAIL    4 = ICE PELLETS
                        TOTAL MONTH:   0.0 INCH    5 = HAIL
                        GRTST 24HR     0.0         6 = FREEZING RAIN OR DRIZZLE
                        GRTST DEPTH:  M  ON   M    7 = DUSTSTORM OR SANDSTORM:
                                                       VSBY 1/2 MILE OR LESS
                                                   8 = SMOKE OR HAZE
[NO. OF DAYS WITH]      [WEATHER - DAYS WITH]      9 = BLOWING SNOW
                                                   X = TORNADO
MAX 32 OR BELOW:   0    0.01 INCH OR MORE:   7
MAX 90 OR ABOVE:  12    0.10 INCH OR MORE:   5
MIN 32 OR BELOW:   0    0.50 INCH OR MORE:   2
MIN  0 OR BELOW:   0    1.00 INCH OR MORE:   1

[HDD (BASE 65) ]
TOTAL THIS MO.     0    CLEAR  (SCALE 0-3)  12
DPTR FM NORMAL    -3    PTCLDY (SCALE 4-7)   8
TOTAL FM JUL 1     0    CLOUDY (SCALE 8-10)  5
DPTR FM NORMAL    -3

[CDD (BASE 65) ]
TOTAL THIS MO.   349
DPTR FM NORMAL   107    [PRESSURE DATA]
TOTAL FM JAN 1  2343    HIGHEST SLP M ON M
DPTR FM NORMAL   461    LOWEST  SLP 29.84 ON  1

[REMARKS]
