000
CXUS52 KRAH 301345
CF6FAY
PRELIMINARY LOCAL CLIMATOLOGICAL DATA (WS FORM: F-6)

                                          STATION:   FAYETTEVILLE REGL AIRPORT NC
                                          MONTH:     JULY
                                          YEAR:      2015
                                          LATITUDE:   35  0 N
                                          LONGITUDE:  78 53 W

  TEMPERATURE IN F:       :PCPN:    SNOW:  WIND      :SUNSHINE: SKY     :PK WND
================================================================================
1   2   3   4   5  6A  6B    7    8   9   10  11  12  13   14  15   16   17  18
                                     12Z  AVG MX 2MIN
DY MAX MIN AVG DEP HDD CDD  WTR  SNW DPTH SPD SPD DIR MIN PSBL S-S WX    SPD DR
================================================================================

 1  85  69  77  -4   0  12 0.00    M    M  7.8 13 230   M    M   5 1      16 230
 2  91  72  82   1   0  17    T    M    M 11.3 21 220   M    M   2 18     28 220
 3  83  71  77  -4   0  12 0.42    M    M  7.9 18 230   M    M   7 138    23 220
 4  89  72  81   0   0  16 0.00    M    M 12.4 26 230   M    M   1        35 230
 5  92  73  83   2   0  18 0.00    M    M  8.4 17 170   M    M   2        24 160
 6  91  73  82   1   0  17 0.00    M    M  7.6 17 310   M    M   2 8      23 310
 7  93  72  83   2   0  18 0.00    M    M  7.8 18 180   M    M   1        23 170
 8  94  74  84   3   0  19    T    M    M  8.1 22 270   M    M   1 3      27 270
 9  98  75  87   6   0  22 0.00    M    M  9.7 18 190   M    M   1        23 190
10 100  76  88   7   0  23 0.00    M    M  6.6 13 340   M    M   0        18 290
11  97  73  85   3   0  20 0.00    M    M  8.5 18 330   M    M   1        25 330
12  91  70  81  -1   0  16 0.00    M    M  5.2 12  10   M    M   3        16  40
13  88  73  81  -1   0  16 0.27    M    M  6.9 17 160   M    M   4 13     23 170
14  92  73  83   1   0  18 0.01    M    M  9.3 18 220   M    M   4 1      23 230
15  93  78  86   4   0  21 0.00    M    M  8.4 16 250   M    M   2        21 230
16  91  72  82   0   0  17 0.00    M    M  7.4 16  30   M    M   1        21  30
17  93  71  82   0   0  17 0.00    M    M  5.7 12  40   M    M   1 1      15  20
18  96  74  85   3   0  20 0.02    M    M  5.8 23 360   M    M   3 3      31  10
19  98  72  85   3   0  20 1.54    M    M  6.9 30 100   M    M   1 13     38 200
20  97  74  86   4   0  21    T    M    M  7.1 20 210   M    M   1 13     24 170
21  98  76  87   5   0  22 0.00    M    M  6.9 18 220   M    M   2 13     23 210
22  92  77  85   3   0  20 0.00    M    M  6.8 15  10   M    M   1        19 360
23  91  74  83   1   0  18 1.12    M    M  5.3 22 100   M    M   5 138    26  10
24  89  71  80  -1   0  15 0.00    M    M  6.9 16  40   M    M   4        22  40
25  89  65  77  -4   0  12 0.00    M    M  4.6 12  70   M    M   0 1      16  70
26  92  65  79  -2   0  14 0.00    M    M  4.8 12 110   M    M   0 1      17  70
27  94  70  82   1   0  17 0.00    M    M  4.8 17 140   M    M   1 1      20 140
28  93  71  82   1   0  17 0.00    M    M  4.9 14 140   M    M   1 1      17 140
29  95  71  83   2   0  18 0.00    M    M  4.0 12 120   M    M   1        14 120
================================================================================
SM 2685 2097         0 513  3.38    M    207.8          M       58
================================================================================
AV 92.6 72.3                               7.2 FASTST   M    M   2    MAX(MPH)
                                 MISC ---->  # 30 100               # 38  200
================================================================================
NOTES:
# LAST OF SEVERAL OCCURRENCES

COLUMN 17 PEAK WIND IN M.P.H.

PRELIMINARY LOCAL CLIMATOLOGICAL DATA (WS FORM: F-6) , PAGE 2

                                          STATION:  FAYETTEVILLE REGL AIRPORT NC
                                          MONTH:    JULY
                                          YEAR:     2015
                                          LATITUDE:   35  0 N
                                          LONGITUDE:  78 53 W

[TEMPERATURE DATA]      [PRECIPITATION DATA]       SYMBOLS USED IN COLUMN 16

AVERAGE MONTHLY: 82.4   TOTAL FOR MONTH:   3.38    1 = FOG OR MIST
DPTR FM NORMAL:   1.0   DPTR FM NORMAL:   -2.17    2 = FOG REDUCING VISIBILITY
HIGHEST:   100 ON 10    GRTST 24HR  1.54 ON 19-19      TO 1/4 MILE OR LESS
LOWEST:     65 ON 26,25                            3 = THUNDER
                        SNOW, ICE PELLETS, HAIL    4 = ICE PELLETS
                        TOTAL MONTH:    M          5 = HAIL
                        GRTST 24HR    M  ON   M    6 = FREEZING RAIN OR DRIZZLE
                        GRTST DEPTH:  M  ON   M    7 = DUSTSTORM OR SANDSTORM:
                                                       VSBY 1/2 MILE OR LESS
                                                   8 = SMOKE OR HAZE
[NO. OF DAYS WITH]      [WEATHER - DAYS WITH]      9 = BLOWING SNOW
                                                   X = TORNADO
MAX 32 OR BELOW:   0    0.01 INCH OR MORE:   6
MAX 90 OR ABOVE:  23    0.10 INCH OR MORE:   4
MIN 32 OR BELOW:   0    0.50 INCH OR MORE:   2
MIN  0 OR BELOW:   0    1.00 INCH OR MORE:   2

[HDD (BASE 65) ]
TOTAL THIS MO.     0    CLEAR  (SCALE 0-3)  23
DPTR FM NORMAL     0    PTCLDY (SCALE 4-7)   6
TOTAL FM JUL 1     0    CLOUDY (SCALE 8-10)  0
DPTR FM NORMAL     0

[CDD (BASE 65) ]
TOTAL THIS MO.   513
DPTR FM NORMAL    38    [PRESSURE DATA]
TOTAL FM JAN 1  1332    HIGHEST SLP M ON M
DPTR FM NORMAL   177    LOWEST  SLP 29.61 ON 14

[REMARKS]
