000
CXUS53 KMPX 231000
CF6FCM
PRELIMINARY LOCAL CLIMATOLOGICAL DATA (WS FORM: F-6)

                                          STATION:   MINNEAPOLIS FLYING CLOUD MN
                                          MONTH:     APRIL
                                          YEAR:      2014
                                          LATITUDE:   44 49 N
                                          LONGITUDE:  93 27 W

  TEMPERATURE IN F:       :PCPN:    SNOW:  WIND      :SUNSHINE: SKY     :PK WND
================================================================================
1   2   3   4   5  6A  6B    7    8   9   10  11  12  13   14  15   16   17  18
                                     12Z  AVG MX 2MIN
DY MAX MIN AVG DEP HDD CDD  WTR  SNW DPTH SPD SPD DIR MIN PSBL S-S WX    SPD DR
================================================================================

 1  37  21  29 -11  36   0    M    M    M 12.1 29 300   M    M   6 16     38 300
 2  44  20  32  -8  33   0 0.00    M    M  7.5 15  60   M    M   3        21  60
 3  40  30  35  -6  30   0    M    M    M 11.4 21  80   M    M  10 1268   26  60
 4  41  27  34  -8  31   0    M    M    M 13.3 25 320   M    M   6 12     31 310
 5  51  23  37  -5  28   0 0.00    M    0  9.1 20 180   M    M   2 1      23 180
 6  63  42  53  10  12   0 0.00    M    M  8.1 17 210   M    M   3        23 210
 7  61  38  50   7  15   0 0.00    M    M  8.1 21 320   M    M   2 128    26 340
 8  53  35  44   0  21   0 0.00    M    M  9.8 21 290   M    M   0        25 320
 9  72  34  53   9  12   0    T    M    M 12.5 25 200   M    M   2        31 190
10  62  44  53   8  12   0 0.00    M    M 11.4 28 300   M    M   2        36 290
11  64  41  53   8  12   0    T    M    M  5.1 13 100   M    M   5        20 340
12  59  45  52   6  13   0 0.07    M    M 10.1 20 110   M    M   9 13     26  60
13  46  33  40  -6  25   0 0.00    M    M 12.6 25 350   M    M  10        33 350
14  38  25  32 -15  33   0 0.00    M    M 16.4 26 320   M    M   4        36 340
15  39  19  29 -18  36   0 0.00    M    M  7.2 15 110   M    M   3        20 270
16  39  30  35 -13  30   0    M    M    M 14.6 23  90   M    M  10 168    33  80
17  42  29  36 -12  29   0    M    M    M  7.8 21 360   M    M   6 1      25 360
18  53  26  40  -9  25   0 0.00    M    M  9.3 22 120   M    M   3 18     28 120
19  69  44  57   8   8   0 0.09    M    M 14.8 25 140   M    M   5 1      37 140
20  77  48  63  13   2   0 0.08    M    M  4.3 10 150   M    M   3 128    16 160
21  69  44  57   7   8   0 0.17    M    M 11.3 24 320   M    M   4 13     33 310
22  60  37  49  -1  16   0 0.00    M    M  7.3 16 310   M    M   0        23 340
================================================================================
SM 1179  735       467   0  0.41    M    224.1          M       98
================================================================================
AV 53.6 33.4                              10.2 FASTST   M    M   4    MAX(MPH)
                                 MISC ---->  # 29 300               # 38  300
================================================================================
NOTES:
# LAST OF SEVERAL OCCURRENCES

COLUMN 17 PEAK WIND IN M.P.H.

PRELIMINARY LOCAL CLIMATOLOGICAL DATA (WS FORM: F-6) , PAGE 2

                                          STATION:  MINNEAPOLIS FLYING CLOUD MN
                                          MONTH:    APRIL
                                          YEAR:     2014
                                          LATITUDE:   44 49 N
                                          LONGITUDE:  93 27 W

[TEMPERATURE DATA]      [PRECIPITATION DATA]       SYMBOLS USED IN COLUMN 16

AVERAGE MONTHLY: 43.5   TOTAL FOR MONTH:   0.41    1 = FOG OR MIST
DPTR FM NORMAL:  -1.9   DPTR FM NORMAL:   -1.49    2 = FOG REDUCING VISIBILITY
HIGHEST:    77 ON 20    GRTST 24HR  0.47 ON  3- 4      TO 1/4 MILE OR LESS
LOWEST:     19 ON 15                               3 = THUNDER
                        SNOW, ICE PELLETS, HAIL    4 = ICE PELLETS
                        TOTAL MONTH:    M          5 = HAIL
                        GRTST 24HR    M  ON   M    6 = FREEZING RAIN OR DRIZZLE
                        GRTST DEPTH:   0           7 = DUSTSTORM OR SANDSTORM:
                                                       VSBY 1/2 MILE OR LESS
                                                   8 = SMOKE OR HAZE
[NO. OF DAYS WITH]      [WEATHER - DAYS WITH]      9 = BLOWING SNOW
                                                   X = TORNADO
MAX 32 OR BELOW:   0    0.01 INCH OR MORE:   4
MAX 90 OR ABOVE:   0    0.10 INCH OR MORE:   1
MIN 32 OR BELOW:  10    0.50 INCH OR MORE:   0
MIN  0 OR BELOW:   0    1.00 INCH OR MORE:   0

[HDD (BASE 65) ]
TOTAL THIS MO.   467    CLEAR  (SCALE 0-3)  10
DPTR FM NORMAL    36    PTCLDY (SCALE 4-7)   8
TOTAL FM JUL 1  8152    CLOUDY (SCALE 8-10)  4
DPTR FM NORMAL   898

[CDD (BASE 65) ]
TOTAL THIS MO.     0
DPTR FM NORMAL     0    [PRESSURE DATA]
TOTAL FM JAN 1     0    HIGHEST SLP M ON M
DPTR FM NORMAL     0    LOWEST  SLP 29.42 ON  1

[REMARKS]
