000
CXUS53 KMPX 241000
CF6FCM
PRELIMINARY LOCAL CLIMATOLOGICAL DATA (WS FORM: F-6)

                                          STATION:   MINNEAPOLIS FLYING CLOUD MN
                                          MONTH:     APRIL
                                          YEAR:      2017
                                          LATITUDE:   44 49 N
                                          LONGITUDE:  93 27 W

  TEMPERATURE IN F:       :PCPN:    SNOW:  WIND      :SUNSHINE: SKY     :PK WND
================================================================================
1   2   3   4   5  6A  6B    7    8   9   10  11  12  13   14  15   16   17  18
                                     12Z  AVG MX 2MIN
DY MAX MIN AVG DEP HDD CDD  WTR  SNW DPTH SPD SPD DIR MIN PSBL S-S WX    SPD DR
================================================================================

 1  66  32  49   9  16   0 0.00    M    M  2.3 10 210   M    M   0        14 310
 2  57  40  49   9  16   0    T    M    M  8.3 18 180   M    M   8 1      23 170
 3  52  48  50   9  15   0 0.05    M    M  7.1 16  50   M    M  10 128    22  40
 4  63  45  54  12  11   0    T    M    M  7.4 18  40   M    M   2        23  30
 5  56  41  49   7  16   0 0.00    M    M  8.7 16  20   M    M   4        22  20
 6  56  35  46   3  19   0 0.00    M    M  8.6 20 340   M    M   0        26 340
 7  62  30  46   3  19   0 0.00    M    M  8.1 20 170   M    M   0        24 180
 8  75  47  61  17   4   0 0.00    M    M 12.8 22 160   M    M   0        27 180
 9  73  53  63  19   2   0    T    M    M  9.6 23 280   M    M   5        32  30
10  53  34  44  -1  21   0    M    M    M 12.0 23  10   M    M  10 1      31 360
11  54  33  44  -1  21   0    M    M    M  5.5 14 280   M    M   5        17 280
12  58  38  48   2  17   0 0.17    M    M  7.8 15 110   M    M   7 1      18 120
13  55  47  51   5  14   0 0.00    M    M  9.3 16 110   M    M  10 18     20 100
14  68  50  59  12   6   0 0.15    M    M 12.8 24 120   M    M   7 18     28 120
15  73  52  63  16   2   0 0.97    M    M  7.2 26 320   M    M   9 13     37 320
16  67  47  57   9   8   0 0.00    M    M 11.7 23 290   M    M   1        36 270
17  59  44  52   4  13   0 0.00    M    M  6.9 16 350   M    M   2        21 350
18  66  49  58   9   7   0 0.16    M    M 15.0 35 190   M    M   9        48 210
19  51  45  48  -1  17   0 0.83    M    M 10.0 23  90   M    M   9 13     31  40
20  50  41  46  -4  19   0 0.03    M    M 10.9 20 300   M    M   8 13     26 310
21  64  37  51   1  14   0 0.00    M    M  5.0 13  40   M    M   0        16  30
22  70  40  55   5  10   0 0.00    M    M  4.6 17 310   M    M   0        21 310
23  71  46  59   8   6   0 0.00    M    M  6.5 16  30   M    M   0        24 190
================================================================================
SM 1419  974       293   0  2.36    M    198.1          M      106
================================================================================
AV 61.7 42.4                               8.6 FASTST   M    M   5    MAX(MPH)
                                 MISC ---->  # 35 190               # 48  210
================================================================================
NOTES:
# LAST OF SEVERAL OCCURRENCES

COLUMN 17 PEAK WIND IN M.P.H.

PRELIMINARY LOCAL CLIMATOLOGICAL DATA (WS FORM: F-6) , PAGE 2

                                          STATION:  MINNEAPOLIS FLYING CLOUD MN
                                          MONTH:    APRIL
                                          YEAR:     2017
                                          LATITUDE:   44 49 N
                                          LONGITUDE:  93 27 W

[TEMPERATURE DATA]      [PRECIPITATION DATA]       SYMBOLS USED IN COLUMN 16

AVERAGE MONTHLY: 52.0   TOTAL FOR MONTH:   2.36    1 = FOG OR MIST
DPTR FM NORMAL:   6.4   DPTR FM NORMAL:    0.35    2 = FOG REDUCING VISIBILITY
HIGHEST:    75 ON  8    GRTST 24HR  1.08 ON 14-15      TO 1/4 MILE OR LESS
LOWEST:     30 ON  7                               3 = THUNDER
                        SNOW, ICE PELLETS, HAIL    4 = ICE PELLETS
                        TOTAL MONTH:    M          5 = HAIL
                        GRTST 24HR    M  ON   M    6 = FREEZING RAIN OR DRIZZLE
                        GRTST DEPTH:  M  ON   M    7 = DUSTSTORM OR SANDSTORM:
                                                       VSBY 1/2 MILE OR LESS
                                                   8 = SMOKE OR HAZE
[NO. OF DAYS WITH]      [WEATHER - DAYS WITH]      9 = BLOWING SNOW
                                                   X = TORNADO
MAX 32 OR BELOW:   0    0.01 INCH OR MORE:   7
MAX 90 OR ABOVE:   0    0.10 INCH OR MORE:   5
MIN 32 OR BELOW:   2    0.50 INCH OR MORE:   2
MIN  0 OR BELOW:   0    1.00 INCH OR MORE:   0

[HDD (BASE 65) ]
TOTAL THIS MO.   293    CLEAR  (SCALE 0-3)  10
DPTR FM NORMAL  -152    PTCLDY (SCALE 4-7)   7
TOTAL FM JUL 1  5945    CLOUDY (SCALE 8-10)  6
DPTR FM NORMAL -1323

[CDD (BASE 65) ]
TOTAL THIS MO.     0
DPTR FM NORMAL     0    [PRESSURE DATA]
TOTAL FM JAN 1     0    HIGHEST SLP M ON M
DPTR FM NORMAL     0    LOWEST  SLP 29.46 ON  8

[REMARKS]
