000
CXUS54 KOUN 200800
CF6FDR
PRELIMINARY LOCAL CLIMATOLOGICAL DATA (WS FORM: F-6)

                                          STATION:   FREDERICK MUNICIPAL
                                          MONTH:     DECEMBER
                                          YEAR:      2014
                                          LATITUDE:   34 21 N
                                          LONGITUDE:  98 59 W

  TEMPERATURE IN F:       :PCPN:    SNOW:  WIND      :SUNSHINE: SKY     :PK WND
================================================================================
1   2   3   4   5  6A  6B    7    8   9   10  11  12  13   14  15   16   17  18
                                     12Z  AVG MX 2MIN
DY MAX MIN AVG DEP HDD CDD  WTR  SNW DPTH SPD SPD DIR MIN PSBL S-S WX    SPD DR
================================================================================

 1  35  23  29 -17  36   0 0.00  0.0    0 16.1 32  10   M    M   0        38  20
 2  46  22  34 -12  31   0 0.00  0.0    0  8.1 18 170   M    M   2        22 170
 3  55  37  46   1  19   0 0.00  0.0    0 10.4 17  70   M    M   6 18     20  70
 4  55  45  50   5  15   0 0.00  0.0    0  5.3 10  30   M    M  10 12     12  80
 5  64  45  55  11  10   0 0.00  0.0    0  9.2 20 350   M    M   9 1      23 360
 6  55  41  48   4  17   0    T  0.0    0  8.5 16 360   M    M   7 1      19  10
 7  53  43  48   4  17   0    T  0.0    0  6.4 14 140   M    M  10 128    16 180
 8  58  39  49   5  16   0 0.00  0.0    0  2.5  9 250   M    M   6 128    13 210
 9  57  36  47   4  18   0 0.00  0.0    0  5.5  9 160   M    M   5 12     13 140
10  61  39  50   7  15   0    T  0.0    0  7.3 12 140   M    M   9 128    16 120
11  60  51  56  13   9   0 0.00  0.0    0  6.7 14 100   M    M  10 18     16 110
12  61  50  56  13   9   0 0.00  0.0    0 10.8 17  90   M    M  10 128    19  90
13  65  53  59  17   6   0 0.00  0.0    0 12.8 22 150   M    M   8 12     27 160
14  70  45  58  16   7   0 0.30    M    0 15.1 31 200   M    M   5 123    36 200
15  58  41  50   8  15   0 0.00  0.0    0 17.4 31 320   M    M   0        37 320
16  50  31  41  -1  24   0 0.00  0.0    0  8.9 31 340   M    M   1        37 340
17  41  38  40  -2  25   0 0.09  0.0    0 12.1 22 110   M    M  10 13     26 110
18  45  39  42   1  23   0 0.00  0.0    0  7.5 14 120   M    M  10 12     15 120
19  45  41  43   2  22   0 0.06  0.0    0  5.9 13  20   M    M  10 18     14  10
================================================================================
SM 1034  759       334   0  0.45     0.0 176.5          M      128
================================================================================
AV 54.4 39.9                               9.3 FASTST   M    M   7    MAX(MPH)
                                 MISC ---->  # 32  10               # 38   20
================================================================================
NOTES:
# LAST OF SEVERAL OCCURRENCES

COLUMN 17 PEAK WIND IN M.P.H.

PRELIMINARY LOCAL CLIMATOLOGICAL DATA (WS FORM: F-6) , PAGE 2

                                          STATION:  FREDERICK MUNICIPAL
                                          MONTH:    DECEMBER
                                          YEAR:     2014
                                          LATITUDE:   34 21 N
                                          LONGITUDE:  98 59 W

[TEMPERATURE DATA]      [PRECIPITATION DATA]       SYMBOLS USED IN COLUMN 16

AVERAGE MONTHLY: 47.2   TOTAL FOR MONTH:   0.45    1 = FOG OR MIST
DPTR FM NORMAL:   3.9   DPTR FM NORMAL:   -0.48    2 = FOG REDUCING VISIBILITY
HIGHEST:    70 ON 14    GRTST 24HR  0.30 ON 14-14      TO 1/4 MILE OR LESS
LOWEST:     22 ON  2                               3 = THUNDER
                        SNOW, ICE PELLETS, HAIL    4 = ICE PELLETS
                        TOTAL MONTH:   0.0 INCH    5 = HAIL
                        GRTST 24HR     0.0         6 = FREEZING RAIN OR DRIZZLE
                        GRTST DEPTH:   0           7 = DUSTSTORM OR SANDSTORM:
                                                       VSBY 1/2 MILE OR LESS
                                                   8 = SMOKE OR HAZE
[NO. OF DAYS WITH]      [WEATHER - DAYS WITH]      9 = BLOWING SNOW
                                                   X = TORNADO
MAX 32 OR BELOW:   0    0.01 INCH OR MORE:   3
MAX 90 OR ABOVE:   0    0.10 INCH OR MORE:   1
MIN 32 OR BELOW:   3    0.50 INCH OR MORE:   0
MIN  0 OR BELOW:   0    1.00 INCH OR MORE:   0

[HDD (BASE 65) ]
TOTAL THIS MO.   334    CLEAR  (SCALE 0-3)   4
DPTR FM NORMAL   -80    PTCLDY (SCALE 4-7)   5
TOTAL FM JUL 1   877    CLOUDY (SCALE 8-10) 10
DPTR FM NORMAL   -51

[CDD (BASE 65) ]
TOTAL THIS MO.     0
DPTR FM NORMAL     0    [PRESSURE DATA]
TOTAL FM JAN 1  2603    HIGHEST SLP M ON M
DPTR FM NORMAL   204    LOWEST  SLP 29.62 ON 14

[REMARKS]
