000
CXUS52 KFFC 241110
CF6FFC
PRELIMINARY LOCAL CLIMATOLOGICAL DATA (WS FORM: F-6)

                                          STATION:   PEACHTREE CITY
                                          MONTH:     JANUARY
                                          YEAR:      2017
                                          LATITUDE:   33 20 N
                                          LONGITUDE:  84 34 W

  TEMPERATURE IN F:       :PCPN:    SNOW:  WIND      :SUNSHINE: SKY     :PK WND
================================================================================
1   2   3   4   5  6A  6B    7    8   9   10  11  12  13   14  15   16   17  18
                                     12Z  AVG MX 2MIN
DY MAX MIN AVG DEP HDD CDD  WTR  SNW DPTH SPD SPD DIR MIN PSBL S-S WX    SPD DR
================================================================================

 1  56  42  49   7  16   0 1.04    M    0  5.1 13 150   M    M  10 1      17 150
 2  58  51  55  13  10   0 2.78  0.0    0  4.2 17  90   M    M  10 123    24  80
 3  64  53  59  17   6   0 0.00  0.0    0  4.3 12 250   M    M   5 1      16 240
 4  55  39  47   5  18   0 0.00  0.0    0  8.6 21 320   M    M   1        27 310
 5  57  28  43   1  22   0 0.00  0.0    0  2.5 12 280   M    M   4        17 230
 6  48  32  40  -2  25   0 0.54  0.0    0  7.7 16 310   M    M  10 1      20 310
 7  32  21  27 -15  38   0    T    M    0 13.2 23 330   M    M   5 16     30 340
 8  35  16  26 -16  39   0 0.00  0.0    0  7.9 15 340   M    M   0        20 340
 9  46  20  33  -9  32   0 0.00  0.0    0  2.8 14 140   M    M   1        19 120
10  59  24  42   0  23   0    T    M    0  4.5 16 140   M    M   4        21 130
11  71  46  59  17   6   0    T    M    0  4.6 13 150   M    M   7        21 180
12  73  42  58  16   7   0 0.00  0.0    0  2.1 12 250   M    M   4 1      18 200
13  75  44  60  18   5   0 0.00  0.0    0  1.2  8 320   M    M   6 12     11 330
14  76  43  60  17   5   0 0.00  0.0    0  0.9  8 260   M    M   2 12     17 210
15  74  44  59  16   6   0 0.00  0.0    0  0.6  8 230   M    M   2 1      12 260
16  72  44  58  15   7   0 0.00  0.0    0  1.6  9 150   M    M   5 1      16 140
17  74  49  62  19   3   0 0.00  0.0    0  2.8 15 240   M    M   5 1      24 230
18  70  54  62  19   3   0 0.05  0.0    0  4.2 15 310   M    M   5 1      21 320
19  74  48  61  18   4   0 0.10  0.0    0  3.8 12 170   M    M   4 1      18 170
20  72  54  63  20   2   0 0.04  0.0    0  4.3 17 130   M    M   6 1      22 140
21  63  51  57  14   8   0 1.92  0.0    0  2.2 31 320   M    M   7 123    43 310
22  63  50  57  14   8   0 0.60  0.0    0  7.6 21 140   M    M  10 13     31 230
23  58  48  53  10  12   0 0.18  0.0    0 12.1 26 320   M    M   7 1      36 320
================================================================================
SM 1425  943       305   0  7.25     0.0 108.8          M      120
================================================================================
AV 62.0 41.0                               4.7 FASTST   M    M   5    MAX(MPH)
                                 MISC ---->  # 31 320               # 43  310
================================================================================
NOTES:
# LAST OF SEVERAL OCCURRENCES

COLUMN 17 PEAK WIND IN M.P.H.

PRELIMINARY LOCAL CLIMATOLOGICAL DATA (WS FORM: F-6) , PAGE 2

                                          STATION:  PEACHTREE CITY
                                          MONTH:    JANUARY
                                          YEAR:     2017
                                          LATITUDE:   33 20 N
                                          LONGITUDE:  84 34 W

[TEMPERATURE DATA]      [PRECIPITATION DATA]       SYMBOLS USED IN COLUMN 16

AVERAGE MONTHLY: 51.5   TOTAL FOR MONTH:   7.25    1 = FOG OR MIST
DPTR FM NORMAL:   9.0   DPTR FM NORMAL:    4.51    2 = FOG REDUCING VISIBILITY
HIGHEST:    76 ON 14    GRTST 24HR  2.78 ON  2- 2      TO 1/4 MILE OR LESS
LOWEST:     16 ON  8                               3 = THUNDER
                        SNOW, ICE PELLETS, HAIL    4 = ICE PELLETS
                        TOTAL MONTH:   0.0 INCH    5 = HAIL
                        GRTST 24HR     0.0         6 = FREEZING RAIN OR DRIZZLE
                        GRTST DEPTH:   0           7 = DUSTSTORM OR SANDSTORM:
                                                       VSBY 1/2 MILE OR LESS
                                                   8 = SMOKE OR HAZE
[NO. OF DAYS WITH]      [WEATHER - DAYS WITH]      9 = BLOWING SNOW
                                                   X = TORNADO
MAX 32 OR BELOW:   1    0.01 INCH OR MORE:   9
MAX 90 OR ABOVE:   0    0.10 INCH OR MORE:   7
MIN 32 OR BELOW:   6    0.50 INCH OR MORE:   5
MIN  0 OR BELOW:   0    1.00 INCH OR MORE:   3

[HDD (BASE 65) ]
TOTAL THIS MO.   305    CLEAR  (SCALE 0-3)   5
DPTR FM NORMAL  -215    PTCLDY (SCALE 4-7)  14
TOTAL FM JUL 1  1186    CLOUDY (SCALE 8-10)  4
DPTR FM NORMAL  -515

[CDD (BASE 65) ]
TOTAL THIS MO.     0
DPTR FM NORMAL     0    [PRESSURE DATA]
TOTAL FM JAN 1     0    HIGHEST SLP M ON M
DPTR FM NORMAL     0    LOWEST  SLP 29.20 ON M

[REMARKS]
