000
CXUS53 KLMK 280800
CF6FFT
PRELIMINARY LOCAL CLIMATOLOGICAL DATA (WS FORM: F-6)

                                          STATION:   FRANKFORT KY
                                          MONTH:     DECEMBER
                                          YEAR:      2014
                                          LATITUDE:   38 10 N
                                          LONGITUDE:  84 54 W

  TEMPERATURE IN F:       :PCPN:    SNOW:  WIND      :SUNSHINE: SKY     :PK WND
================================================================================
1   2   3   4   5  6A  6B    7    8   9   10  11  12  13   14  15   16   17  18
                                     12Z  AVG MX 2MIN
DY MAX MIN AVG DEP HDD CDD  WTR  SNW DPTH SPD SPD DIR MIN PSBL S-S WX    SPD DR
================================================================================

 1  63  35  49   9  16   0 0.77    M    M  9.3 18 210   M    M  10 1      26 210
 2  41  35  38  -1  27   0 0.01    M    M  5.9 14  70   M    M  10 1      18  40
 3  40  29  35  -4  30   0 0.00    M    M  5.6 15 260   M    M   7 18     20 270
 4  40  28  34  -5  31   0 0.24    M    M  4.5 13  90   M    M   8 1      16  90
 5  57  40  49  11  16   0 0.60    M    M  3.1 12 160   M    M  10 12     14 150
 6  58  40  49  11  16   0 0.77    M    M 10.4 21 330   M    M  10 18     27 330
 7  44  32  38   0  27   0 0.00    M    M  8.8 15  90   M    M   3        21  50
 8  50  32  41   4  24   0 0.00    M    M  6.3 17 220   M    M   5        21 230
 9  45  36  41   4  24   0    T    M    M  8.2 15 320   M    M  10 18     20 310
10  38  31  35  -1  30   0    T    M    M  7.3 13 330   M    M  10        16 310
11  40  26  33  -3  32   0 0.00    M    M  5.5 12 330   M    M   5        15 320
12  44  20  32  -4  33   0 0.00    M    M  4.3 10 270   M    M   3 18     14 230
13  45  37  41   5  24   0 0.00    M    M  3.0 10 300   M    M  10        16 300
14  47  41  44   9  21   0 0.00    M    M  2.3  9 130   M    M  10 18     12 140
15  53  41  47  12  18   0 0.03    M    M  7.3 13 190   M    M   9        17 180
16  53  37  45  10  20   0 0.04    M    M 10.4 17 270   M    M  10 1      24 250
17  37  29  33  -2  32   0 0.01    M    M  6.7 13 280   M    M  10 1      19 290
18  32  28  30  -4  35   0 0.00    M    M  2.9  8  10   M    M  10        10  20
19  33  23  28  -6  37   0 0.00    M    M  3.0  8  30   M    M   5 18     10  40
20  36  24  30  -4  35   0 0.00    M    M  2.3  8  60   M    M   8         9  50
21  40  18  29  -5  36   0 0.00    M    M  4.2 10  70   M    M   0 18     14 100
22  53  28  41   7  24   0 0.13    M    M  5.1 13 110   M    M   8 13     16 140
23  57  50  54  21  11   0 0.30    M    M  7.5 23 130   M    M  10 13     31 140
24  58  38  48  15  17   0 0.13    M    M  8.4 33 240   M    M   8 1      42 230
25  43  29  36   3  29   0    T    M    M  7.3 16 210   M    M   7        21 260
26  54  27  41   8  24   0 0.00    M    M  7.0 16 220   M    M   0        19 210
27  53  45  49  16  16   0 0.05    M    M  6.9 20 230   M    M   9 1      24 220
================================================================================
SM 1254  879       685   0  3.08    M    163.5          M      205
================================================================================
AV 46.4 32.6                               6.1 FASTST   M    M   8    MAX(MPH)
                                 MISC ---->  # 33 240               # 42  230
================================================================================
NOTES:
# LAST OF SEVERAL OCCURRENCES

COLUMN 17 PEAK WIND IN M.P.H.

PRELIMINARY LOCAL CLIMATOLOGICAL DATA (WS FORM: F-6) , PAGE 2

                                          STATION:  FRANKFORT KY
                                          MONTH:    DECEMBER
                                          YEAR:     2014
                                          LATITUDE:   38 10 N
                                          LONGITUDE:  84 54 W

[TEMPERATURE DATA]      [PRECIPITATION DATA]       SYMBOLS USED IN COLUMN 16

AVERAGE MONTHLY: 39.5   TOTAL FOR MONTH:   3.08    1 = FOG OR MIST
DPTR FM NORMAL:   3.8   DPTR FM NORMAL:   -0.49    2 = FOG REDUCING VISIBILITY
HIGHEST:    63 ON  1    GRTST 24HR  1.37 ON  5- 6      TO 1/4 MILE OR LESS
LOWEST:     18 ON 21                               3 = THUNDER
                        SNOW, ICE PELLETS, HAIL    4 = ICE PELLETS
                        TOTAL MONTH:    M          5 = HAIL
                        GRTST 24HR    M  ON   M    6 = FREEZING RAIN OR DRIZZLE
                        GRTST DEPTH:  M  ON   M    7 = DUSTSTORM OR SANDSTORM:
                                                       VSBY 1/2 MILE OR LESS
                                                   8 = SMOKE OR HAZE
[NO. OF DAYS WITH]      [WEATHER - DAYS WITH]      9 = BLOWING SNOW
                                                   X = TORNADO
MAX 32 OR BELOW:   1    0.01 INCH OR MORE:  12
MAX 90 OR ABOVE:   0    0.10 INCH OR MORE:   7
MIN 32 OR BELOW:  15    0.50 INCH OR MORE:   3
MIN  0 OR BELOW:   0    1.00 INCH OR MORE:   0

[HDD (BASE 65) ]
TOTAL THIS MO.   685    CLEAR  (SCALE 0-3)   3
DPTR FM NORMAL  -105    PTCLDY (SCALE 4-7)   9
TOTAL FM JUL 1  1813    CLOUDY (SCALE 8-10) 15
DPTR FM NORMAL   112

[CDD (BASE 65) ]
TOTAL THIS MO.     0
DPTR FM NORMAL     0    [PRESSURE DATA]
TOTAL FM JAN 1  1070    HIGHEST SLP M ON M
DPTR FM NORMAL   -85    LOWEST  SLP 29.38 ON 24

[REMARKS]
