000
CXUS53 KARX 230930
CF6FKA
PRELIMINARY LOCAL CLIMATOLOGICAL DATA (WS FORM: F-6)

                                          STATION:   PRESTON MN
                                          MONTH:     FEBRUARY
                                          YEAR:      2018
                                          LATITUDE:   43 40 N
                                          LONGITUDE:  92 11 W

  TEMPERATURE IN F:       :PCPN:    SNOW:  WIND      :SUNSHINE: SKY     :PK WND
================================================================================
1   2   3   4   5  6A  6B    7    8   9   10  11  12  13   14  15   16   17  18
                                     12Z  AVG MX 2MIN
DY MAX MIN AVG DEP HDD CDD  WTR  SNW DPTH SPD SPD DIR MIN PSBL S-S WX    SPD DR
================================================================================

 1  18  -3   8   M  57   0 0.00  0.0    0 16.4 23 340   M    M   1        33 320
 2  17  -7   5   M  60   0 0.00  0.0    0  8.3 17 200   M    M   4        21 200
 3  30  13  22   M  43   0    M    M    0 10.4 16 190   M    M  10        24 190
 4  13  -6   4   M  61   0    M    M    T 14.2 20 350   M    M   4        25 360
 5  10  -5   3   M  62   0    M    M    1  8.2 13 190   M    M   5         M  M
 6   8 -10  -1   M  66   0    M    M    2  5.1 10 310   M    M   4 8       M  M
 7  11   1   6   M  59   0 0.00  0.0    0  8.1 13 310   M    M   4         M  M
 8  15   4  10   M  55   0    M    M    M  4.1 10 280   M    M   7         M  M
 9  11   0   6   M  59   0    M    M    M  9.0 13 360   M    M   4         M  M
10  11  -4   4   M  61   0 0.00  0.0    M  5.7 10 320   M    M   2         M  M
11  15   2   9   M  56   0 0.00  0.0    M  9.1 15 310   M    M   2         M  M
12  13  -2   6   M  59   0 0.00  0.0    M  4.9 12 320   M    M   0         M  M
13  26   6  16   M  49   0 0.00  0.0    M 11.9 18 190   M    M   5        24 180
14  42  19  31   M  34   0 0.00  0.0    M 14.0 20 190   M    M   0 18     24 190
15  37  26  32   M  33   0    M  0.0    0 10.7 18 340   M    M   4 1      25 340
16  26   2  14   M  51   0 0.00  0.0    0 13.0 22 320   M    M   1        30 320
17  29  13  21   M  44   0    M    M    0 12.9 20 190   M    M   5        25 190
18  37  13  25   M  40   0 0.00  0.0    M 13.8 30 170   M    M   2 1      40 170
19  36  27  32   M  33   0 0.01    M    0  8.3 13  40   M    M   8 16     21  30
20  30   9  20   M  45   0    M    M    M  7.8 13 300   M    M   8 16     17 300
21  21   5  13   M  52   0 0.00  0.0    M  3.6 10 320   M    M   1         M  M
22  30  16  23   M  42   0    M    M    M  7.1 13 100   M    M  10 1      18 130
================================================================================
SM  486  119      1121   0  0.01     0.0 206.6          M       91
================================================================================
AV 22.1  5.4                               9.4 FASTST   M    M   4    MAX(MPH)
                                 MISC ---->  # 30 170               # 40  170
================================================================================
NOTES:
# LAST OF SEVERAL OCCURRENCES

COLUMN 17 PEAK WIND IN M.P.H.

PRELIMINARY LOCAL CLIMATOLOGICAL DATA (WS FORM: F-6) , PAGE 2

                                          STATION:  PRESTON MN
                                          MONTH:    FEBRUARY
                                          YEAR:     2018
                                          LATITUDE:   43 40 N
                                          LONGITUDE:  92 11 W

[TEMPERATURE DATA]      [PRECIPITATION DATA]       SYMBOLS USED IN COLUMN 16

AVERAGE MONTHLY: 13.8   TOTAL FOR MONTH:   0.01    1 = FOG OR MIST
DPTR FM NORMAL:     M   DPTR FM NORMAL:       M    2 = FOG REDUCING VISIBILITY
HIGHEST:    42 ON 14    GRTST 24HR  0.01 ON 19-19      TO 1/4 MILE OR LESS
LOWEST:    -10 ON  6                               3 = THUNDER
                        SNOW, ICE PELLETS, HAIL    4 = ICE PELLETS
                        TOTAL MONTH:   0.0 INCH    5 = HAIL
                        GRTST 24HR     0.0         6 = FREEZING RAIN OR DRIZZLE
                        GRTST DEPTH:   2 ON  6     7 = DUSTSTORM OR SANDSTORM:
                                                       VSBY 1/2 MILE OR LESS
                                                   8 = SMOKE OR HAZE
[NO. OF DAYS WITH]      [WEATHER - DAYS WITH]      9 = BLOWING SNOW
                                                   X = TORNADO
MAX 32 OR BELOW:  18    0.01 INCH OR MORE:   1
MAX 90 OR ABOVE:   0    0.10 INCH OR MORE:   0
MIN 32 OR BELOW:  22    0.50 INCH OR MORE:   0
MIN  0 OR BELOW:   8    1.00 INCH OR MORE:   0

[HDD (BASE 65) ]
TOTAL THIS MO.  1121    CLEAR  (SCALE 0-3)   8
DPTR FM NORMAL     M    PTCLDY (SCALE 4-7)  10
TOTAL FM JUL 1  5658    CLOUDY (SCALE 8-10)  4
DPTR FM NORMAL     M

[CDD (BASE 65) ]
TOTAL THIS MO.     0
DPTR FM NORMAL     M    [PRESSURE DATA]
TOTAL FM JAN 1     0    HIGHEST SLP M ON M
DPTR FM NORMAL     M    LOWEST  SLP M ON M

[REMARKS]
