000
CXUS53 KARX 270930
CF6FKA
PRELIMINARY LOCAL CLIMATOLOGICAL DATA (WS FORM: F-6)

                                          STATION:   PRESTON MN
                                          MONTH:     AUGUST
                                          YEAR:      2015
                                          LATITUDE:   43 40 N
                                          LONGITUDE:  92 11 W

  TEMPERATURE IN F:       :PCPN:    SNOW:  WIND      :SUNSHINE: SKY     :PK WND
================================================================================
1   2   3   4   5  6A  6B    7    8   9   10  11  12  13   14  15   16   17  18
                                     12Z  AVG MX 2MIN
DY MAX MIN AVG DEP HDD CDD  WTR  SNW DPTH SPD SPD DIR MIN PSBL S-S WX    SPD DR
================================================================================

 1  83  59  71   M   0   6 0.00  0.0    0  6.5 10 260   M    M   1         M  M
 2  86  62  74   M   0   9 0.00  0.0    0 12.1 18 250   M    M   1        27 250
 3  74  54  64   M   1   0 0.00  0.0    0  9.0 18 280   M    M   0        23 280
 4  75  53  64   M   1   0 0.00  0.0    0  3.2  8 290   M    M   0         M  M
 5  78  52  65   M   0   0 0.00  0.0    0  0.8  5 210   M    M   1         M  M
 6  76  55  66   M   0   1 0.06  0.0    0  5.4 12 200   M    M   4 3       M  M
 7  79  63  71   M   0   6 0.02  0.0    0  7.8 15 280   M    M   6        21 180
 8  78  58  68   M   0   3 0.00  0.0    0  3.2  8 170   M    M   6 12      M  M
 9  80  63  72   M   0   7 0.00  0.0    0  1.4  6 150   M    M   5 1       M  M
10  77  60  69   M   0   4 0.12  0.0    0  6.6 13 350   M    M   5 1      20 340
11  77  57  67   M   0   2 0.00  0.0    0  4.9 12  10   M    M   1        17 360
12  80  57  69   M   0   4 0.00  0.0    0  3.7  8 220   M    M   0         M  M
13  82  63  73   M   0   8 0.00  0.0    0  8.8 17 240   M    M   2        23 240
14  88  71  80   M   0  15 0.00  0.0    0  5.2 12 270   M    M   3         M  M
15  85  67  76   M   0  11 0.00  0.0    0  4.9  9 190   M    M   1         M  M
16  85  67  76   M   0  11 0.04  0.0    0  7.8 14 220   M    M   1 3      18 220
17  70  60  65   M   0   0 0.75  0.0    0  2.8  8 300   M    M   8         M  M
18  68  61  65   M   0   0 0.53  0.0    0  5.0 12 120   M    M   9 1      17 120
19  66  52  59   M   6   0 0.02  0.0    0 10.3 17 280   M    M  10 1      27 300
20  70  50  60   M   5   0 0.00  0.0    0 11.7 20 310   M    M   3        28 290
21  78  55  67   M   0   2 0.00  0.0    0 11.6 21 190   M    M   2        31 220
22  77  60  69   M   0   4 0.03  0.0    0 15.4 27 170   M    M   4 3      37 170
23  68  52  60   M   5   0 0.07  0.0    0 16.3 24 280   M    M   5 3      33 280
24  64  49  57   M   8   0 0.00  0.0    0 13.5 23 300   M    M   6        36 300
25  69  49  59   M   6   0 0.00  0.0    0 10.0 18 320   M    M   1        25 330
26  72  47  60   M   5   0 0.00  0.0    0  1.3  5 320   M    M   0 8       M  M
================================================================================
SM 1985 1496        37  93  1.64     0.0 189.2          M       85
================================================================================
AV 76.3 57.5                               7.3 FASTST   M    M   3    MAX(MPH)
                                 MISC ---->  # 27 170                 37    M
================================================================================
NOTES:
# LAST OF SEVERAL OCCURRENCES

COLUMN 17 PEAK WIND IN M.P.H.

PRELIMINARY LOCAL CLIMATOLOGICAL DATA (WS FORM: F-6) , PAGE 2

                                          STATION:  PRESTON MN
                                          MONTH:    AUGUST
                                          YEAR:     2015
                                          LATITUDE:   43 40 N
                                          LONGITUDE:  92 11 W

[TEMPERATURE DATA]      [PRECIPITATION DATA]       SYMBOLS USED IN COLUMN 16

AVERAGE MONTHLY: 66.9   TOTAL FOR MONTH:   1.64    1 = FOG OR MIST
DPTR FM NORMAL:     M   DPTR FM NORMAL:       M    2 = FOG REDUCING VISIBILITY
HIGHEST:    88 ON 14    GRTST 24HR  0.75 ON 17-17      TO 1/4 MILE OR LESS
LOWEST:     47 ON 26                               3 = THUNDER
                        SNOW, ICE PELLETS, HAIL    4 = ICE PELLETS
                        TOTAL MONTH:   0.0 INCH    5 = HAIL
                        GRTST 24HR     0.0         6 = FREEZING RAIN OR DRIZZLE
                        GRTST DEPTH:   0           7 = DUSTSTORM OR SANDSTORM:
                                                       VSBY 1/2 MILE OR LESS
                                                   8 = SMOKE OR HAZE
[NO. OF DAYS WITH]      [WEATHER - DAYS WITH]      9 = BLOWING SNOW
                                                   X = TORNADO
MAX 32 OR BELOW:   0    0.01 INCH OR MORE:   9
MAX 90 OR ABOVE:   0    0.10 INCH OR MORE:   3
MIN 32 OR BELOW:   0    0.50 INCH OR MORE:   2
MIN  0 OR BELOW:   0    1.00 INCH OR MORE:   0

[HDD (BASE 65) ]
TOTAL THIS MO.    37    CLEAR  (SCALE 0-3)  14
DPTR FM NORMAL     M    PTCLDY (SCALE 4-7)   9
TOTAL FM JUL 1    64    CLOUDY (SCALE 8-10)  3
DPTR FM NORMAL     M

[CDD (BASE 65) ]
TOTAL THIS MO.    93
DPTR FM NORMAL     M    [PRESSURE DATA]
TOTAL FM JAN 1   322    HIGHEST SLP M ON M
DPTR FM NORMAL     M    LOWEST  SLP M ON M

[REMARKS]
