000
CXUS53 KARX 310659
CF6FKA
PRELIMINARY LOCAL CLIMATOLOGICAL DATA (WS FORM: F-6)

                                          STATION:   PRESTON MN
                                          MONTH:     OCTOBER
                                          YEAR:      2014
                                          LATITUDE:   43 40 N
                                          LONGITUDE:  92 11 W

  TEMPERATURE IN F:       :PCPN:    SNOW:  WIND      :SUNSHINE: SKY     :PK WND
================================================================================
1   2   3   4   5  6A  6B    7    8   9   10  11  12  13   14  15   16   17  18
                                     12Z  AVG MX 2MIN
DY MAX MIN AVG DEP HDD CDD  WTR  SNW DPTH SPD SPD DIR MIN PSBL S-S WX    SPD DR
================================================================================

 1  58  46  52   M  13   0 0.09  0.0    0  6.2 12 130   M    M   9 1      18 130
 2  65  50  58   M   7   0 0.44  0.0    0  4.8 18 340   M    M  10 123    27 330
 3  50  35  43   M  22   0    T    T    0 20.7 28 300   M    M   9        40 290
 4  49  32  41   M  24   0    M    M    0 16.4 24 290   M    M   6        32 300
 5  49  32  41   M  24   0 0.00  0.0    0  9.3 16 290   M    M   7        23 290
 6  57  34  46   M  19   0 0.00  0.0    0 10.4 17 250   M    M   3        23 280
 7  57  42  50   M  15   0 0.00  0.0    0 12.2 23 300   M    M   4        31 300
 8  61  38  50   M  15   0 0.00  0.0    0 11.6 24 300   M    M   0        33 280
 9  53  34  44   M  21   0 0.00  0.0    0  5.5 10 330   M    M   0         M  M
10  53  31  42   M  23   0 0.00  0.0    0  3.6  7 350   M    M   1         M  M
11  56  30  43   M  22   0 0.00  0.0    0  3.5  9 160   M    M   0 1       M  M
12  54  35  45   M  20   0 0.00  0.0    0  8.4 16 160   M    M   6 1      21 150
13  51  48  50   M  15   0 0.54  0.0    0  5.2 13  10   M    M  10 12     21  20
14  54  46  50   M  15   0 0.66  0.0    0 15.8 22 360   M    M   8        35 360
15  62  41  52   M  13   0 0.00  0.0    0  9.4 18 350   M    M   0        24 350
16  69  35  52   M  13   0 0.00  0.0    0  7.4 15 190   M    M   0        21 200
17  53  45  49   M  16   0    T  0.0    0 14.2 21 300   M    M   9 1      28 310
18  52  37  45   M  20   0 0.00  0.0    0  6.1 13 310   M    M   5        18 310
19  64  35  50   M  15   0 0.00  0.0    0 11.4 20 210   M    M   0        27 210
20  61  41  51   M  14   0 0.00  0.0    0  8.2 15 330   M    M   0        21 330
21  56  36  46   M  19   0 0.00  0.0    0  4.7 10 140   M    M   0         M  M
22  57  35  46   M  19   0 0.19  0.0    0 12.0 17 150   M    M   3        25 150
23  53  45  49   M  16   0 0.13  0.0    0  7.2 13 180   M    M   8 12     17 180
24  60  46  53   M  12   0 0.00  0.0    0  7.7 15 200   M    M  10 12     22 200
25  62  39  51   M  14   0 0.00    M    0 11.1 20 300   M    M   0        25 300
26  61  35  48   M  17   0 0.00  0.0    0  7.7 14 130   M    M   3        20 160
27  65  44  55   M  10   0 0.00  0.0    0  6.2 18 290   M    M   3        25 290
28  46  36  41   M  24   0    T  0.0    0 16.1 24 290   M    M   7        32 280
29  44  33  39   M  26   0 0.00  0.0    0  9.4 22 300   M    M   6        29 300
30  47  31  39   M  26   0 0.00  0.0    0  6.9 20 350   M    M   9        32 350
================================================================================
SM 1679 1147       529   0  2.05    T    279.3          M      136
================================================================================
AV 56.0 38.2                               9.3 FASTST   M    M   5    MAX(MPH)
                                 MISC ---->    28   M                 40    M
================================================================================
NOTES:
# LAST OF SEVERAL OCCURRENCES

COLUMN 17 PEAK WIND IN M.P.H.

PRELIMINARY LOCAL CLIMATOLOGICAL DATA (WS FORM: F-6) , PAGE 2

                                          STATION:  PRESTON MN
                                          MONTH:    OCTOBER
                                          YEAR:     2014
                                          LATITUDE:   43 40 N
                                          LONGITUDE:  92 11 W

[TEMPERATURE DATA]      [PRECIPITATION DATA]       SYMBOLS USED IN COLUMN 16

AVERAGE MONTHLY: 47.1   TOTAL FOR MONTH:   2.05    1 = FOG OR MIST
DPTR FM NORMAL:     M   DPTR FM NORMAL:       M    2 = FOG REDUCING VISIBILITY
HIGHEST:    69 ON 16    GRTST 24HR  0.66 ON 14-14      TO 1/4 MILE OR LESS
LOWEST:     30 ON 11                               3 = THUNDER
                        SNOW, ICE PELLETS, HAIL    4 = ICE PELLETS
                        TOTAL MONTH:    T          5 = HAIL
                        GRTST 24HR    T  ON  3- 3  6 = FREEZING RAIN OR DRIZZLE
                        GRTST DEPTH:   0           7 = DUSTSTORM OR SANDSTORM:
                                                       VSBY 1/2 MILE OR LESS
                                                   8 = SMOKE OR HAZE
[NO. OF DAYS WITH]      [WEATHER - DAYS WITH]      9 = BLOWING SNOW
                                                   X = TORNADO
MAX 32 OR BELOW:   0    0.01 INCH OR MORE:   6
MAX 90 OR ABOVE:   0    0.10 INCH OR MORE:   5
MIN 32 OR BELOW:   5    0.50 INCH OR MORE:   2
MIN  0 OR BELOW:   0    1.00 INCH OR MORE:   0

[HDD (BASE 65) ]
TOTAL THIS MO.   529    CLEAR  (SCALE 0-3)  13
DPTR FM NORMAL     M    PTCLDY (SCALE 4-7)   8
TOTAL FM JUL 1   760    CLOUDY (SCALE 8-10)  9
DPTR FM NORMAL     M

[CDD (BASE 65) ]
TOTAL THIS MO.     0
DPTR FM NORMAL     M    [PRESSURE DATA]
TOTAL FM JAN 1   426    HIGHEST SLP M ON M
DPTR FM NORMAL     M    LOWEST  SLP M ON M

[REMARKS]
