000
CXUS53 KMKX 300646
CF6FLD
PRELIMINARY LOCAL CLIMATOLOGICAL DATA (WS FORM: F-6)

                                          STATION:   FOND_DU_LAC WI
                                          MONTH:     NOVEMBER
                                          YEAR:      2016
                                          LATITUDE:   43 46 N
                                          LONGITUDE:  88 29 W

  TEMPERATURE IN F:       :PCPN:    SNOW:  WIND      :SUNSHINE: SKY     :PK WND
================================================================================
1   2   3   4   5  6A  6B    7    8   9   10  11  12  13   14  15   16   17  18
                                     12Z  AVG MX 2MIN
DY MAX MIN AVG DEP HDD CDD  WTR  SNW DPTH SPD SPD DIR MIN PSBL S-S WX    SPD DR
================================================================================

 1  71  45  58  15   7   0 0.00  0.0    0  5.8 16 200   M    M   3        21 190
 2  59  43  51   8  14   0    T    M    0  4.0 12  40   M    M   3 12     13  20
 3  60  38  49   7  16   0    T    M    0  4.2 14  40   M    M   3 12     16  40
 4  61  33  47   5  18   0    T    M    0  5.8 14 250   M    M   2 12     20 210
 5  68  40  54  12  11   0 0.00  0.0    0  4.1 10 230   M    M   0 18     15 220
 6  68  37  53  12  12   0 0.00  0.0    0  5.3 10 190   M    M   0 1      13 230
 7  64  41  53  12  12   0 0.00  0.0    0  7.7 17 190   M    M   0        23 200
 8  56  36  46   6  19   0 0.07  0.0    0 10.7 23 340   M    M   4 1      29 330
 9  58  31  45   5  20   0 0.00  0.0    0  5.8 15 290   M    M   0        19 290
10  66  41  54  15  11   0 0.00  0.0    0 12.2 21 230   M    M   0        30 220
11  49  27  38  -1  27   0 0.00    M    M 10.0 26  30   M    M   1        35  20
12  51  31  41   3  24   0 0.00    M    M 10.6 21 210   M    M   0        27 220
13  57  36  47   9  18   0 0.00    M    M 14.0 23 210   M    M   0        33 220
14  59  37  48  10  17   0 0.00    M    M  5.8 16 210   M    M   0 1      21 220
15  49  38  44   7  21   0 0.00    M    0  4.2 10 220   M    M   7 1      12 220
16  57  32  45   9  20   0 0.00    M    0  7.0 17 160   M    M   1 12     22 140
17  69  48  59  23   6   0 0.00  0.0    0 12.6 22 170   M    M   0 1      29 180
18  67  34  51  15  14   0    T    M    0 17.9 31 240   M    M   4        46 220
19  35  25  30  -5  35   0    T    M    0 20.3 32 310   M    M   8 1      39 310
20  33  23  28  -7  37   0 0.00  0.0    0  8.7 20 350   M    M   3        24 330
21  34  20  27  -7  38   0    T    M    0  4.1 13  30   M    M   1        15  30
22  41  21  31  -3  34   0    T    M    M  6.3 18  80   M    M   4        23  60
23  43  38  41   8  24   0 0.07    M    M  7.3 15 130   M    M  10 1      20 130
24  40  34  37   5  28   0 0.01    M    M  8.2 17 290   M    M  10 1      21 290
25  38  33  36   4  29   0 0.01    M    M  6.7 13 290   M    M   9 1      19 280
26  46  33  40   8  25   0 0.00    M    M  7.2 14 220   M    M   5        19 220
27  45  30  38   7  27   0 0.18    M    M 10.4 21 140   M    M   4 1      27 140
28  50  42  46  16  19   0 0.78    M    M 16.1 25 160   M    M  10 1      34 170
29  49  32  41  11  24   0 0.00    M    M 11.1 23 210   M    M   1        31 200
================================================================================
SM 1543  999       607   0  1.12     0.0 254.1          M       93
================================================================================
AV 53.2 34.5                               8.8 FASTST   M    M   3    MAX(MPH)
                                 MISC ---->  # 32 310               # 46  220
================================================================================
NOTES:
# LAST OF SEVERAL OCCURRENCES

COLUMN 17 PEAK WIND IN M.P.H.

PRELIMINARY LOCAL CLIMATOLOGICAL DATA (WS FORM: F-6) , PAGE 2

                                          STATION:  FOND_DU_LAC WI
                                          MONTH:    NOVEMBER
                                          YEAR:     2016
                                          LATITUDE:   43 46 N
                                          LONGITUDE:  88 29 W

[TEMPERATURE DATA]      [PRECIPITATION DATA]       SYMBOLS USED IN COLUMN 16

AVERAGE MONTHLY: 43.8   TOTAL FOR MONTH:   1.12    1 = FOG OR MIST
DPTR FM NORMAL:   7.0   DPTR FM NORMAL:   -0.87    2 = FOG REDUCING VISIBILITY
HIGHEST:    71 ON  1    GRTST 24HR  0.84 ON 27-28      TO 1/4 MILE OR LESS
LOWEST:     20 ON 21                               3 = THUNDER
                        SNOW, ICE PELLETS, HAIL    4 = ICE PELLETS
                        TOTAL MONTH:   0.0 INCH    5 = HAIL
                        GRTST 24HR     0.0         6 = FREEZING RAIN OR DRIZZLE
                        GRTST DEPTH:   0           7 = DUSTSTORM OR SANDSTORM:
                                                       VSBY 1/2 MILE OR LESS
                                                   8 = SMOKE OR HAZE
[NO. OF DAYS WITH]      [WEATHER - DAYS WITH]      9 = BLOWING SNOW
                                                   X = TORNADO
MAX 32 OR BELOW:   0    0.01 INCH OR MORE:   6
MAX 90 OR ABOVE:   0    0.10 INCH OR MORE:   2
MIN 32 OR BELOW:  10    0.50 INCH OR MORE:   1
MIN  0 OR BELOW:   0    1.00 INCH OR MORE:   0

[HDD (BASE 65) ]
TOTAL THIS MO.   607    CLEAR  (SCALE 0-3)  16
DPTR FM NORMAL  -206    PTCLDY (SCALE 4-7)   9
TOTAL FM JUL 1  1015    CLOUDY (SCALE 8-10)  4
DPTR FM NORMAL  -465

[CDD (BASE 65) ]
TOTAL THIS MO.     0
DPTR FM NORMAL     0    [PRESSURE DATA]
TOTAL FM JAN 1   710    HIGHEST SLP M ON M
DPTR FM NORMAL   117    LOWEST  SLP 29.06 ON 28

[REMARKS]
