000
CXUS52 KILM 261000
CF6FLO
PRELIMINARY LOCAL CLIMATOLOGICAL DATA (WS FORM: F-6)

                                          STATION:   FLORENCE SOUTH  CAROLINA
                                          MONTH:     MARCH
                                          YEAR:      2017
                                          LATITUDE:   34 10 N
                                          LONGITUDE:  79 43 W

  TEMPERATURE IN F:       :PCPN:    SNOW:  WIND      :SUNSHINE: SKY     :PK WND
================================================================================
1   2   3   4   5  6A  6B    7    8   9   10  11  12  13   14  15   16   17  18
                                     12Z  AVG MX 2MIN
DY MAX MIN AVG DEP HDD CDD  WTR  SNW DPTH SPD SPD DIR MIN PSBL S-S WX    SPD DR
================================================================================

 1  83  64  74  22   0   9 0.22    M    M 15.3 30 240   M    M   5 1      38 240
 2  65  42  54   2  11   0 0.05    M    M 10.3 22 350   M    M   3 1      29 330
 3  63  33  48  -4  17   0 0.00    M    M  8.1 20 270   M    M   0        27 320
 4  56  30  43  -9  22   0 0.00    M    M  4.1 12  80   M    M   0        15  80
 5  62  32  47  -6  18   0 0.00    M    M  3.7 13 150   M    M   0        16 140
 6  69  39  54   1  11   0 0.00    M    M  5.4 15 170   M    M   2        19 160
 7  76  45  61   8   4   0 0.00    M    M  8.5 18 210   0    0   0        30 170
 8  74  43  59   5   6   0    T    M    M  7.0 24 350   M    M   3 8      30 190
 9  77  37  57   3   8   0 0.00    M    M  5.3 16 220   M    M   0 8      20 220
10  77  47  62   8   3   0 0.08    M    M 11.9 28 310   M    M   1 13     34 320
11  58  34  46  -8  19   0 0.00    M    M  5.3 13  20   M    M   3        17 310
12  48  29  39 -16  26   0 0.30    M    M  8.2 16  40   M    M   8 1      21  40
13  43  29  36 -19  29   0 0.16    M    M  9.5 17  50   M    M   6 1      23  50
14  58  38  48  -7  17   0 0.13    M    M 12.4 23 350   M    M   9 1      30 350
15  45  27  36 -19  29   0 0.00    M    M 11.7 24 330   M    M   1        32 300
16  52  20  36 -20  29   0 0.00    M    M  5.7 20 280   M    M   0        26 270
17  65  26  46 -10  19   0 0.00    M    M  6.6 16 210   M    M   0        23 210
18  73  51  62   6   3   0    T    M    M 13.0 25 260   M    M   5        37 260
19  62  40  51  -5  14   0 0.00    M    M 10.4 23  20   M    M   0        33 350
20  68  33  51  -6  14   0 0.00    M    M  3.3 15 240   M    M   0        23 240
21  87  51  69  12   0   4 0.18    M    M  8.7 35 250   M    M   1 13     43 240
22  69  49  59   2   6   0 0.11    M    M 10.7 23  20   M    M   3 13     30  30
23  61  34  48 -10  17   0 0.00    M    M  8.5 17  80   M    M   0        21  80
24  76  38  57  -1   8   0 0.00    M    M  7.6 16 180   M    M   1        22 200
25  78  50  64   6   1   0 0.00    M    M  6.4 16 170   M    M   2        21 170
================================================================================
SM 1645  961       331  13  1.23    M    207.6            0     53
================================================================================
AV 65.8 38.4                               8.3 FASTST    0   0   2    MAX(MPH)
                                 MISC ---->  # 35 250               # 43  240
================================================================================
NOTES:
# LAST OF SEVERAL OCCURRENCES

COLUMN 17 PEAK WIND IN M.P.H.

PRELIMINARY LOCAL CLIMATOLOGICAL DATA (WS FORM: F-6) , PAGE 2

                                          STATION:  FLORENCE SOUTH  CAROLINA
                                          MONTH:    MARCH
                                          YEAR:     2017
                                          LATITUDE:   34 10 N
                                          LONGITUDE:  79 43 W

[TEMPERATURE DATA]      [PRECIPITATION DATA]       SYMBOLS USED IN COLUMN 16

AVERAGE MONTHLY: 52.1   TOTAL FOR MONTH:   1.23    1 = FOG OR MIST
DPTR FM NORMAL:  -2.8   DPTR FM NORMAL:   -1.46    2 = FOG REDUCING VISIBILITY
HIGHEST:    87 ON 21    GRTST 24HR  0.30 ON 12-12      TO 1/4 MILE OR LESS
LOWEST:     20 ON 16                               3 = THUNDER
                        SNOW, ICE PELLETS, HAIL    4 = ICE PELLETS
                        TOTAL MONTH:    M          5 = HAIL
                        GRTST 24HR    M  ON   M    6 = FREEZING RAIN OR DRIZZLE
                        GRTST DEPTH:  M  ON   M    7 = DUSTSTORM OR SANDSTORM:
                                                       VSBY 1/2 MILE OR LESS
                                                   8 = SMOKE OR HAZE
[NO. OF DAYS WITH]      [WEATHER - DAYS WITH]      9 = BLOWING SNOW
                                                   X = TORNADO
MAX 32 OR BELOW:   0    0.01 INCH OR MORE:   8
MAX 90 OR ABOVE:   0    0.10 INCH OR MORE:   6
MIN 32 OR BELOW:   7    0.50 INCH OR MORE:   0
MIN  0 OR BELOW:   0    1.00 INCH OR MORE:   0

[HDD (BASE 65) ]
TOTAL THIS MO.   331    CLEAR  (SCALE 0-3)  18
DPTR FM NORMAL    65    PTCLDY (SCALE 4-7)   5
TOTAL FM JUL 1  1776    CLOUDY (SCALE 8-10)  2
DPTR FM NORMAL  -556

[CDD (BASE 65) ]
TOTAL THIS MO.    13
DPTR FM NORMAL     1    [PRESSURE DATA]
TOTAL FM JAN 1    26    HIGHEST SLP  0.00 ON  7
DPTR FM NORMAL     8    LOWEST  SLP 29.56 ON 14

[REMARKS]
