000
CXUS52 KILM 281000
CF6FLO
PRELIMINARY LOCAL CLIMATOLOGICAL DATA (WS FORM: F-6)

                                          STATION:   FLORENCE SOUTH  CAROLINA
                                          MONTH:     AUGUST
                                          YEAR:      2016
                                          LATITUDE:   34 10 N
                                          LONGITUDE:  79 43 W

  TEMPERATURE IN F:       :PCPN:    SNOW:  WIND      :SUNSHINE: SKY     :PK WND
================================================================================
1   2   3   4   5  6A  6B    7    8   9   10  11  12  13   14  15   16   17  18
                                     12Z  AVG MX 2MIN
DY MAX MIN AVG DEP HDD CDD  WTR  SNW DPTH SPD SPD DIR MIN PSBL S-S WX    SPD DR
================================================================================

 1  91  75  83   2   0  18 0.25    M    M  6.8 25 140   M    M   2 13     31 150
 2  89  74  82   1   0  17 0.32    M    M  7.1 16 280   M    M   5 13     22 300
 3  88  74  81   0   0  16 0.05    M    M  5.0 18  60   M    M   6 13     27  70
 4  89  75  82   1   0  17 0.03    M    M  6.6 23 130   M    M   8 1      30 130
 5  91  75  83   2   0  18 0.26    M    M  3.6 20 140   M    M   6 123    24 140
 6  93  77  85   4   0  20 0.00    M    M  6.4 13 210   M    M   2 1      19 220
 7  94  77  86   5   0  21 0.00    M    M  6.7 14 250   M    M   2        17 240
 8  91  75  83   2   0  18 0.06    M    M  6.6 21 240   M    M   1 18     25 220
 9  91  75  83   2   0  18 0.10    M    M  7.5 29 160   M    M   1        36 140
10  91  74  83   2   0  18    T    M    M  5.2 17 230   M    M   2        21 150
11  93  75  84   4   0  19    T    M    M  5.1 18  90   M    M   1        22  90
12  93  75  84   4   0  19    T    M    M  4.7 10 210   M    M   4 12     13 250
13  95  75  85   5   0  20 0.00    M    M  6.4 23 210   M    M   1 3      29 210
14  96  75  86   6   0  21 0.00    M    M  6.7 13 210   M    M   1 1      17 210
15  96  73  85   5   0  20 0.07    M    M  5.6 18 110   M    M   1 3      25 110
16  96  74  85   5   0  20 0.00    M    M  3.0 17 160   M    M   2 1      21 140
17  96  74  85   5   0  20 0.00    M    M  5.4 13 180   M    M   1        16 180
18  96  74  85   5   0  20 0.09    M    M  7.2 17 360   M    M   2 13     20 170
19  93  72  83   3   0  18    T    M    M  5.2 12 290   M    M   2 1      17 290
20  94  75  85   5   0  20    T    M    M  6.0 20 260   M    M   2        26 270
21  97  75  86   6   0  21 0.00    M    M  9.4 18 250   M    M   1        25 290
22  92  73  83   3   0  18 0.00    M    M  5.2 14  40   M    M   3        19  20
23  92  69  81   2   0  16 0.00    M    M  4.1 14 150   M    M   2        17 150
24  91  69  80   1   0  15 0.00    M    M  4.2 12  60   M    M   1        16  70
25  93  64  79   0   0  14 0.00    M    M  4.4 12 150   M    M   0        15 150
26  96  72  84   5   0  19 0.00    M    M  4.2 13 100   M    M   1        17 120
27  98  72  85   6   0  20 0.00    M    M  5.5 15 140   M    M   2        22  70
================================================================================
SM 2515 1987         0 501  1.23    M    153.8          M       62
================================================================================
AV 93.1 73.6                               5.7 FASTST   M    M   2    MAX(MPH)
                                 MISC ---->  # 29 160               # 36  140
================================================================================
NOTES:
# LAST OF SEVERAL OCCURRENCES

COLUMN 17 PEAK WIND IN M.P.H.

PRELIMINARY LOCAL CLIMATOLOGICAL DATA (WS FORM: F-6) , PAGE 2

                                          STATION:  FLORENCE SOUTH  CAROLINA
                                          MONTH:    AUGUST
                                          YEAR:     2016
                                          LATITUDE:   34 10 N
                                          LONGITUDE:  79 43 W

[TEMPERATURE DATA]      [PRECIPITATION DATA]       SYMBOLS USED IN COLUMN 16

AVERAGE MONTHLY: 83.4   TOTAL FOR MONTH:   1.23    1 = FOG OR MIST
DPTR FM NORMAL:   3.2   DPTR FM NORMAL:   -3.39    2 = FOG REDUCING VISIBILITY
HIGHEST:    98 ON 27    GRTST 24HR  0.34 ON  1- 2      TO 1/4 MILE OR LESS
LOWEST:     64 ON 25                               3 = THUNDER
                        SNOW, ICE PELLETS, HAIL    4 = ICE PELLETS
                        TOTAL MONTH:    M          5 = HAIL
                        GRTST 24HR    M  ON   M    6 = FREEZING RAIN OR DRIZZLE
                        GRTST DEPTH:  M  ON   M    7 = DUSTSTORM OR SANDSTORM:
                                                       VSBY 1/2 MILE OR LESS
                                                   8 = SMOKE OR HAZE
[NO. OF DAYS WITH]      [WEATHER - DAYS WITH]      9 = BLOWING SNOW
                                                   X = TORNADO
MAX 32 OR BELOW:   0    0.01 INCH OR MORE:   9
MAX 90 OR ABOVE:  24    0.10 INCH OR MORE:   4
MIN 32 OR BELOW:   0    0.50 INCH OR MORE:   0
MIN  0 OR BELOW:   0    1.00 INCH OR MORE:   0

[HDD (BASE 65) ]
TOTAL THIS MO.     0    CLEAR  (SCALE 0-3)  22
DPTR FM NORMAL     0    PTCLDY (SCALE 4-7)   4
TOTAL FM JUL 1     0    CLOUDY (SCALE 8-10)  1
DPTR FM NORMAL     0

[CDD (BASE 65) ]
TOTAL THIS MO.   501
DPTR FM NORMAL    91    [PRESSURE DATA]
TOTAL FM JAN 1  1964    HIGHEST SLP M ON M
DPTR FM NORMAL   348    LOWEST  SLP 29.82 ON 20

[REMARKS]
