000
CXUS52 KILM 291000
CF6FLO
PRELIMINARY LOCAL CLIMATOLOGICAL DATA (WS FORM: F-6)

                                          STATION:   FLORENCE SC
                                          MONTH:     JUNE
                                          YEAR:      2015
                                          LATITUDE:   34 10 N
                                          LONGITUDE:  79 43 W

  TEMPERATURE IN F:       :PCPN:    SNOW:  WIND      :SUNSHINE: SKY     :PK WND
================================================================================
1   2   3   4   5  6A  6B    7    8   9   10  11  12  13   14  15   16   17  18
                                     12Z  AVG MX 2MIN
DY MAX MIN AVG DEP HDD CDD  WTR  SNW DPTH SPD SPD DIR MIN PSBL S-S WX    SPD DR
================================================================================

 1  93  66  80   5   0  15 0.68    M    M  5.7 30 220   M    M   1 13     45 220
 2  86  67  77   2   0  12 0.53    M    M  4.7 22 160   M    M   4 13     26 160
 3  78  67  73  -3   0   8 0.04    M    M  4.9 12  90   M    M   7 1      14  90
 4  78  66  72  -4   0   7 0.11    M    M  7.9 14  40   M    M   7 1      19  30
 5  83  64  74  -2   0   9 0.00    M    M  4.6 12  40   M    M   5        16  10
 6  93  65  79   3   0  14 0.00    M    M  4.2 13  30   M    M   1        16  30
 7  89  69  79   2   0  14 0.00    M    M  7.3 16 150   M    M   1        19 160
 8  91  65  78   1   0  13 0.00    M    M  7.3 17 180   M    M   1        20 190
 9  91  72  82   5   0  17 0.13    M    M  8.8 18 200   M    M   5 3      24 210
10  91  69  80   3   0  15 0.01    M    M  6.0 15 170   M    M   3        19 170
11  93  70  82   4   0  17 0.38    M    M  7.0 32 190   M    M   2 128    42 190
12  94  72  83   5   0  18 0.00    M    M  9.2 18 240   M    M   4 1      24 210
13  97  74  86   8   0  21 0.00    M    M  7.5 15  40   M    M   1        19  30
14  99  77  88  10   0  23 0.00    M    M  5.2 12 210   M    M   0        17  30
15 101  74  88  10   0  23 0.00    M    M  4.2 10  40   M    M   0        13  40
16 101  75  88  10   0  23 0.00    M    M  5.4 10 230   0    0   0         M  M
17 101  76  89  10   0  24 0.00    M    M  5.2 26 230   M    M   2 3      36 230
18 101  74  88   9   0  23 0.39    M    M  5.8 43 320   M    M   1 138    55 310
19  98  74  86   7   0  21 0.44    M    M  6.6 17 340   M    M   5 13     22 340
20  98  74  86   7   0  21 0.05    M    M 10.2 26 250   M    M   1 138    34 240
21  98  77  88   9   0  23 0.00    M    M  6.4 15 210   M    M   1        20 220
22 100  77  89   9   0  24 0.00    M    M  4.7 17 160   M    M   0 3      23 150
23  97  74  86   6   0  21 0.00    M    M  8.8 17 180   M    M   0        23 240
24  99  77  88   8   0  23 0.00    M    M  6.6 25 130   M    M   1 3      31 130
25  97  75  86   6   0  21 0.00    M    M  8.6 21 160   M    M   2 3      26 230
26 101  76  89   9   0  24 0.00    M    M  9.2 18 180   M    M   1        24 180
27  91  73  82   2   0  17 0.64    M    M  9.3 38 250   M    M   3 138    49 250
28  88  73  81   1   0  16    T    M    M  7.5 15 260   M    M   3        21 260
================================================================================
SM 2627 2012         0 507  3.40    M    188.8            0     62
================================================================================
AV 93.8 71.9                               6.7 FASTST    0   0   2    MAX(MPH)
                                 MISC ---->  # 43 320               # 55  310
================================================================================
NOTES:
# LAST OF SEVERAL OCCURRENCES

COLUMN 17 PEAK WIND IN M.P.H.

PRELIMINARY LOCAL CLIMATOLOGICAL DATA (WS FORM: F-6) , PAGE 2

                                          STATION:  FLORENCE SC
                                          MONTH:    JUNE
                                          YEAR:     2015
                                          LATITUDE:   34 10 N
                                          LONGITUDE:  79 43 W

[TEMPERATURE DATA]      [PRECIPITATION DATA]       SYMBOLS USED IN COLUMN 16

AVERAGE MONTHLY: 82.8   TOTAL FOR MONTH:   3.40    1 = FOG OR MIST
DPTR FM NORMAL:   4.8   DPTR FM NORMAL:   -0.91    2 = FOG REDUCING VISIBILITY
HIGHEST:   101 ON 26,18 GRTST 24HR  0.68 ON  1- 1      TO 1/4 MILE OR LESS
LOWEST:     64 ON  5                               3 = THUNDER
                        SNOW, ICE PELLETS, HAIL    4 = ICE PELLETS
                        TOTAL MONTH:    M          5 = HAIL
                        GRTST 24HR    M  ON   M    6 = FREEZING RAIN OR DRIZZLE
                        GRTST DEPTH:  M  ON   M    7 = DUSTSTORM OR SANDSTORM:
                                                       VSBY 1/2 MILE OR LESS
                                                   8 = SMOKE OR HAZE
[NO. OF DAYS WITH]      [WEATHER - DAYS WITH]      9 = BLOWING SNOW
                                                   X = TORNADO
MAX 32 OR BELOW:   0    0.01 INCH OR MORE:  11
MAX 90 OR ABOVE:  22    0.10 INCH OR MORE:   8
MIN 32 OR BELOW:   0    0.50 INCH OR MORE:   3
MIN  0 OR BELOW:   0    1.00 INCH OR MORE:   0

[HDD (BASE 65) ]
TOTAL THIS MO.     0    CLEAR  (SCALE 0-3)  20
DPTR FM NORMAL     0    PTCLDY (SCALE 4-7)   8
TOTAL FM JUL 1  2544    CLOUDY (SCALE 8-10)  0
DPTR FM NORMAL    21

[CDD (BASE 65) ]
TOTAL THIS MO.   507
DPTR FM NORMAL   141    [PRESSURE DATA]
TOTAL FM JAN 1   892    HIGHEST SLP  0.00 ON 16
DPTR FM NORMAL   219    LOWEST  SLP  0.00 ON 16

[REMARKS]
