000
CXUS52 KILM 301000
CF6FLO
PRELIMINARY LOCAL CLIMATOLOGICAL DATA (WS FORM: F-6)

                                          STATION:   FLORENCE SOUTH  CAROLINA
                                          MONTH:     SEPTEMBER
                                          YEAR:      2016
                                          LATITUDE:   34 10 N
                                          LONGITUDE:  79 43 W

  TEMPERATURE IN F:       :PCPN:    SNOW:  WIND      :SUNSHINE: SKY     :PK WND
================================================================================
1   2   3   4   5  6A  6B    7    8   9   10  11  12  13   14  15   16   17  18
                                     12Z  AVG MX 2MIN
DY MAX MIN AVG DEP HDD CDD  WTR  SNW DPTH SPD SPD DIR MIN PSBL S-S WX    SPD DR
================================================================================

 1  95  70  83   5   0  18 0.21    M    M  6.1 16 220   M    M   2 13     22 230
 2  75  71  73  -5   0   8 4.68    M    M 16.9 30  50   M    M   9 13     48  50
 3  87  71  79   1   0  14 0.00    M    M  9.2 13  60   M    M   0         M  M
 4  86  64  75  -3   0  10 0.00    M    M  5.4 14  40   M    M   1        17  40
 5  86  62  74  -3   0   9 0.00    M    M  5.3 15  20   M    M   0        19  30
 6  92  63  78   1   0  13 0.00    M    M  5.1 13 270   M    M   0        20 260
 7  94  69  82   5   0  17 0.00    M    M  6.1 16 260   M    M   1        21 250
 8  94  70  82   5   0  17 0.00    M    M  6.8 14 210   M    M   M        16 230
 9  93  72  83   7   0  18 0.00    M    M  6.6 12 230   M    M   0        15 210
10  92  73  83   7   0  18 0.00    M    M  7.4 14 220   M    M   1        18 240
11  93  75  84   8   0  19 0.17    M    M  7.0 17 140   M    M   4 13     20 140
12  81  70  76   0   0  11 0.27    M    M  4.3 17 120   M    M   4 13     23 120
13  88  70  79   4   0  14 0.01    M    M  6.1 22 140   M    M   5 1      27 150
14  83  70  77   2   0  12 0.06    M    M  6.5 17 120   M    M   4 1      22 120
15  89  71  80   5   0  15 0.00    M    M  9.2 16  50   M    M   4 1      21  50
16  84  70  77   3   0  12 0.00    M    M  8.8 16  20   M    M   4        21  40
17  87  70  79   5   0  14 0.03    M    M  6.4 13  80   M    M   5 1      18  60
18  92  72  82   8   0  17 0.01    M    M  5.2 18 100   M    M   3        24 100
19  90  72  81   8   0  16 1.49    M    M  5.3 26 320   M    M   5 123    32 320
20  81  72  77   4   0  12 0.07    M    M  9.3 16  30   M    M   9 1      19 340
21  77  71  74   1   0   9 1.70    M    M  9.2 18  20   M    M   8 13     23  30
22  83  71  77   5   0  12 0.37    M    M  7.5 15  30   M    M   9 1      19  30
23  83  71  77   5   0  12 0.29    M    M  6.7 15  10   M    M   7 1      17  20
24  89  68  79   7   0  14 0.00    M    M  2.8  9 350   M    M   0 12     15  20
25  88  68  78   7   0  13 0.00    M    M  4.2 16 120   M    M   2 1      20 120
26  85  68  77   6   0  12 0.00    M    M  5.3 16 160   M    M   2        18 160
27  86  71  79   8   0  14    T    M    M  4.4 12 180   M    M   2        16 200
28  89  69  79   9   0  14 0.00    M    M  8.2 22 160   M    M   2        28 160
29  81  69  75   5   0  10 0.46    M    M  7.2 16 100   M    M   5 18     20 100
================================================================================
SM 2523 2023         0 394  9.82    M    198.5          M       98
================================================================================
AV 87.0 69.8                               6.8 FASTST   M    M   4    MAX(MPH)
                                 MISC ---->    30   M                 48    M
================================================================================
NOTES:
# LAST OF SEVERAL OCCURRENCES

COLUMN 17 PEAK WIND IN M.P.H.

PRELIMINARY LOCAL CLIMATOLOGICAL DATA (WS FORM: F-6) , PAGE 2

                                          STATION:  FLORENCE SOUTH  CAROLINA
                                          MONTH:    SEPTEMBER
                                          YEAR:     2016
                                          LATITUDE:   34 10 N
                                          LONGITUDE:  79 43 W

[TEMPERATURE DATA]      [PRECIPITATION DATA]       SYMBOLS USED IN COLUMN 16

AVERAGE MONTHLY: 78.4   TOTAL FOR MONTH:   9.82    1 = FOG OR MIST
DPTR FM NORMAL:   3.9   DPTR FM NORMAL:    6.27    2 = FOG REDUCING VISIBILITY
HIGHEST:    95 ON  1    GRTST 24HR  4.68 ON  2- 2      TO 1/4 MILE OR LESS
LOWEST:     62 ON  5                               3 = THUNDER
                        SNOW, ICE PELLETS, HAIL    4 = ICE PELLETS
                        TOTAL MONTH:    M          5 = HAIL
                        GRTST 24HR    M  ON   M    6 = FREEZING RAIN OR DRIZZLE
                        GRTST DEPTH:  M  ON   M    7 = DUSTSTORM OR SANDSTORM:
                                                       VSBY 1/2 MILE OR LESS
                                                   8 = SMOKE OR HAZE
[NO. OF DAYS WITH]      [WEATHER - DAYS WITH]      9 = BLOWING SNOW
                                                   X = TORNADO
MAX 32 OR BELOW:   0    0.01 INCH OR MORE:  14
MAX 90 OR ABOVE:   9    0.10 INCH OR MORE:   9
MIN 32 OR BELOW:   0    0.50 INCH OR MORE:   3
MIN  0 OR BELOW:   0    1.00 INCH OR MORE:   3

[HDD (BASE 65) ]
TOTAL THIS MO.     0    CLEAR  (SCALE 0-3)  14
DPTR FM NORMAL    -6    PTCLDY (SCALE 4-7)  11
TOTAL FM JUL 1     0    CLOUDY (SCALE 8-10)  3
DPTR FM NORMAL    -6

[CDD (BASE 65) ]
TOTAL THIS MO.   394
DPTR FM NORMAL   113    [PRESSURE DATA]
TOTAL FM JAN 1  2431    HIGHEST SLP  0.00 ON  3
DPTR FM NORMAL   480    LOWEST  SLP 29.50 ON  2

[REMARKS]
