929
CXUS55 KBOU 260948
CF6FNL
PRELIMINARY LOCAL CLIMATOLOGICAL DATA (WS FORM: F-6)

                                          STATION:   FT COLLINS/LOVELAND CO
                                          MONTH:     MAY
                                          YEAR:      2016
                                          LATITUDE:   40 27 N
                                          LONGITUDE: 105  1 W

  TEMPERATURE IN F:       :PCPN:    SNOW:  WIND      :SUNSHINE: SKY     :PK WND
================================================================================
1   2   3   4   5  6A  6B    7    8   9   10  11  12  13   14  15   16   17  18
                                     12Z  AVG MX 2MIN
DY MAX MIN AVG DEP HDD CDD  WTR  SNW DPTH SPD SPD DIR MIN PSBL S-S WX    SPD DR
================================================================================

 1  46  34  40   M  25   0    M    M    M  6.4 15 350   M    M   6        18 350
 2  63  25  44   M  21   0    M    M    M  3.3  9  40   M    M   0         M  M
 3  70  39  55   M  10   0    M    M    M 10.1 17 330   M    M   0        25 350
 4  77  41  59   M   6   0    M    M    M  4.9 12 120   M    M   0        18 120
 5  81  43  62   M   3   0    M    M    M  6.3 13 120   M    M   0        16 110
 6  81  48  65   M   0   0    M    M    M  7.8 21 340   M    M   0 3      25 340
 7  55  39  47   M  18   0    M    M    M 16.6 25 320   M    M   7 3      32 320
 8  61  39  50   M  15   0    M    M    M  6.5 13 110   M    M   2 3       M  M
 9  66  43  55   M  10   0    M    M    M  6.8 15 120   M    M   1 3      16 320
10  64  46  55   M  10   0    M    M    M  8.1 15 100   M    M   4        18 100
11  64  39  52   M  13   0    M    M    M  5.0  9 100   M    M   3        18  50
12  72  37  55   M  10   0    M    M    M  4.2  9 170   M    M   0         M  M
13  63  39  51   M  14   0    M    M    M  8.4 16  60   M    M   4        21  60
14  48  39  44   M  21   0    M    M    M  7.7 13  70   M    M  10         M  M
15  54  39  47   M  18   0    M    M    M  6.3 22 350   M    M   7         M  M
16  45  37  41   M  24   0    M    M    M  7.8 12  10   M    M  10         M  M
17  48  37  43   M  22   0    M    M    M  4.7  9  60   M    M   7         M  M
18  66  39  53   M  12   0    M    M    M  2.0  8 150   M    M   4         M  M
19  73  41  57   M   8   0    M    M    M  5.4 12 160   M    M   0        16 160
20  77  45  61   M   4   0    M    M    M  5.9 16 130   M    M   0        22 170
21  82  52  67   M   0   2    M    M    M  6.9 13 100   M    M   2        16 100
22  73  45  59   M   6   0    M    M    M  7.8 20 350   M    M   1        27 350
23  70  36  53   M  12   0    M    M    M  8.0 22 170   M    M   0        30 170
24  70  37  54   M  11   0    M    M    M  5.2 13  90   M    M   2 3      20  90
25  72  37  55   M  10   0    M    M    M  7.1 13  20   M    M   0        17 170
================================================================================
SM 1641  996       303   2    M     M    169.2          M       70
================================================================================
AV 65.6 39.8                               6.8 FASTST   M    M   3    MAX(MPH)
                                 MISC ---->    25   M                 32    M
================================================================================
NOTES:
# LAST OF SEVERAL OCCURRENCES

COLUMN 17 PEAK WIND IN M.P.H.

PRELIMINARY LOCAL CLIMATOLOGICAL DATA (WS FORM: F-6) , PAGE 2

                                          STATION:  FT COLLINS/LOVELAND CO
                                          MONTH:    MAY
                                          YEAR:     2016
                                          LATITUDE:   40 27 N
                                          LONGITUDE: 105  1 W

[TEMPERATURE DATA]      [PRECIPITATION DATA]       SYMBOLS USED IN COLUMN 16

AVERAGE MONTHLY: 52.7   TOTAL FOR MONTH:      M    1 = FOG OR MIST
DPTR FM NORMAL:     M   DPTR FM NORMAL:       M    2 = FOG REDUCING VISIBILITY
HIGHEST:    82 ON 21    GRTST 24HR    M  ON   M        TO 1/4 MILE OR LESS
LOWEST:     25 ON  2                               3 = THUNDER
                        SNOW, ICE PELLETS, HAIL    4 = ICE PELLETS
                        TOTAL MONTH:    M          5 = HAIL
                        GRTST 24HR    M  ON   M    6 = FREEZING RAIN OR DRIZZLE
                        GRTST DEPTH:  M  ON   M    7 = DUSTSTORM OR SANDSTORM:
                                                       VSBY 1/2 MILE OR LESS
                                                   8 = SMOKE OR HAZE
[NO. OF DAYS WITH]      [WEATHER - DAYS WITH]      9 = BLOWING SNOW
                                                   X = TORNADO
MAX 32 OR BELOW:   0    0.01 INCH OR MORE:   0
MAX 90 OR ABOVE:   0    0.10 INCH OR MORE:   0
MIN 32 OR BELOW:   1    0.50 INCH OR MORE:   0
MIN  0 OR BELOW:   0    1.00 INCH OR MORE:   0

[HDD (BASE 65) ]
TOTAL THIS MO.   303    CLEAR  (SCALE 0-3)  16
DPTR FM NORMAL     M    PTCLDY (SCALE 4-7)   7
TOTAL FM JUL 1  5739    CLOUDY (SCALE 8-10)  2
DPTR FM NORMAL     M

[CDD (BASE 65) ]
TOTAL THIS MO.     2
DPTR FM NORMAL     M    [PRESSURE DATA]
TOTAL FM JAN 1     2    HIGHEST SLP M ON M
DPTR FM NORMAL     M    LOWEST  SLP M ON M

[REMARKS]
