000
CXUS53 KDTX 220800
CF6FNT
PRELIMINARY LOCAL CLIMATOLOGICAL DATA (WS FORM: F-6)

                                          STATION:   FLINT MI
                                          MONTH:     DECEMBER
                                          YEAR:      2014
                                          LATITUDE:   42 58 N
                                          LONGITUDE:  83 44 W

  TEMPERATURE IN F:       :PCPN:    SNOW:  WIND      :SUNSHINE: SKY     :PK WND
================================================================================
1   2   3   4   5  6A  6B    7    8   9   10  11  12  13   14  15   16   17  18
                                     12Z  AVG MX 2MIN
DY MAX MIN AVG DEP HDD CDD  WTR  SNW DPTH SPD SPD DIR MIN PSBL S-S WX    SPD DR
================================================================================

 1  35  18  27  -5  38   0 0.00  0.0    0 12.1 21 300   M    M   3        27 290
 2  35  17  26  -6  39   0    T    T    0  7.8 16 150   M    M   7 8      19 150
 3  39  25  32   0  33   0 0.01    T    0 13.3 28 270   M    M   5 168    34 250
 4  33  21  27  -4  38   0 0.00  0.0    0  5.0  8 110   M    M   3         M  M
 5  40  29  35   4  30   0 0.00  0.0    0  4.0  9 100   M    M  10        11 130
 6  42  27  35   5  30   0 0.00  0.0    0  9.9 21  10   M    M   5 8      27  10
 7  37  18  28  -2  37   0 0.00  0.0    0  7.4 15 140   M    M   0        20 140
 8  42  33  38   8  27   0 0.09    T    0 10.7 18 150   M    M   4 1      24 150
 9  38  32  35   6  30   0    T    T    0  9.5 20 360   M    M  10 18     25  20
10  32  21  27  -2  38   0    T  0.1    0 10.1 17  10   M    M   6 8      25 350
11  39  17  28  -1  37   0 0.00  0.0    0 11.7 23 290   M    M   0 1      28 290
12  35  26  31   3  34   0 0.00  0.0    0  8.3 14 290   M    M   9 18     14 280
13  43  34  39  11  26   0 0.00  0.0    0 10.9 21 270   M    M  10 18     28 270
14  50  42  46  18  19   0 0.00  0.0    0  6.1 18 280   M    M  10 128    26 280
15  52  42  47  20  18   0 0.02  0.0    0  6.8 12 140   M    M   9 128    15 140
16  47  37  42  15  23   0 0.26  0.0    0  9.0 23 260   M    M  10 1      31 290
17  37  28  33   6  32   0    T    T    0 17.9 26 280   M    M  10 1      35 270
18  33  27  30   4  35   0    T  0.0    0  9.1 17 270   M    M  10 168    23 260
19  33  19  26   0  39   0 0.00  0.0    0  3.9 10 360   M    M   6        13 340
20  32  18  25  -1  40   0 0.00  0.0    0  1.5  7 250   M    M   5 18      9 150
21  35  20  28   2  37   0 0.00  0.0    0  5.8 15 160   M    M   9 18     20 200
================================================================================
SM  809  551       680   0  0.38     0.1 180.8          M      141
================================================================================
AV 38.5 26.2                               8.6 FASTST   M    M   7    MAX(MPH)
                                 MISC ---->  # 28 270               # 35  270
================================================================================
NOTES:
# LAST OF SEVERAL OCCURRENCES

COLUMN 17 PEAK WIND IN M.P.H.

PRELIMINARY LOCAL CLIMATOLOGICAL DATA (WS FORM: F-6) , PAGE 2

                                          STATION:  FLINT MI
                                          MONTH:    DECEMBER
                                          YEAR:     2014
                                          LATITUDE:   42 58 N
                                          LONGITUDE:  83 44 W

[TEMPERATURE DATA]      [PRECIPITATION DATA]       SYMBOLS USED IN COLUMN 16

AVERAGE MONTHLY: 32.4   TOTAL FOR MONTH:   0.38    1 = FOG OR MIST
DPTR FM NORMAL:   3.6   DPTR FM NORMAL:   -0.96    2 = FOG REDUCING VISIBILITY
HIGHEST:    52 ON 15    GRTST 24HR  0.27 ON 15-16      TO 1/4 MILE OR LESS
LOWEST:     17 ON 11, 2                            3 = THUNDER
                        SNOW, ICE PELLETS, HAIL    4 = ICE PELLETS
                        TOTAL MONTH:   0.1 INCH    5 = HAIL
                        GRTST 24HR   0.1 ON   M    6 = FREEZING RAIN OR DRIZZLE
                        GRTST DEPTH:   0           7 = DUSTSTORM OR SANDSTORM:
                                                       VSBY 1/2 MILE OR LESS
                                                   8 = SMOKE OR HAZE
[NO. OF DAYS WITH]      [WEATHER - DAYS WITH]      9 = BLOWING SNOW
                                                   X = TORNADO
MAX 32 OR BELOW:   2    0.01 INCH OR MORE:   4
MAX 90 OR ABOVE:   0    0.10 INCH OR MORE:   1
MIN 32 OR BELOW:  16    0.50 INCH OR MORE:   0
MIN  0 OR BELOW:   0    1.00 INCH OR MORE:   0

[HDD (BASE 65) ]
TOTAL THIS MO.   680    CLEAR  (SCALE 0-3)   4
DPTR FM NORMAL   -78    PTCLDY (SCALE 4-7)   7
TOTAL FM JUL 1  2144    CLOUDY (SCALE 8-10) 10
DPTR FM NORMAL   -95

[CDD (BASE 65) ]
TOTAL THIS MO.     0
DPTR FM NORMAL     0    [PRESSURE DATA]
TOTAL FM JAN 1   597    HIGHEST SLP M ON M
DPTR FM NORMAL    66    LOWEST  SLP 29.67 ON 16

[REMARKS]
