000
CXUS54 KFWD 200730
CF6FTW
PRELIMINARY LOCAL CLIMATOLOGICAL DATA (WS FORM: F-6)

                                          STATION:   FORT WORTH MEACHAM
                                          MONTH:     AUGUST
                                          YEAR:      2017
                                          LATITUDE:   32 49 N
                                          LONGITUDE:  97 21 W

  TEMPERATURE IN F:       :PCPN:    SNOW:  WIND      :SUNSHINE: SKY     :PK WND
================================================================================
1   2   3   4   5  6A  6B    7    8   9   10  11  12  13   14  15   16   17  18
                                     12Z  AVG MX 2MIN
DY MAX MIN AVG DEP HDD CDD  WTR  SNW DPTH SPD SPD DIR MIN PSBL S-S WX    SPD DR
================================================================================

 1  90  73  82  -4   0  17 0.17  0.0    0  5.6 16  40   M    M   6 1      21  50
 2  80  72  76 -10   0  11 1.32  0.0    0  4.3 13  60   M    M   9 1      16  60
 3  93  74  84  -2   0  19 0.00  0.0    0  2.8  9 360   M    M   4 1      13  10
 4  95  75  85  -1   0  20 0.00  0.0    0  4.0 14  80   M    M   0 18     16  80
 5  97  76  87   1   0  22 0.00  0.0    0 11.7 24 150   M    M   0        30 150
 6 100  75  88   2   0  23 0.25  0.0    0 14.8 29 270   M    M   2 13     38 300
 7  93  75  84  -2   0  19 0.00  0.0    0  9.3 20  30   M    M   3        25  30
 8  90  76  83  -3   0  18    T  0.0    0  9.5 17  10   M    M   5 1      21  40
 9  93  73  83  -3   0  18 0.00  0.0    0  6.4 14 120   M    M   4        16  20
10  98  76  87   1   0  22 0.00  0.0    0  5.7 13 140   M    M   1        17 210
11  98  79  89   3   0  24 0.00  0.0    0  6.6 21  10   M    M   2 3      25  20
12  97  76  87   1   0  22 0.14  0.0    0  7.4 21  20   M    M   2 13     24  10
13  90  77  84  -2   0  19 0.43  0.0    0  4.4 14  20   M    M   5 13     16  40
14  93  73  83  -3   0  18 0.14  0.0    0  8.6 26 310   M    M   2 13     34 310
15  93  80  87   1   0  22 0.00  0.0    0  9.5 18 160   M    M   2        25 170
16  95  80  88   2   0  23    T  0.0    0 12.8 22 180   M    M   1        29 210
17  98  75  87   2   0  22    T  0.0    0  8.3 26 140   M    M   5 3      35 140
18  89  74  82  -3   0  17    T  0.0    0  5.0 17 300   M    M   1        23 320
19  98  76  87   2   0  22 0.00  0.0    0  6.1 13 140   M    M   0        17 140
================================================================================
SM 1780 1435         0 378  2.45     0.0 142.8          M       54
================================================================================
AV 93.7 75.5                               7.5 FASTST   M    M   3    MAX(MPH)
                                 MISC ---->  # 29 270               # 38  300
================================================================================
NOTES:
# LAST OF SEVERAL OCCURRENCES

COLUMN 17 PEAK WIND IN M.P.H.

PRELIMINARY LOCAL CLIMATOLOGICAL DATA (WS FORM: F-6) , PAGE 2

                                          STATION:  FORT WORTH MEACHAM
                                          MONTH:    AUGUST
                                          YEAR:     2017
                                          LATITUDE:   32 49 N
                                          LONGITUDE:  97 21 W

[TEMPERATURE DATA]      [PRECIPITATION DATA]       SYMBOLS USED IN COLUMN 16

AVERAGE MONTHLY: 84.6   TOTAL FOR MONTH:   2.45    1 = FOG OR MIST
DPTR FM NORMAL:  -1.2   DPTR FM NORMAL:    1.50    2 = FOG REDUCING VISIBILITY
HIGHEST:   100 ON  6    GRTST 24HR  1.49 ON  1- 2      TO 1/4 MILE OR LESS
LOWEST:     72 ON  2                               3 = THUNDER
                        SNOW, ICE PELLETS, HAIL    4 = ICE PELLETS
                        TOTAL MONTH:   0.0 INCH    5 = HAIL
                        GRTST 24HR     0.0         6 = FREEZING RAIN OR DRIZZLE
                        GRTST DEPTH:   0           7 = DUSTSTORM OR SANDSTORM:
                                                       VSBY 1/2 MILE OR LESS
                                                   8 = SMOKE OR HAZE
[NO. OF DAYS WITH]      [WEATHER - DAYS WITH]      9 = BLOWING SNOW
                                                   X = TORNADO
MAX 32 OR BELOW:   0    0.01 INCH OR MORE:   6
MAX 90 OR ABOVE:  17    0.10 INCH OR MORE:   6
MIN 32 OR BELOW:   0    0.50 INCH OR MORE:   1
MIN  0 OR BELOW:   0    1.00 INCH OR MORE:   1

[HDD (BASE 65) ]
TOTAL THIS MO.     0    CLEAR  (SCALE 0-3)  11
DPTR FM NORMAL     0    PTCLDY (SCALE 4-7)   7
TOTAL FM JUL 1     0    CLOUDY (SCALE 8-10)  1
DPTR FM NORMAL     0

[CDD (BASE 65) ]
TOTAL THIS MO.   378
DPTR FM NORMAL   -17    [PRESSURE DATA]
TOTAL FM JAN 1  2223    HIGHEST SLP M ON M
DPTR FM NORMAL   344    LOWEST  SLP 29.70 ON  6

[REMARKS]
