000
CXUS51 KCAR 220600
CF6FVE
PRELIMINARY LOCAL CLIMATOLOGICAL DATA (WS FORM: F-6)

                                          STATION:   FRENCHVILLE ME
                                          MONTH:     JUNE
                                          YEAR:      2017
                                          LATITUDE:   47 16 N
                                          LONGITUDE:  68 19 W

  TEMPERATURE IN F:       :PCPN:    SNOW:  WIND      :SUNSHINE: SKY     :PK WND
================================================================================
1   2   3   4   5  6A  6B    7    8   9   10  11  12  13   14  15   16   17  18
                                     12Z  AVG MX 2MIN
DY MAX MIN AVG DEP HDD CDD  WTR  SNW DPTH SPD SPD DIR MIN PSBL S-S WX    SPD DR
================================================================================

 1  64  48  56   1   9   0 0.10    M    M  6.1 25 250   M    M   8 13     34 230
 2  60  45  53  -3  12   0 0.09    M    M  7.7 21 250   M    M   7 1      27 230
 3  58  40  49  -7  16   0 0.01    M    M  8.1 25 350   M    M   7 12     34 340
 4  62  45  54  -2  11   0    T    M    M  5.4 10  10   M    M   8        14 310
 5  62  43  53  -3  12   0 0.00    M    M  8.5 15 120   M    M   6 1      20 130
 6  67  40  54  -3  11   0 0.00    M    M  7.4 18  90   M    M   1        24  50
 7  78  43  61   4   4   0 0.00    M    M  5.8 17 340   M    M   1        22 280
 8  83  55  69  12   0   4 0.00    M    M  8.1 16 270   M    M   1        21 230
 9  64  51  58   0   7   0    T    M    M  9.6 20 320   M    M   5        28 310
10  71  44  58   0   7   0 0.00    M    M  9.3 20 330   M    M   0        28 320
11  87  55  71  13   0   6    T    M    M 15.4 31 330   M    M   3        45 260
12  71  53  62   4   3   0 0.06    M    M  5.1 10 210   M    M   5 13     17  10
13  70  50  60   1   5   0 0.06    M    M 16.0 28 320   M    M   2 13     39 330
14  58  42  50  -9  15   0 0.00    M    M 15.4 29 330   M    M   4        36 350
15  66  41  54  -5  11   0 0.00    M    M  7.0 15 320   M    M   4        20 340
16  55  45  50 -10  15   0 0.41    M    M 13.7 24 180   M    M   7 1      38 170
17  62  50  56  -4   9   0 0.48    M    M  8.9 15 170   M    M   9 1      22 170
18  76  59  68   8   0   3 0.00    M    M 11.0 15 150   M    M   7 12      M  M
19  81  65  73  13   0   8 1.93    M    M  9.2 21 280   M    M   9 123    25 290
20  74  59  67   7   0   2 0.49    M    M  9.5 21 250   M    M   7 13     28 240
21  67  52  60  -1   5   0 0.18    M    M 10.4 29 280   M    M   5 13     35 290
================================================================================
SM 1436 1025       152  23  3.81    M    197.6          M      106
================================================================================
AV 68.4 48.8                               9.4 FASTST   M    M   5    MAX(MPH)
                                 MISC ---->  # 31 330               # 45  260
================================================================================
NOTES:
# LAST OF SEVERAL OCCURRENCES

COLUMN 17 PEAK WIND IN M.P.H.

PRELIMINARY LOCAL CLIMATOLOGICAL DATA (WS FORM: F-6) , PAGE 2

                                          STATION:  FRENCHVILLE ME
                                          MONTH:    JUNE
                                          YEAR:     2017
                                          LATITUDE:   47 16 N
                                          LONGITUDE:  68 19 W

[TEMPERATURE DATA]      [PRECIPITATION DATA]       SYMBOLS USED IN COLUMN 16

AVERAGE MONTHLY: 58.6   TOTAL FOR MONTH:   3.81    1 = FOG OR MIST
DPTR FM NORMAL:   0.5   DPTR FM NORMAL:    1.31    2 = FOG REDUCING VISIBILITY
HIGHEST:    87 ON 11    GRTST 24HR  1.93 ON 19-19      TO 1/4 MILE OR LESS
LOWEST:     40 ON  6, 3                            3 = THUNDER
                        SNOW, ICE PELLETS, HAIL    4 = ICE PELLETS
                        TOTAL MONTH:    M          5 = HAIL
                        GRTST 24HR    M  ON   M    6 = FREEZING RAIN OR DRIZZLE
                        GRTST DEPTH:  M  ON   M    7 = DUSTSTORM OR SANDSTORM:
                                                       VSBY 1/2 MILE OR LESS
                                                   8 = SMOKE OR HAZE
[NO. OF DAYS WITH]      [WEATHER - DAYS WITH]      9 = BLOWING SNOW
                                                   X = TORNADO
MAX 32 OR BELOW:   0    0.01 INCH OR MORE:  10
MAX 90 OR ABOVE:   0    0.10 INCH OR MORE:   6
MIN 32 OR BELOW:   0    0.50 INCH OR MORE:   1
MIN  0 OR BELOW:   0    1.00 INCH OR MORE:   1

[HDD (BASE 65) ]
TOTAL THIS MO.   152    CLEAR  (SCALE 0-3)   5
DPTR FM NORMAL    -7    PTCLDY (SCALE 4-7)  13
TOTAL FM JUL 1  8980    CLOUDY (SCALE 8-10)  3
DPTR FM NORMAL  -766

[CDD (BASE 65) ]
TOTAL THIS MO.    23
DPTR FM NORMAL     7    [PRESSURE DATA]
TOTAL FM JAN 1    28    HIGHEST SLP M ON M
DPTR FM NORMAL     8    LOWEST  SLP 29.42 ON  9

[REMARKS]
