000
CXUS53 KIWX 190800
CF6FWA
PRELIMINARY LOCAL CLIMATOLOGICAL DATA (WS FORM: F-6)

                                          STATION:   FORT WAYNE
                                          MONTH:     JANUARY
                                          YEAR:      2017
                                          LATITUDE:   41  0 N
                                          LONGITUDE:  85 12 W

  TEMPERATURE IN F:       :PCPN:    SNOW:  WIND      :SUNSHINE: SKY     :PK WND
================================================================================
1   2   3   4   5  6A  6B    7    8   9   10  11  12  13   14  15   16   17  18
                                     12Z  AVG MX 2MIN
DY MAX MIN AVG DEP HDD CDD  WTR  SNW DPTH SPD SPD DIR MIN PSBL S-S WX    SPD DR
================================================================================

 1  41  20  31   5  34   0 0.00  0.0    0  5.0 12  40   M    M   1 1      14 170
 2  42  29  36  10  29   0 0.48  0.0    0  8.8 18  70   M    M  10 138    21  70
 3  48  37  43  18  22   0 0.58  0.0    0  8.1 21 300   M    M  10 12     29 300
 4  37  17  27   2  38   0    T    T    0 19.8 30 260   M    M   7 16     36 280
 5  17   7  12 -13  53   0 0.03  0.4    T 12.2 21 270   M    M   8 8      25 270
 6  12   1   7 -18  58   0 0.00  0.0    T  9.5 15 260   M    M   4        19 270
 7  16   0   8 -17  57   0    T    T    T 10.0 18 270   M    M   5        24 290
 8  19  10  15 -10  50   0 0.01  0.2    T  9.8 16 250   M    M   9 1      19 260
 9  33  13  23  -2  42   0    T  0.1    T 12.5 22 220   M    M  10        27 220
10  50  33  42  17  23   0 0.45    T    T 24.0 45 260   M    M  10 146    58 270
11  58  30  44  19  21   0 0.03  0.0    0 14.1 33 250   M    M   9 18     41 240
12  57  29  43  18  22   0 0.86  0.0    0  9.3 22 300   M    M   9 13     34 300
13  30  23  27   2  38   0 0.00  0.0    0  9.1 17  80   M    M   8        21  60
14  31  25  28   3  37   0 0.00  0.0    0  6.4 16  70   M    M  10 18     20  60
15  33  22  28   3  37   0 0.00  0.0    0  2.3  7  80   M    M   8 18      8 100
16  40  30  35  10  30   0 0.37  0.0    0  6.4 12  90   M    M  10 128    13  90
17  52  37  45  20  20   0 0.40  0.0    0 14.4 26 260   M    M  10 123    32 250
18  37  35  36  11  29   0    T  0.0    0 12.9 20 270   M    M  10 1      24 250
================================================================================
SM  653  398       640   0  3.21     0.7 194.6          M      148
================================================================================
AV 36.3 22.1                              10.8 FASTST   M    M   8    MAX(MPH)
                                 MISC ---->  # 45 260               # 58  270
================================================================================
NOTES:
# LAST OF SEVERAL OCCURRENCES

COLUMN 17 PEAK WIND IN M.P.H.

PRELIMINARY LOCAL CLIMATOLOGICAL DATA (WS FORM: F-6) , PAGE 2

                                          STATION:  FORT WAYNE
                                          MONTH:    JANUARY
                                          YEAR:     2017
                                          LATITUDE:   41  0 N
                                          LONGITUDE:  85 12 W

[TEMPERATURE DATA]      [PRECIPITATION DATA]       SYMBOLS USED IN COLUMN 16

AVERAGE MONTHLY: 29.2   TOTAL FOR MONTH:   3.21    1 = FOG OR MIST
DPTR FM NORMAL:   4.1   DPTR FM NORMAL:    1.83    2 = FOG REDUCING VISIBILITY
HIGHEST:    58 ON 11    GRTST 24HR  1.03 ON  2- 3      TO 1/4 MILE OR LESS
LOWEST:      0 ON  7                               3 = THUNDER
                        SNOW, ICE PELLETS, HAIL    4 = ICE PELLETS
                        TOTAL MONTH:   0.7 INCH    5 = HAIL
                        GRTST 24HR   0.4 ON   M    6 = FREEZING RAIN OR DRIZZLE
                        GRTST DEPTH:   0           7 = DUSTSTORM OR SANDSTORM:
                                                       VSBY 1/2 MILE OR LESS
                                                   8 = SMOKE OR HAZE
[NO. OF DAYS WITH]      [WEATHER - DAYS WITH]      9 = BLOWING SNOW
                                                   X = TORNADO
MAX 32 OR BELOW:   6    0.01 INCH OR MORE:   9
MAX 90 OR ABOVE:   0    0.10 INCH OR MORE:   6
MIN 32 OR BELOW:  14    0.50 INCH OR MORE:   2
MIN  0 OR BELOW:   1    1.00 INCH OR MORE:   0

[HDD (BASE 65) ]
TOTAL THIS MO.   640    CLEAR  (SCALE 0-3)   1
DPTR FM NORMAL   -79    PTCLDY (SCALE 4-7)   5
TOTAL FM JUL 1  2651    CLOUDY (SCALE 8-10) 12
DPTR FM NORMAL  -396

[CDD (BASE 65) ]
TOTAL THIS MO.     0
DPTR FM NORMAL     0    [PRESSURE DATA]
TOTAL FM JAN 1     0    HIGHEST SLP M ON M
DPTR FM NORMAL     0    LOWEST  SLP 29.49 ON 10

[REMARKS]
