049
CXUS53 KIWX 230800
CF6FWA
PRELIMINARY LOCAL CLIMATOLOGICAL DATA (WS FORM: F-6)

                                          STATION:   FORT WAYNE
                                          MONTH:     FEBRUARY
                                          YEAR:      2018
                                          LATITUDE:   41  0 N
                                          LONGITUDE:  85 12 W

  TEMPERATURE IN F:       :PCPN:    SNOW:  WIND      :SUNSHINE: SKY     :PK WND
================================================================================
1   2   3   4   5  6A  6B    7    8   9   10  11  12  13   14  15   16   17  18
                                     12Z  AVG MX 2MIN
DY MAX MIN AVG DEP HDD CDD  WTR  SNW DPTH SPD SPD DIR MIN PSBL S-S WX    SPD DR
================================================================================

 1  39  13  26   1  39   0    T  0.1    0 13.3 24 320   M    M   7 1      36 310
 2  22  11  17  -9  48   0    T    T    0 10.9 17 260   M    M   3        22 270
 3  38  18  28   2  37   0    T    T    T 15.3 30 220   M    M  10        36 220
 4  36  16  26   0  39   0 0.09  1.1    T 11.4 30 210   M    M  10 168    37 210
 5  20   3  12 -14  53   0 0.22  2.2    T  7.5 14 210   M    M   6 1      17 210
 6  21   7  14 -12  51   0 0.04  2.5    5  4.7 12 220   M    M   8 1      12 220
 7  26  15  21  -5  44   0    T  0.3    4 10.2 18 260   M    M   9 16     21 260
 8  21   4  13 -13  52   0    T    T    2  7.9 16 260   M    M   7 18     19 260
 9  40  21  31   4  34   0 0.07  1.0    3  8.2 15 230   M    M  10 18     19 230
10  31  24  28   1  37   0    T  0.1    1 10.3 16  60   M    M   9 1468   19  70
11  29  21  25  -2  40   0 0.10    T    T 11.3 20  70   M    M  10 146    25  80
12  32   9  21  -6  44   0 0.00  0.0    T  5.4 14 280   M    M   2        16 280
13  32  13  23  -5  42   0    T  0.0    0  7.0 14  60   M    M   7 16     16  50
14  46  28  37   9  28   0 0.01  0.0    0  7.3 15 230   M    M   7 128    18 230
15  60  46  53  25  12   0 0.26  0.0    0 11.0 20 210   M    M  10 18     24 220
16  46  26  36   8  29   0 0.00  0.0    0 10.6 24 330   M    M   8 1      32 320
17  35  25  30   1  35   0 0.11  2.3    0  8.1 22 280   M    M   8 1      25 270
18  41  27  34   5  31   0 0.00  0.0    2  9.7 17 170   M    M   9 18     21 280
19  61  35  48  19  17   0 1.24  0.0    0 11.6 28 220   M    M  10 1      35 210
20  70  55  63  33   2   0 0.51  0.0    0 13.6 28 220   M    M  10 1      36 210
21  57  35  46  16  19   0 0.69  0.0    0 10.1 20 320   M    M  10 1      25 330
22  42  33  38   8  27   0 0.06    T    0 17.0 26  70   M    M  10 146    31  70
================================================================================
SM  845  485       760   0  3.40     9.6 222.4          M      180
================================================================================
AV 38.4 22.1                              10.1 FASTST   M    M   8    MAX(MPH)
                                 MISC ---->  # 30 220               # 37  210
================================================================================
NOTES:
# LAST OF SEVERAL OCCURRENCES

COLUMN 17 PEAK WIND IN M.P.H.

PRELIMINARY LOCAL CLIMATOLOGICAL DATA (WS FORM: F-6) , PAGE 2

                                          STATION:  FORT WAYNE
                                          MONTH:    FEBRUARY
                                          YEAR:     2018
                                          LATITUDE:   41  0 N
                                          LONGITUDE:  85 12 W

[TEMPERATURE DATA]      [PRECIPITATION DATA]       SYMBOLS USED IN COLUMN 16

AVERAGE MONTHLY: 30.2   TOTAL FOR MONTH:   3.40    1 = FOG OR MIST
DPTR FM NORMAL:   2.8   DPTR FM NORMAL:    1.83    2 = FOG REDUCING VISIBILITY
HIGHEST:    70 ON 20    GRTST 24HR  1.24 ON 19-19      TO 1/4 MILE OR LESS
LOWEST:      3 ON  5                               3 = THUNDER
                        SNOW, ICE PELLETS, HAIL    4 = ICE PELLETS
                        TOTAL MONTH:   9.6 INCHES  5 = HAIL
                        GRTST 24HR   2.5 ON  6- 6  6 = FREEZING RAIN OR DRIZZLE
                        GRTST DEPTH:   5 ON  6     7 = DUSTSTORM OR SANDSTORM:
                                                       VSBY 1/2 MILE OR LESS
                                                   8 = SMOKE OR HAZE
[NO. OF DAYS WITH]      [WEATHER - DAYS WITH]      9 = BLOWING SNOW
                                                   X = TORNADO
MAX 32 OR BELOW:   9    0.01 INCH OR MORE:  12
MAX 90 OR ABOVE:   0    0.10 INCH OR MORE:   7
MIN 32 OR BELOW:  17    0.50 INCH OR MORE:   3
MIN  0 OR BELOW:   0    1.00 INCH OR MORE:   1

[HDD (BASE 65) ]
TOTAL THIS MO.   760    CLEAR  (SCALE 0-3)   1
DPTR FM NORMAL   -65    PTCLDY (SCALE 4-7)   9
TOTAL FM JUL 1  4210    CLOUDY (SCALE 8-10) 12
DPTR FM NORMAL  -186

[CDD (BASE 65) ]
TOTAL THIS MO.     0
DPTR FM NORMAL     0    [PRESSURE DATA]
TOTAL FM JAN 1     0    HIGHEST SLP M ON M
DPTR FM NORMAL     0    LOWEST  SLP 29.66 ON 15

[REMARKS]
