000
CXUS54 KOUN 170700
CF6GAG
PRELIMINARY LOCAL CLIMATOLOGICAL DATA (WS FORM: F-6)

                                          STATION:   GAGE
                                          MONTH:     JANUARY
                                          YEAR:      2018
                                          LATITUDE:   36 17 N
                                          LONGITUDE:  99 46 W

  TEMPERATURE IN F:       :PCPN:    SNOW:  WIND      :SUNSHINE: SKY     :PK WND
================================================================================
1   2   3   4   5  6A  6B    7    8   9   10  11  12  13   14  15   16   17  18
                                     12Z  AVG MX 2MIN
DY MAX MIN AVG DEP HDD CDD  WTR  SNW DPTH SPD SPD DIR MIN PSBL S-S WX    SPD DR
================================================================================

 1  19  -4   8 -26  57   0 0.00  0.0    0  6.2 13 120   M    M   0        15 110
 2  27   5  16 -18  49   0 0.00  0.0    0  4.5 10 260   M    M   2        12 270
 3  50   8  29  -5  36   0 0.00  0.0    0  7.6 20 350   M    M   0        23 360
 4  50  14  32  -2  33   0 0.00  0.0    0  7.6 20 170   M    M   0        23 180
 5  56  14  35   1  30   0 0.00  0.0    0  5.6 12  70   M    M   0        15  40
 6  55  13  34   0  31   0 0.00  0.0    0  8.9 28 170   M    M   0        37 170
 7  59  34  47  13  18   0    T  0.0    0 16.5 35 170   M    M   2        43 180
 8  61  23  42   8  23   0 0.00  0.0    0  8.5 22 180   M    M   0        27 180
 9  68  42  55  21  10   0 0.00  0.0    0 19.1 29 180   M    M   0        37 190
10  68  45  57  23   8   0 0.00  0.0    0 20.4 31 180   M    M   0        40 180
11  53  14  34   0  31   0    T    M    0 19.5 41 350   M    M   3 18     55 350
12  38   6  22 -12  43   0 0.00  0.0    0  7.0 15  60   M    M   3        17  60
13  39  18  29  -5  36   0 0.00  0.0    0  7.6 13 170   M    M   5        17 160
14  57  17  37   3  28   0 0.00  0.0    0  7.3 14 190   M    M   1        17 190
15  37   8  23 -12  42   0 0.00  0.0    0 13.3 30  40   M    M   6        37  40
16  23  -2  11 -24  54   0 0.00  0.0    0  8.0 20 360   M    M   0        24 330
================================================================================
SM  760  255       529   0    T      0.0 167.6          M       22
================================================================================
AV 47.5 15.9                              10.5 FASTST   M    M   1    MAX(MPH)
                                 MISC ---->  # 41 350               # 55  350
================================================================================
NOTES:
# LAST OF SEVERAL OCCURRENCES

COLUMN 17 PEAK WIND IN M.P.H.

PRELIMINARY LOCAL CLIMATOLOGICAL DATA (WS FORM: F-6) , PAGE 2

                                          STATION:  GAGE
                                          MONTH:    JANUARY
                                          YEAR:     2018
                                          LATITUDE:   36 17 N
                                          LONGITUDE:  99 46 W

[TEMPERATURE DATA]      [PRECIPITATION DATA]       SYMBOLS USED IN COLUMN 16

AVERAGE MONTHLY: 31.7   TOTAL FOR MONTH:      T    1 = FOG OR MIST
DPTR FM NORMAL:  -2.4   DPTR FM NORMAL:   -0.29    2 = FOG REDUCING VISIBILITY
HIGHEST:    68 ON 10, 9 GRTST 24HR    T  ON 11-11      TO 1/4 MILE OR LESS
LOWEST:     -4 ON  1                               3 = THUNDER
                        SNOW, ICE PELLETS, HAIL    4 = ICE PELLETS
                        TOTAL MONTH:   0.0 INCH    5 = HAIL
                        GRTST 24HR     0.0         6 = FREEZING RAIN OR DRIZZLE
                        GRTST DEPTH:   0           7 = DUSTSTORM OR SANDSTORM:
                                                       VSBY 1/2 MILE OR LESS
                                                   8 = SMOKE OR HAZE
[NO. OF DAYS WITH]      [WEATHER - DAYS WITH]      9 = BLOWING SNOW
                                                   X = TORNADO
MAX 32 OR BELOW:   3    0.01 INCH OR MORE:   0
MAX 90 OR ABOVE:   0    0.10 INCH OR MORE:   0
MIN 32 OR BELOW:  13    0.50 INCH OR MORE:   0
MIN  0 OR BELOW:   2    1.00 INCH OR MORE:   0

[HDD (BASE 65) ]
TOTAL THIS MO.   529    CLEAR  (SCALE 0-3)  14
DPTR FM NORMAL    36    PTCLDY (SCALE 4-7)   2
TOTAL FM JUL 1  2054    CLOUDY (SCALE 8-10)  0
DPTR FM NORMAL  -236

[CDD (BASE 65) ]
TOTAL THIS MO.     0
DPTR FM NORMAL     0    [PRESSURE DATA]
TOTAL FM JAN 1     0    HIGHEST SLP M ON M
DPTR FM NORMAL     0    LOWEST  SLP 29.53 ON M

[REMARKS]
