000
CXUS53 KUNR 010945
CF6GCC
PRELIMINARY LOCAL CLIMATOLOGICAL DATA (WS FORM: F-6)

                                          STATION:   GILLETTE AIRPORT WY
                                          MONTH:     JUNE
                                          YEAR:      2015
                                          LATITUDE:   44 20 N
                                          LONGITUDE: 105 32 W

  TEMPERATURE IN F:       :PCPN:    SNOW:  WIND      :SUNSHINE: SKY     :PK WND
================================================================================
1   2   3   4   5  6A  6B    7    8   9   10  11  12  13   14  15   16   17  18
                                     12Z  AVG MX 2MIN
DY MAX MIN AVG DEP HDD CDD  WTR  SNW DPTH SPD SPD DIR MIN PSBL S-S WX    SPD DR
================================================================================

 1  86  50  68  11   0   3    T    M    M 10.4 51 200   M    M   0 3      75 200
 2  78  49  64   6   1   0 0.14    M    M  6.7 48 350   M    M   1 138    64 350
 3  75  48  62   4   3   0 0.87    M    M  7.2 24  20   M    M   6 13     29  20
 4  69  49  59   1   6   0 0.60    M    M  9.3 32  30   M    M   3 13     37  30
 5  72  58  65   7   0   0 0.00    M    M 13.1 25 150   M    M   6        32 150
 6  73  55  64   5   1   0 0.00    M    M  8.4 16 350   M    M   6 3      22 350
 7  76  53  65   6   0   0 0.00    M    M  7.5 25  20   M    M   3        31 360
 8  83  54  69  10   0   4 0.00    M    M  8.4 17 220   M    M   1        23 220
 9  87  60  74  14   0   9 0.00    M    M  7.8 17 320   M    M   0        21 300
10  79  59  69   9   0   4 0.91    M    M  8.8 25 260   M    M   2 123    38 160
11  66  53  60   0   5   0 0.01    M    M  8.8 20 180   M    M   7 1      24 180
12  81  55  68   7   0   3 0.00    M    M 13.0 23 170   M    M   1 1      27 170
13  73  51  62   1   3   0 0.00    M    M  9.8 20 320   M    M   2 3      24 320
14  68  50  59  -3   6   0 0.00    M    M  9.9 18  10   M    M   8 3      23  30
15  70  52  61  -1   4   0 0.25    M    M  9.5 29 180   M    M   9 13     39 170
16  69  52  61  -1   4   0 0.16    M    M  7.6 24 180   M    M   4 3      30 180
17  80  47  64   1   1   0 0.03    M    M  7.4 33  10   M    M   1 3      45  20
18  78  50  64   1   1   0 0.00    M    M 10.7 26 160   M    M   0        33 150
19  86  58  72   9   0   7 0.00    M    M 11.5 31 360   M    M   4 3      38  10
20  80  53  67   3   0   2 0.07    M    M  7.2 17  60   M    M   1 3      20 270
21  83  51  67   3   0   2    T    M    M 13.2 40 360   M    M   0 3      52 360
22  75  49  62  -3   3   0 0.00    M    M  6.4 14 130   M    M   1        18  90
23  82  49  66   1   0   1    T    M    M  7.7 38 330   M    M   1 3      45 330
24  76  54  65   0   0   0 0.04    M    M  6.3 20 180   M    M   4 138    28 170
25  74  54  64  -2   1   0 0.03    M    M  5.9 18 360   M    M   4 13     23  10
26  81  49  65  -1   0   0 0.00    M    M  4.3 14 180   M    M   0        15 170
27  88  59  74   7   0   9 0.00    M    M  6.8 15 180   M    M   0        17 180
28  90  58  74   7   0   9 0.00    M    M  8.0 17 170   M    M   1        21 180
29  90  62  76   9   0  11 0.00    M    M  6.4 15 260   M    M   0        19 170
30  89  61  75   7   0  10 0.00    M    M  7.9 23 310   M    M   0        27 310
================================================================================
SM 2357 1602        39  74  3.11    M    255.9          M       76
================================================================================
AV 78.6 53.4                               8.5 FASTST   M    M   3    MAX(MPH)
                                 MISC ---->  # 51 200               # 75  200
================================================================================
NOTES:
# LAST OF SEVERAL OCCURRENCES

COLUMN 17 PEAK WIND IN M.P.H.

PRELIMINARY LOCAL CLIMATOLOGICAL DATA (WS FORM: F-6) , PAGE 2

                                          STATION:  GILLETTE AIRPORT WY
                                          MONTH:    JUNE
                                          YEAR:     2015
                                          LATITUDE:   44 20 N
                                          LONGITUDE: 105 32 W

[TEMPERATURE DATA]      [PRECIPITATION DATA]       SYMBOLS USED IN COLUMN 16

AVERAGE MONTHLY: 66.0   TOTAL FOR MONTH:   3.11    1 = FOG OR MIST
DPTR FM NORMAL:   3.7   DPTR FM NORMAL:    0.90    2 = FOG REDUCING VISIBILITY
HIGHEST:    90 ON 29,28 GRTST 24HR  1.47 ON  3- 4      TO 1/4 MILE OR LESS
LOWEST:     47 ON 17                               3 = THUNDER
                        SNOW, ICE PELLETS, HAIL    4 = ICE PELLETS
                        TOTAL MONTH:    M          5 = HAIL
                        GRTST 24HR    M  ON   M    6 = FREEZING RAIN OR DRIZZLE
                        GRTST DEPTH:  M  ON   M    7 = DUSTSTORM OR SANDSTORM:
                                                       VSBY 1/2 MILE OR LESS
                                                   8 = SMOKE OR HAZE
[NO. OF DAYS WITH]      [WEATHER - DAYS WITH]      9 = BLOWING SNOW
                                                   X = TORNADO
MAX 32 OR BELOW:   0    0.01 INCH OR MORE:  11
MAX 90 OR ABOVE:   2    0.10 INCH OR MORE:   6
MIN 32 OR BELOW:   0    0.50 INCH OR MORE:   3
MIN  0 OR BELOW:   0    1.00 INCH OR MORE:   0

[HDD (BASE 65) ]
TOTAL THIS MO.    39    CLEAR  (SCALE 0-3)  18
DPTR FM NORMAL  -103    PTCLDY (SCALE 4-7)  11
TOTAL FM JUL 1  6915    CLOUDY (SCALE 8-10)  1
DPTR FM NORMAL  -629

[CDD (BASE 65) ]
TOTAL THIS MO.    74
DPTR FM NORMAL    14    [PRESSURE DATA]
TOTAL FM JAN 1    74    HIGHEST SLP 30.18 ON 26
DPTR FM NORMAL     6    LOWEST  SLP 29.57 ON 19

[REMARKS]
#FINAL-06-15#
