000
CXUS53 KUNR 280945
CF6GCC
PRELIMINARY LOCAL CLIMATOLOGICAL DATA (WS FORM: F-6)

                                          STATION:   GILLETTE AIRPORT WY
                                          MONTH:     FEBRUARY
                                          YEAR:      2015
                                          LATITUDE:   44 20 N
                                          LONGITUDE: 105 32 W

  TEMPERATURE IN F:       :PCPN:    SNOW:  WIND      :SUNSHINE: SKY     :PK WND
================================================================================
1   2   3   4   5  6A  6B    7    8   9   10  11  12  13   14  15   16   17  18
                                     12Z  AVG MX 2MIN
DY MAX MIN AVG DEP HDD CDD  WTR  SNW DPTH SPD SPD DIR MIN PSBL S-S WX    SPD DR
================================================================================

 1  23   5  14 -12  51   0    T    M    M 11.6 23 340   M    M   5 18     26 340
 2  40  22  31   5  34   0 0.00    M    M 11.4 24 340   M    M   6        29 340
 3  41  14  28   2  37   0 0.04    M    M  8.8 21 360   M    M   7 1      26  10
 4  28  -2  13 -13  52   0    T    M    M 10.0 24 170   M    M   3 18     27 180
 5  53  18  36  10  29   0 0.00    M    M 12.8 26 230   M    M   3        34 230
 6  66  47  57  31   8   0 0.00    M    M 21.1 32 220   M    M   0        41 230
 7  63  36  50  24  15   0 0.00    M    M 17.8 40 250   M    M   2        50 250
 8  60  29  45  19  20   0 0.00    M    M  7.6 20 350   M    M   2        26 340
 9  65  30  48  22  17   0    T    M    M 12.4 31 230   M    M   1        39 220
10  52  26  39  13  26   0 0.01    M    M 14.2 32 330   M    M   8 18     40 330
11  47  20  34   8  31   0 0.00    M    M  7.6 17 340   M    M   7        21 330
12  57  28  43  16  22   0 0.00    M    M 14.0 29 320   M    M   2        36 340
13  59  30  45  18  20   0 0.00    M    M 11.8 23 310   M    M   5        29 320
14  48  23  36   9  29   0 0.00    M    M  8.1 24 170   M    M   0        27 170
15  39  21  30   3  35   0 0.01    M    M  9.8 24 340   M    M   8 1      29 330
16  35  23  29   2  36   0 0.10    M    M 13.9 31 320   M    M   9 18     39 310
17  24  14  19  -9  46   0 0.08    M    M 12.8 24 330   M    M   9 128    30 340
18  34  10  22  -6  43   0    T    M    M  3.5  9 180   M    M   8 18     13 260
19  51  19  35   7  30   0 0.00    M    M  8.3 22 320   M    M   1        29 300
20  37  27  32   4  33   0 0.24    M    M  9.2 18 320   M    M   8 12     21 330
21  30   4  17 -11  48   0 0.04    M    M 12.7 24 340   M    M  10 18     29 340
22  15  -4   6 -23  59   0    T    M    M  5.1 13  20   M    M   5 18     18 300
23  30   0  15 -14  50   0 0.00    M    M 12.3 18 280   M    M   1        23 220
24  45  24  35   6  30   0 0.00    M    M 14.3 23 220   M    M   4        27 220
25  40   7  24  -6  41   0 0.05    M    M 19.4 38 360   M    M  10 128    51 340
26  10  -9   1 -29  64   0    T    M    M  5.6 18 160   M    M   6 18     21 160
27  24   1  13 -17  52   0 0.00    M    M 15.0 29 170   M    M   1 8      34 160
================================================================================
SM 1116  463       958   0  0.57    M    311.1          M      131
================================================================================
AV 41.3 17.1                              11.5 FASTST   M    M   5    MAX(MPH)
                                 MISC ---->  # 40 250               # 51  340
================================================================================
NOTES:
# LAST OF SEVERAL OCCURRENCES

COLUMN 17 PEAK WIND IN M.P.H.

PRELIMINARY LOCAL CLIMATOLOGICAL DATA (WS FORM: F-6) , PAGE 2

                                          STATION:  GILLETTE AIRPORT WY
                                          MONTH:    FEBRUARY
                                          YEAR:     2015
                                          LATITUDE:   44 20 N
                                          LONGITUDE: 105 32 W

[TEMPERATURE DATA]      [PRECIPITATION DATA]       SYMBOLS USED IN COLUMN 16

AVERAGE MONTHLY: 29.2   TOTAL FOR MONTH:   0.57    1 = FOG OR MIST
DPTR FM NORMAL:   1.9   DPTR FM NORMAL:    0.19    2 = FOG REDUCING VISIBILITY
HIGHEST:    66 ON  6    GRTST 24HR  0.28 ON 20-21      TO 1/4 MILE OR LESS
LOWEST:     -9 ON 26                               3 = THUNDER
                        SNOW, ICE PELLETS, HAIL    4 = ICE PELLETS
                        TOTAL MONTH:    M          5 = HAIL
                        GRTST 24HR    M  ON   M    6 = FREEZING RAIN OR DRIZZLE
                        GRTST DEPTH:  M  ON   M    7 = DUSTSTORM OR SANDSTORM:
                                                       VSBY 1/2 MILE OR LESS
                                                   8 = SMOKE OR HAZE
[NO. OF DAYS WITH]      [WEATHER - DAYS WITH]      9 = BLOWING SNOW
                                                   X = TORNADO
MAX 32 OR BELOW:   8    0.01 INCH OR MORE:   8
MAX 90 OR ABOVE:   0    0.10 INCH OR MORE:   2
MIN 32 OR BELOW:  25    0.50 INCH OR MORE:   0
MIN  0 OR BELOW:   4    1.00 INCH OR MORE:   0

[HDD (BASE 65) ]
TOTAL THIS MO.   958    CLEAR  (SCALE 0-3)  11
DPTR FM NORMAL   -61    PTCLDY (SCALE 4-7)  11
TOTAL FM JUL 1  5036    CLOUDY (SCALE 8-10)  5
DPTR FM NORMAL  -338

[CDD (BASE 65) ]
TOTAL THIS MO.     0
DPTR FM NORMAL     0    [PRESSURE DATA]
TOTAL FM JAN 1     0    HIGHEST SLP M ON M
DPTR FM NORMAL     0    LOWEST  SLP 29.50 ON  7

[REMARKS]
