000
CXUS53 KUNR 270945
CF6GCC
PRELIMINARY LOCAL CLIMATOLOGICAL DATA (WS FORM: F-6)

                                          STATION:   GILLETTE AIRPORT WY
                                          MONTH:     MAY
                                          YEAR:      2017
                                          LATITUDE:   44 20 N
                                          LONGITUDE: 105 32 W

  TEMPERATURE IN F:       :PCPN:    SNOW:  WIND      :SUNSHINE: SKY     :PK WND
================================================================================
1   2   3   4   5  6A  6B    7    8   9   10  11  12  13   14  15   16   17  18
                                     12Z  AVG MX 2MIN
DY MAX MIN AVG DEP HDD CDD  WTR  SNW DPTH SPD SPD DIR MIN PSBL S-S WX    SPD DR
================================================================================

 1  50  32  41  -7  24   0 0.01    M    M 16.6 40 320   M    M   6 1      48 320
 2  52  31  42  -6  23   0    T    M    M  7.5 26 340   M    M   8        33 340
 3  57  33  45  -4  20   0 0.00    M    M 10.0 21 340   M    M   3        24 340
 4  71  39  55   6  10   0 0.00    M    M  8.6 18 210   M    M   4        22 210
 5  78  46  62  12   3   0 0.00    M    M  7.7 17 170   M    M   0        20 170
 6  85  51  68  18   0   3 0.00    M    M 12.6 25 200   M    M   0        34 220
 7  80  51  66  16   0   1    T    M    M 11.1 22 320   M    M   0 3      29 330
 8  59  40  50   0  15   0    T    M    M 10.9 24 350   M    M   8 18     28 350
 9  63  43  53   2  12   0 0.22    M    M  9.6 26 170   M    M   9 1      31 150
10  65  43  54   3  11   0 0.00    M    M  6.9 16 170   M    M   5 12     19 160
11  75  46  61   9   4   0 0.00    M    M 10.4 20 160   M    M   0        24 150
12  82  48  65  13   0   0 0.00    M    M 16.6 25 160   M    M   0        33 170
13  75  46  61   9   4   0 0.00    M    M 12.9 25 180   M    M   1        33  40
14  68  36  52   0  13   0    T    M    M  8.9 28 150   M    M   2        32 150
15  71  41  56   3   9   0 0.11    M    M 14.2 30 160   M    M   5 13     36 160
16  60  38  49  -4  16   0 0.14    M    M  7.5 17 270   M    M   6 1      22 270
17  57  37  47  -6  18   0 0.35    M    M 13.2 29  90   M    M   7 13     37 100
18  46  36  41 -13  24   0 0.12    M    M 12.9 22  10   M    M   9 1      27  50
19  50  36  43 -11  22   0 0.00    M    M  7.2 14 160   M    M  10        17 160
20  61  32  47  -7  18   0 0.00    M    M  7.4 18  40   M    M   4        25 360
21  62  37  50  -4  15   0 0.01    M    M 13.2 32 340   M    M   5 13     40 330
22  57  41  49  -6  16   0 0.26    M    M 11.5 36  10   M    M   7 13     47  10
23  63  38  51  -4  14   0 0.00    M    M  8.3 17 330   M    M   2        22 340
24  80  38  59   4   6   0 0.00    M    M 15.0 31 300   M    M   0        39 300
25  62  35  49  -6  16   0 0.00    M    M 11.2 30 330   M    M   5        36 340
26  59  33  46 -10  19   0 0.03    M    M  5.0 13 290   M    M   6        17  70
================================================================================
SM 1688 1027       332   4  1.25    M    276.9          M      112
================================================================================
AV 64.9 39.5                              10.6 FASTST   M    M   4    MAX(MPH)
                                 MISC ---->  # 40 320               # 48  320
================================================================================
NOTES:
# LAST OF SEVERAL OCCURRENCES

COLUMN 17 PEAK WIND IN M.P.H.

PRELIMINARY LOCAL CLIMATOLOGICAL DATA (WS FORM: F-6) , PAGE 2

                                          STATION:  GILLETTE AIRPORT WY
                                          MONTH:    MAY
                                          YEAR:     2017
                                          LATITUDE:   44 20 N
                                          LONGITUDE: 105 32 W

[TEMPERATURE DATA]      [PRECIPITATION DATA]       SYMBOLS USED IN COLUMN 16

AVERAGE MONTHLY: 52.2   TOTAL FOR MONTH:   1.25    1 = FOG OR MIST
DPTR FM NORMAL:   0.1   DPTR FM NORMAL:   -0.77    2 = FOG REDUCING VISIBILITY
HIGHEST:    85 ON  6    GRTST 24HR  0.39 ON 17-18      TO 1/4 MILE OR LESS
LOWEST:     31 ON  2                               3 = THUNDER
                        SNOW, ICE PELLETS, HAIL    4 = ICE PELLETS
                        TOTAL MONTH:    M          5 = HAIL
                        GRTST 24HR    M  ON   M    6 = FREEZING RAIN OR DRIZZLE
                        GRTST DEPTH:  M  ON   M    7 = DUSTSTORM OR SANDSTORM:
                                                       VSBY 1/2 MILE OR LESS
                                                   8 = SMOKE OR HAZE
[NO. OF DAYS WITH]      [WEATHER - DAYS WITH]      9 = BLOWING SNOW
                                                   X = TORNADO
MAX 32 OR BELOW:   0    0.01 INCH OR MORE:   9
MAX 90 OR ABOVE:   0    0.10 INCH OR MORE:   6
MIN 32 OR BELOW:   3    0.50 INCH OR MORE:   0
MIN  0 OR BELOW:   0    1.00 INCH OR MORE:   0

[HDD (BASE 65) ]
TOTAL THIS MO.   332    CLEAR  (SCALE 0-3)   9
DPTR FM NORMAL    -9    PTCLDY (SCALE 4-7)  13
TOTAL FM JUL 1  6442    CLOUDY (SCALE 8-10)  4
DPTR FM NORMAL  -915

[CDD (BASE 65) ]
TOTAL THIS MO.     4
DPTR FM NORMAL     4    [PRESSURE DATA]
TOTAL FM JAN 1     4    HIGHEST SLP M ON M
DPTR FM NORMAL     4    LOWEST  SLP 28.96 ON 24

[REMARKS]
