000
CXUS53 KDDC 191200
CF6GCK
PRELIMINARY LOCAL CLIMATOLOGICAL DATA (WS FORM: F-6)

                                          STATION:   GARDEN CITY REGIONAL ARPT KS
                                          MONTH:     JANUARY
                                          YEAR:      2018
                                          LATITUDE:   37 55 N
                                          LONGITUDE: 100 43 W

  TEMPERATURE IN F:       :PCPN:    SNOW:  WIND      :SUNSHINE: SKY     :PK WND
================================================================================
1   2   3   4   5  6A  6B    7    8   9   10  11  12  13   14  15   16   17  18
                                     12Z  AVG MX 2MIN
DY MAX MIN AVG DEP HDD CDD  WTR  SNW DPTH SPD SPD DIR MIN PSBL S-S WX    SPD DR
================================================================================

 1  16  -9   4 -26  61   0 0.00    M    M  8.5 17 150   M    M   0        30 150
 2  27   2  15 -16  50   0 0.00    M    M  8.9 17 150   M    M   0 8      20 160
 3  47  14  31   0  34   0 0.00    M    M  9.8 17 330   M    M   0        22 330
 4  49  15  32   1  33   0 0.00    M    M  5.9 10 340   M    M   0 8      14 210
 5  50  12  31   0  34   0 0.00    M    M  7.9 15 150   M    M   1        19 140
 6  48  12  30  -1  35   0 0.00    M    M 10.1 18 180   M    M   0        28 150
 7  57  26  42  11  23   0 0.00    M    M 14.7 36  10   M    M   2        47  10
 8  59  18  39   8  26   0 0.00    M    M  9.9 20 180   M    M   0 8      27 180
 9  65  38  52  21  13   0 0.00  0.0    0  8.6 16 150   M    M   0        22 180
10  73  33  53  22  12   0 0.00  0.0    0 13.6 53  10   M    M   1 8      69  10
11  42  10  26  -5  39   0    T    M    0 21.8 51  10   M    M   3 18     67  10
12  25   2  14 -17  51   0    T    M    M  9.2 17 130   M    M   5 1      21  30
13  34  10  22  -9  43   0    T    M    M  8.7 16 150   M    M   5 1      21 190
14  54  13  34   3  31   0 0.00    M    M  7.0 17 270   M    M   3        25 280
15  38  -3  18 -13  47   0    T    M    M 18.5 30 360   M    M   6 8      41  30
16  22  -4   9 -22  56   0 0.00    M    M  9.5 18 350   M    M   0        23 350
17  47   0  24  -7  41   0 0.00    M    M  8.3 18 210   M    M   0        24 200
18  62  10  36   5  29   0 0.00    M    M  9.2 15 220   M    M   0        22 200
================================================================================
SM  815  199       658   0    T      0.0 190.1          M       26
================================================================================
AV 45.3 11.1                              10.6 FASTST   M    M   1    MAX(MPH)
                                 MISC ---->  # 53  10               # 69   10
================================================================================
NOTES:
# LAST OF SEVERAL OCCURRENCES

COLUMN 17 PEAK WIND IN M.P.H.

PRELIMINARY LOCAL CLIMATOLOGICAL DATA (WS FORM: F-6) , PAGE 2

                                          STATION:  GARDEN CITY REGIONAL ARPT KS
                                          MONTH:    JANUARY
                                          YEAR:     2018
                                          LATITUDE:   37 55 N
                                          LONGITUDE: 100 43 W

[TEMPERATURE DATA]      [PRECIPITATION DATA]       SYMBOLS USED IN COLUMN 16

AVERAGE MONTHLY: 28.2   TOTAL FOR MONTH:      T    1 = FOG OR MIST
DPTR FM NORMAL:  -2.8   DPTR FM NORMAL:   -0.19    2 = FOG REDUCING VISIBILITY
HIGHEST:    73 ON 10    GRTST 24HR    T  ON 15-15      TO 1/4 MILE OR LESS
LOWEST:     -9 ON  1                               3 = THUNDER
                        SNOW, ICE PELLETS, HAIL    4 = ICE PELLETS
                        TOTAL MONTH:   0.0 INCH    5 = HAIL
                        GRTST 24HR     0.0         6 = FREEZING RAIN OR DRIZZLE
                        GRTST DEPTH:   0           7 = DUSTSTORM OR SANDSTORM:
                                                       VSBY 1/2 MILE OR LESS
                                                   8 = SMOKE OR HAZE
[NO. OF DAYS WITH]      [WEATHER - DAYS WITH]      9 = BLOWING SNOW
                                                   X = TORNADO
MAX 32 OR BELOW:   4    0.01 INCH OR MORE:   0
MAX 90 OR ABOVE:   0    0.10 INCH OR MORE:   0
MIN 32 OR BELOW:  16    0.50 INCH OR MORE:   0
MIN  0 OR BELOW:   4    1.00 INCH OR MORE:   0

[HDD (BASE 65) ]
TOTAL THIS MO.   658    CLEAR  (SCALE 0-3)  15
DPTR FM NORMAL    46    PTCLDY (SCALE 4-7)   3
TOTAL FM JUL 1  2632    CLOUDY (SCALE 8-10)  0
DPTR FM NORMAL  -103

[CDD (BASE 65) ]
TOTAL THIS MO.     0
DPTR FM NORMAL     0    [PRESSURE DATA]
TOTAL FM JAN 1     0    HIGHEST SLP M ON M
DPTR FM NORMAL     0    LOWEST  SLP 29.34 ON 10

[REMARKS]
