000
CXUS51 KPHI 220800
CF6GED
PRELIMINARY LOCAL CLIMATOLOGICAL DATA (WS FORM: F-6)

                                          STATION:   GEORGETOWN DE
                                          MONTH:     JULY
                                          YEAR:      2014
                                          LATITUDE:   38 41 N
                                          LONGITUDE:  75 22 W

  TEMPERATURE IN F:       :PCPN:    SNOW:  WIND      :SUNSHINE: SKY     :PK WND
================================================================================
1   2   3   4   5  6A  6B    7    8   9   10  11  12  13   14  15   16   17  18
                                     12Z  AVG MX 2MIN
DY MAX MIN AVG DEP HDD CDD  WTR  SNW DPTH SPD SPD DIR MIN PSBL S-S WX    SPD DR
================================================================================

 1  93  71  82   6   0  17 0.00    M    M 15.4 26 160   M    M   1        32 160
 2  98  74  86  10   0  21 0.00    M    M 14.7 25 190   M    M   1 3      32 190
 3  95  72  84   8   0  19    T    M    M 13.1 25 170   M    M   3 3      31 180
 4  79  64  72  -4   0   7 2.60    M    M  9.1 23  10   M    M   5 13     38  30
 5  82  61  72  -4   0   7 0.00    M    M  6.3 14  70   M    M   0        19  20
 6  85  59  72  -4   0   7 0.00    M    M 12.6 23 190   M    M   0        29 190
 7  91  68  80   3   0  15 0.00    M    M 13.4 23 200   M    M   2        29 200
 8  93  74  84   7   0  19    T    M    M 15.9 26 200   M    M   1 3      33 190
 9  89  73  81   4   0  16 0.11    M    M 10.2 21 160   M    M   1 13     24 190
10  82  69  76  -1   0  11 1.46    M    M  9.6 21  50   M    M   7 13     34  30
11  82  68  75  -2   0  10 0.00    M    M  9.8 17  80   M    M   5 12     22  80
12  84  64  74  -3   0   9 0.00    M    M 10.1 22 160   M    M   3 12     26 160
13  91  69  80   3   0  15 0.00    M    M 15.2 23 170   M    M   3 1      32 200
14  93  74  84   7   0  19 0.04    M    M 13.4 23 210   M    M   3 3      32 210
15  93  73  83   6   0  18 1.53    M    M 12.6 22 170   M    M   4 13     26 170
16  83  69  76  -1   0  11 0.07    M    M  7.2 15  80   M    M   4 1      23  30
17  83  63  73  -4   0   8 0.00    M    M  5.2 10 280   M    M   1        15 280
18  83  61  72  -5   0   7 0.00    M    M  8.1 16  80   M    M   0        20 120
19  77  65  71  -6   0   6    T    M    M 11.8 18  70   M    M   4 1      23  80
20  76  64  70  -7   0   5 0.20    M    M 11.9 20  50   M    M   8 1      23  60
21  80  64  72  -5   0   7 0.00    M    M  7.7 16  60   M    M   5        20  80
================================================================================
SM 1812 1419         0 254  6.01    M    233.3          M       61
================================================================================
AV 86.3 67.6                              11.1 FASTST   M    M   3    MAX(MPH)
                                 MISC ---->  # 26 160               # 38   30
================================================================================
NOTES:
# LAST OF SEVERAL OCCURRENCES

COLUMN 17 PEAK WIND IN M.P.H.

PRELIMINARY LOCAL CLIMATOLOGICAL DATA (WS FORM: F-6) , PAGE 2

                                          STATION:  GEORGETOWN DE
                                          MONTH:    JULY
                                          YEAR:     2014
                                          LATITUDE:   38 41 N
                                          LONGITUDE:  75 22 W

[TEMPERATURE DATA]      [PRECIPITATION DATA]       SYMBOLS USED IN COLUMN 16

AVERAGE MONTHLY: 76.9   TOTAL FOR MONTH:   6.01    1 = FOG OR MIST
DPTR FM NORMAL:   0.2   DPTR FM NORMAL:    3.08    2 = FOG REDUCING VISIBILITY
HIGHEST:    98 ON  2    GRTST 24HR  2.60 ON  4- 4      TO 1/4 MILE OR LESS
LOWEST:     59 ON  6                               3 = THUNDER
                        SNOW, ICE PELLETS, HAIL    4 = ICE PELLETS
                        TOTAL MONTH:    M          5 = HAIL
                        GRTST 24HR    M  ON   M    6 = FREEZING RAIN OR DRIZZLE
                        GRTST DEPTH:  M  ON   M    7 = DUSTSTORM OR SANDSTORM:
                                                       VSBY 1/2 MILE OR LESS
                                                   8 = SMOKE OR HAZE
[NO. OF DAYS WITH]      [WEATHER - DAYS WITH]      9 = BLOWING SNOW
                                                   X = TORNADO
MAX 32 OR BELOW:   0    0.01 INCH OR MORE:   7
MAX 90 OR ABOVE:   8    0.10 INCH OR MORE:   5
MIN 32 OR BELOW:   0    0.50 INCH OR MORE:   3
MIN  0 OR BELOW:   0    1.00 INCH OR MORE:   3

[HDD (BASE 65) ]
TOTAL THIS MO.     0    CLEAR  (SCALE 0-3)  11
DPTR FM NORMAL     0    PTCLDY (SCALE 4-7)  10
TOTAL FM JUL 1     0    CLOUDY (SCALE 8-10)  0
DPTR FM NORMAL     0

[CDD (BASE 65) ]
TOTAL THIS MO.   254
DPTR FM NORMAL     7    [PRESSURE DATA]
TOTAL FM JAN 1   609    HIGHEST SLP M ON M
DPTR FM NORMAL    29    LOWEST  SLP 29.71 ON 15

[REMARKS]
