000
CXUS53 KIND 270730
CF6GEZ
PRELIMINARY LOCAL CLIMATOLOGICAL DATA (WS FORM: F-6)

                                          STATION:   SHELBYVILLE IN
                                          MONTH:     MARCH
                                          YEAR:      2015
                                          LATITUDE:   39 35 N
                                          LONGITUDE:  85 48 W

  TEMPERATURE IN F:       :PCPN:    SNOW:  WIND      :SUNSHINE: SKY     :PK WND
================================================================================
1   2   3   4   5  6A  6B    7    8   9   10  11  12  13   14  15   16   17  18
                                     12Z  AVG MX 2MIN
DY MAX MIN AVG DEP HDD CDD  WTR  SNW DPTH SPD SPD DIR MIN PSBL S-S WX    SPD DR
================================================================================

 1  34  24  29  -7  36   0 0.48    M    M  4.1 21 310   M    M  10 18     25 320
 2  31  14  23 -13  42   0 0.00    M    M  5.5 20 320   M    M   2        23 320
 3  46  26  36   0  29   0 0.27    M    M 10.5 20 170   M    M   8 126    28 170
 4  38  22  30  -7  35   0 0.26    M    M 10.9 21 360   M    M   8 18     25 360
 5  25   7  16 -21  49   0 0.00    M    M  8.4 15 350   M    M   5        18 350
 6  29  -2  14 -24  51   0 0.00    M    M  8.9 20 180   M    M   0 18     25 180
 7  46  22  34  -4  31   0 0.00    M    M 12.2 17 260   M    M   2        22 230
 8  47  26  37  -1  28   0 0.00    M    M  4.2  9 200   M    M   1 18     10 300
 9  47  32  40   1  25   0 0.00    M    M  5.5 10 180   M    M   6 18     12 180
10  48  39  44   5  21   0 0.49    M    M  5.1  9  80   M    M  10 128    11  80
11  62  37  50  10  15   0 0.00    M    M  3.4 14  30   M    M   6 128    16  40
12  61  33  47   7  18   0 0.00    M    M 10.5 22 100   M    M   1 128    26 110
13  55  42  49   8  16   0 0.74    M    M  7.4 16 160   M    M   8 1      19 170
14  61  46  54  13  11   0 0.41    M    M  7.4 16 330   M    M   5 12     21 310
15  65  34  50   8  15   0 0.00    M    M  6.0 13 280   M    M   0 1      20 150
16  75  46  61  19   4   0 0.00    M    M 11.0 21 240   M    M   0        25 250
17  59  30  45   3  20   0 0.00    M    M 14.6 25 360   M    M   1        33 340
18  48  27  38  -5  27   0 0.00    M    M  3.8 14  90   M    M   0        18  70
19  50  39  45   2  20   0    T    M    M  9.9 20 100   M    M   8        24 100
20  49  40  45   1  20   0 0.02    M    M  4.3 10 260   M    M  10 18     13 240
21  65  37  51   7  14   0 0.00    M    M  9.9 17 360   M    M   2 18     26 360
22  52  34  43  -1  22   0 0.00    M    M 10.3 17  70   M    M   0        24  60
23  42  31  37  -8  28   0 0.06    M    M 12.3 20  90   M    M   6        24  60
24  45  29  37  -8  28   0 0.07    M    M 11.0 17 110   M    M   7        22 140
25  58  44  51   6  14   0 0.46    M    M  9.4 22 260   M    M   7 138    28 250
26  47  34  41  -5  24   0 0.55    M    M  9.6 17 330   M    M   9 1      21 300
================================================================================
SM 1285  793       643   0  3.81    M    216.1          M      122
================================================================================
AV 49.4 30.5                               8.3 FASTST   M    M   5    MAX(MPH)
                                 MISC ---->  # 25 360               # 33  340
================================================================================
NOTES:
# LAST OF SEVERAL OCCURRENCES

COLUMN 17 PEAK WIND IN M.P.H.

PRELIMINARY LOCAL CLIMATOLOGICAL DATA (WS FORM: F-6) , PAGE 2

                                          STATION:  SHELBYVILLE IN
                                          MONTH:    MARCH
                                          YEAR:     2015
                                          LATITUDE:   39 35 N
                                          LONGITUDE:  85 48 W

[TEMPERATURE DATA]      [PRECIPITATION DATA]       SYMBOLS USED IN COLUMN 16

AVERAGE MONTHLY: 40.0   TOTAL FOR MONTH:   3.81    1 = FOG OR MIST
DPTR FM NORMAL:  -0.8   DPTR FM NORMAL:    1.08    2 = FOG REDUCING VISIBILITY
HIGHEST:    75 ON 16    GRTST 24HR  0.74 ON 13-13      TO 1/4 MILE OR LESS
LOWEST:     -2 ON  6                               3 = THUNDER
                        SNOW, ICE PELLETS, HAIL    4 = ICE PELLETS
                        TOTAL MONTH:    M          5 = HAIL
                        GRTST 24HR    M  ON   M    6 = FREEZING RAIN OR DRIZZLE
                        GRTST DEPTH:  M  ON   M    7 = DUSTSTORM OR SANDSTORM:
                                                       VSBY 1/2 MILE OR LESS
                                                   8 = SMOKE OR HAZE
[NO. OF DAYS WITH]      [WEATHER - DAYS WITH]      9 = BLOWING SNOW
                                                   X = TORNADO
MAX 32 OR BELOW:   3    0.01 INCH OR MORE:  11
MAX 90 OR ABOVE:   0    0.10 INCH OR MORE:   8
MIN 32 OR BELOW:  13    0.50 INCH OR MORE:   2
MIN  0 OR BELOW:   1    1.00 INCH OR MORE:   0

[HDD (BASE 65) ]
TOTAL THIS MO.   643    CLEAR  (SCALE 0-3)  11
DPTR FM NORMAL    14    PTCLDY (SCALE 4-7)   9
TOTAL FM JUL 1  5084    CLOUDY (SCALE 8-10)  6
DPTR FM NORMAL   292

[CDD (BASE 65) ]
TOTAL THIS MO.     0
DPTR FM NORMAL     0    [PRESSURE DATA]
TOTAL FM JAN 1     0    HIGHEST SLP M ON M
DPTR FM NORMAL     0    LOWEST  SLP 29.74 ON  3

[REMARKS]
