000
CXUS55 KALY 300710
CF6GFL
PRELIMINARY LOCAL CLIMATOLOGICAL DATA (WS FORM: F-6)

                                          STATION:   GLENS FALLS NY
                                          MONTH:     MAY
                                          YEAR:      2017
                                          LATITUDE:   43 20 N
                                          LONGITUDE:  73 37 W

  TEMPERATURE IN F:       :PCPN:    SNOW:  WIND      :SUNSHINE: SKY     :PK WND
================================================================================
1   2   3   4   5  6A  6B    7    8   9   10  11  12  13   14  15   16   17  18
                                     12Z  AVG MX 2MIN
DY MAX MIN AVG DEP HDD CDD  WTR  SNW DPTH SPD SPD DIR MIN PSBL S-S WX    SPD DR
================================================================================

 1  78  45  62  11   3   0 1.05    M    M  8.3 23 180   M    M   8 13     31 200
 2  61  49  55   4  10   0 0.20    M    M  6.8 22 280   M    M  10 1      29 290
 3  55  35  45  -6  20   0    T    M    M  9.3 24 310   M    M   6        32 320
 4  65  31  48  -4  17   0    T    M    M  3.7 18 200   M    M   3 1      29 190
 5  53  44  49  -3  16   0 0.61    M    M  4.2 14  20   M    M  10 1      17  30
 6  70  50  60   8   5   0 0.49    M    M  7.0 26 190   M    M   9 1      41 160
 7  56  43  50  -3  15   0 0.01    M    M  8.1 18 220   M    M  10 1      23 220
 8  48  40  44  -9  21   0    T    M    M  7.0 17 310   M    M   9        22 300
 9  49  38  44  -9  21   0 0.07    M    M  3.1 12 310   M    M  10        15 220
10  57  41  49  -5  16   0 0.00    M    M  4.7 14  40   M    M  10        17  40
11  64  38  51  -3  14   0 0.00    M    M  6.3 15  80   M    M   2        20  70
12  69  36  53  -1  12   0 0.00    M    M  3.2 14 150   M    M   1 12     17 150
13  57  47  52  -2  13   0 0.37    M    M  3.8 10 200   M    M   8 1      14 210
14  59  44  52  -3  13   0 0.09    M    M  6.0 10 360   M    M   9 1      15  50
15  67  48  58   3   7   0 0.06    M    M 13.5 28 300   M    M   7        39 320
16  78  45  62   7   3   0    T    M    M  5.7 15 150   M    M   1        18 160
17  91  50  71  15   0   6    T    M    M  6.4 21 240   M    M   1 1      29 210
18  92  55  74  18   0   9 0.48    M    M   M   M   M   M    M   M 13     67 300
19  78  51  65   9   0   0 0.01    M    M   M   M   M   M    M   M        30 275
20  66  43  55  -2  10   0 0.00    M    M   M   M   M   M    M   M        22  50
21  68  41  55  -2  10   0 0.01    M    M   M   M   M   M    M   M        17 180
22  56  48  52  -5  13   0 0.66    M    M   M   M   M   M    M   M        19 180
23  71  50  61   3   4   0 0.00    M    M   M  15 140   M    M   M        18 150
24  76  48  62   4   3   0 0.00    M    M  2.8 10 150   M    M   4        14 180
25  63  51  57  -1   8   0 0.14    M    M   M  17  80   M    M   0        24  90
26  58  52  55  -3  10   0 0.81    M    M  4.8 14 340   M    M  10 1      19 340
27  71  49  60   1   5   0 0.00    M    M  1.9  9 350   M    M  10 1      12 340
28  74  53  64   5   1   0 0.00    M    M  5.2 14 170   M    M   7        16 220
29  62  55  59   0   6   0 0.23    M    M  5.0 12 170   M    M   8 1      16 160
================================================================================
SM 1912 1320       276  15  5.29    M    126.8          M      153
================================================================================
AV 65.9 45.5                               5.8 FASTST   M    M   7    MAX(MPH)
                                 MISC ---->  # 28 300               # 67  300
================================================================================
NOTES:
# LAST OF SEVERAL OCCURRENCES

COLUMN 17 PEAK WIND IN M.P.H.

PRELIMINARY LOCAL CLIMATOLOGICAL DATA (WS FORM: F-6) , PAGE 2

                                          STATION:  GLENS FALLS NY
                                          MONTH:    MAY
                                          YEAR:     2017
                                          LATITUDE:   43 20 N
                                          LONGITUDE:  73 37 W

[TEMPERATURE DATA]      [PRECIPITATION DATA]       SYMBOLS USED IN COLUMN 16

AVERAGE MONTHLY: 55.7   TOTAL FOR MONTH:   5.29    1 = FOG OR MIST
DPTR FM NORMAL:   0.7   DPTR FM NORMAL:    1.92    2 = FOG REDUCING VISIBILITY
HIGHEST:    92 ON 18    GRTST 24HR  1.05 ON  1- 1      TO 1/4 MILE OR LESS
LOWEST:     31 ON  4                               3 = THUNDER
                        SNOW, ICE PELLETS, HAIL    4 = ICE PELLETS
                        TOTAL MONTH:    M          5 = HAIL
                        GRTST 24HR    M  ON   M    6 = FREEZING RAIN OR DRIZZLE
                        GRTST DEPTH:  M  ON   M    7 = DUSTSTORM OR SANDSTORM:
                                                       VSBY 1/2 MILE OR LESS
                                                   8 = SMOKE OR HAZE
[NO. OF DAYS WITH]      [WEATHER - DAYS WITH]      9 = BLOWING SNOW
                                                   X = TORNADO
MAX 32 OR BELOW:   0    0.01 INCH OR MORE:  16
MAX 90 OR ABOVE:   2    0.10 INCH OR MORE:  10
MIN 32 OR BELOW:   1    0.50 INCH OR MORE:   4
MIN  0 OR BELOW:   0    1.00 INCH OR MORE:   1

[HDD (BASE 65) ]
TOTAL THIS MO.   276    CLEAR  (SCALE 0-3)   6
DPTR FM NORMAL   -22    PTCLDY (SCALE 4-7)   6
TOTAL FM JUL 1  6310    CLOUDY (SCALE 8-10) 11
DPTR FM NORMAL -1264

[CDD (BASE 65) ]
TOTAL THIS MO.    15
DPTR FM NORMAL     9    [PRESSURE DATA]
TOTAL FM JAN 1    21    HIGHEST SLP M ON M
DPTR FM NORMAL    14    LOWEST  SLP 29.32 ON  6

[REMARKS]
