890
CXUS54 KSHV 281300
CF6GGG
PRELIMINARY LOCAL CLIMATOLOGICAL DATA (WS FORM: F-6)

                                          STATION:   LONGVIEW
                                          MONTH:     MAY
                                          YEAR:      2016
                                          LATITUDE:   32 22 N
                                          LONGITUDE:  94 43 W

  TEMPERATURE IN F:       :PCPN:    SNOW:  WIND      :SUNSHINE: SKY     :PK WND
================================================================================
1   2   3   4   5  6A  6B    7    8   9   10  11  12  13   14  15   16   17  18
                                     12Z  AVG MX 2MIN
DY MAX MIN AVG DEP HDD CDD  WTR  SNW DPTH SPD SPD DIR MIN PSBL S-S WX    SPD DR
================================================================================

 1  81  62  72   3   0   7 0.08  0.0    0  7.3 14 350   M    M   5        21 360
 2  68  54  61  -8   4   0 0.41  0.0    0  8.3 17 320   M    M   7 138    23 320
 3  72  48  60 -10   5   0 0.00  0.0    0  5.9 15 340   M    M   1        22 350
 4  80  51  66  -4   0   1 0.00  0.0    0  8.1 20 290   M    M   1        26 290
 5  79  51  65  -5   0   0 0.00  0.0    0  4.9 16 330   M    M   0        22 330
 6  81  52  67  -3   0   2 0.00  0.0    0  2.8  9  90   M    M   0        12  70
 7  83  53  68  -3   0   3 0.00  0.0    0  5.8 16 160   M    M   0        25 140
 8  76  59  68  -3   0   3    T  0.0    0 11.3 21 170   M    M   3        27 120
 9  83  66  75   4   0  10    T  0.0    0 12.6 22 200   M    M   6        32 190
10  89  71  80   8   0  15    T  0.0    0 13.7 23 200   M    M   5 8      30 250
11  86  70  78   6   0  13    T  0.0    0 10.2 20 190   M    M   3        26 190
12  85  69  77   5   0  12    T  0.0    0  7.1 18 250   M    M   2        23 250
13  83  62  73   1   0   8 0.00  0.0    0  4.2 15  70   M    M   0        19  90
14  80  62  71  -2   0   6 0.00  0.0    0  5.2 16  50   M    M   3 3      20  50
15  75  62  69  -4   0   4 0.00  0.0    0  6.6 15 100   M    M   7        19  90
16  72  62  67  -6   0   2 0.05  0.0    0  6.0 14 170   M    M   9 1      17 180
17  84  66  75   2   0  10 0.05  0.0    0  6.3 16 340   M    M   8 18     23 320
18  67  58  63 -11   2   0 1.02  0.0    0  6.4 14 330   M    M   9 13     19 350
19  64  58  61 -13   4   0 0.22  0.0    0  5.5 24  90   M    M  10 1      32  90
20  78  62  70  -4   0   5 0.00  0.0    0  4.0 10  60   M    M   7 1      14 320
21  84  57  71  -3   0   6 0.00  0.0    0  3.4 12  90   M    M   1 12     17  70
22  84  67  76   2   0  11 0.00  0.0    0  6.4 14 110   M    M   4        17  80
23  84  65  75   0   0  10 0.00  0.0    0  7.7 17 160   M    M   4        23 160
24  86  69  78   3   0  13    T  0.0    0  9.2 18 160   M    M   5        27 160
25  88  75  82   7   0  17    T  0.0    0 10.8 18 190   M    M   7        24 190
26  79  69  74  -1   0   9 1.21  0.0    0 11.1 32 150   M    M   7 138    42 140
27  71  65  68  -8   0   3 0.98  0.0    0  8.1 25 260   M    M   7 13     33 140
================================================================================
SM 2142 1665        15 170  4.02     0.0 198.9          M      121
================================================================================
AV 79.3 61.7                               7.4 FASTST   M    M   4    MAX(MPH)
                                 MISC ---->  # 32 150               # 42  140
================================================================================
NOTES:
# LAST OF SEVERAL OCCURRENCES

COLUMN 17 PEAK WIND IN M.P.H.

PRELIMINARY LOCAL CLIMATOLOGICAL DATA (WS FORM: F-6) , PAGE 2

                                          STATION:  LONGVIEW
                                          MONTH:    MAY
                                          YEAR:     2016
                                          LATITUDE:   32 22 N
                                          LONGITUDE:  94 43 W

[TEMPERATURE DATA]      [PRECIPITATION DATA]       SYMBOLS USED IN COLUMN 16

AVERAGE MONTHLY: 70.5   TOTAL FOR MONTH:   4.02    1 = FOG OR MIST
DPTR FM NORMAL:  -2.0   DPTR FM NORMAL:   -0.15    2 = FOG REDUCING VISIBILITY
HIGHEST:    89 ON 10    GRTST 24HR  1.93 ON 26-27      TO 1/4 MILE OR LESS
LOWEST:     48 ON  3                               3 = THUNDER
                        SNOW, ICE PELLETS, HAIL    4 = ICE PELLETS
                        TOTAL MONTH:   0.0 INCH    5 = HAIL
                        GRTST 24HR     0.0         6 = FREEZING RAIN OR DRIZZLE
                        GRTST DEPTH:   0           7 = DUSTSTORM OR SANDSTORM:
                                                       VSBY 1/2 MILE OR LESS
                                                   8 = SMOKE OR HAZE
[NO. OF DAYS WITH]      [WEATHER - DAYS WITH]      9 = BLOWING SNOW
                                                   X = TORNADO
MAX 32 OR BELOW:   0    0.01 INCH OR MORE:   8
MAX 90 OR ABOVE:   0    0.10 INCH OR MORE:   5
MIN 32 OR BELOW:   0    0.50 INCH OR MORE:   3
MIN  0 OR BELOW:   0    1.00 INCH OR MORE:   2

[HDD (BASE 65) ]
TOTAL THIS MO.    15    CLEAR  (SCALE 0-3)  11
DPTR FM NORMAL     7    PTCLDY (SCALE 4-7)  13
TOTAL FM JUL 1  1654    CLOUDY (SCALE 8-10)  3
DPTR FM NORMAL  -603

[CDD (BASE 65) ]
TOTAL THIS MO.   170
DPTR FM NORMAL   -41    [PRESSURE DATA]
TOTAL FM JAN 1   313    HIGHEST SLP M ON M
DPTR FM NORMAL   -21    LOWEST  SLP 29.65 ON 27

[REMARKS]
