000
CXUS55 KGGW 260800
CF6GGW
PRELIMINARY LOCAL CLIMATOLOGICAL DATA (WS FORM: F-6)

                                          STATION:   GLASGOW MT
                                          MONTH:     MARCH
                                          YEAR:      2015
                                          LATITUDE:   48 13 N
                                          LONGITUDE: 106 37 W

  TEMPERATURE IN F:       :PCPN:    SNOW:  WIND      :SUNSHINE: SKY     :PK WND
================================================================================
1   2   3   4   5  6A  6B    7    8   9   10  11  12  13   14  15   16   17  18
                                     12Z  AVG MX 2MIN
DY MAX MIN AVG DEP HDD CDD  WTR  SNW DPTH SPD SPD DIR MIN PSBL S-S WX    SPD DR
================================================================================

 1  30  12  21  -3  44   0 0.01  0.2    T  8.6 16 120   M    M   6 1      21 140
 2  39  13  26   1  39   0 0.00  0.0    T 18.6 31 340   M    M   4        38 330
 3  18   1  10 -15  55   0    T    T    T 19.7 32 320   M    M   4 8      37 280
 4  19  -5   7 -19  58   0 0.00  0.0    0  8.1 16 110   M    M   1        18 120
 5  49   7  28   2  37   0 0.00  0.0    0  8.2 20 260   M    M   3        25 260
 6  57  24  41  14  24   0 0.00  0.0    0  9.6 28 350   M    M   3        33 350
 7  47  25  36   9  29   0 0.00  0.0    0  4.3 10 340   M    M   3        13 300
 8  55  22  39  11  26   0 0.00  0.0    0  6.8 15 310   M    M   1        19 320
 9  63  26  45  17  20   0 0.00  0.0    0  8.2 20 240   M    M   0        23 250
10  58  27  43  14  22   0 0.00  0.0    0  9.3 18 160   M    M   1        23 150
11  63  32  48  19  17   0 0.00  0.0    0  7.8 16 120   M    M   0        18 110
12  67  37  52  22  13   0 0.00  0.0    0 11.2 26 290   M    M   1        33 290
13  67  30  49  19  16   0 0.00  0.0    0  8.1 16 230   M    M   0        20 260
14  75  34  55  24  10   0 0.00  0.0    0 14.4 24 210   M    M   0        30 200
15  60  41  51  20  14   0 0.06  0.0    0  8.8 18 170   M    M   6        24 150
16  45  25  35   3  30   0 0.12    T    0 12.0 33  50   M    M   6 16     42  40
17  44  24  34   2  31   0 0.01  0.1    0 13.6 22 120   M    M   3 1      28 130
18  34  31  33   0  32   0 0.24  2.5    1 10.0 16 110   M    M  10 12     20 120
19  60  32  46  13  19   0    T    T    T  8.6 21 260   M    M   5 12     26 240
20  57  34  46  12  19   0 0.00  0.0    0 12.5 29 100   M    M   4        33 100
21  54  33  44  10  21   0 0.00  0.0    0 16.1 25 100   M    M   7 18     30  90
22  58  26  42   7  23   0 0.00  0.0    0 12.3 30 310   M    M   0        36 300
23  50  22  36   1  29   0    T  0.0    0 15.5 26  90   M    M   2        34 110
24  35  31  33  -3  32   0 0.14  0.0    0 14.7 26 330   M    M  10 14     33 320
25  47  31  39   3  26   0    T    T    0  9.4 15 120   M    M   7        18 130
================================================================================
SM 1251  615       686   0  0.58     2.8 276.4          M       87
================================================================================
AV 50.0 24.6                              11.1 FASTST   M    M   3    MAX(MPH)
                                 MISC ---->  # 33  50               # 42   40
================================================================================
NOTES:
# LAST OF SEVERAL OCCURRENCES

COLUMN 17 PEAK WIND IN M.P.H.

PRELIMINARY LOCAL CLIMATOLOGICAL DATA (WS FORM: F-6) , PAGE 2

                                          STATION:  GLASGOW MT
                                          MONTH:    MARCH
                                          YEAR:     2015
                                          LATITUDE:   48 13 N
                                          LONGITUDE: 106 37 W

[TEMPERATURE DATA]      [PRECIPITATION DATA]       SYMBOLS USED IN COLUMN 16

AVERAGE MONTHLY: 37.3   TOTAL FOR MONTH:   0.58    1 = FOG OR MIST
DPTR FM NORMAL:   7.1   DPTR FM NORMAL:    0.27    2 = FOG REDUCING VISIBILITY
HIGHEST:    75 ON 14    GRTST 24HR  0.24 ON 18-18      TO 1/4 MILE OR LESS
LOWEST:     -5 ON  4                               3 = THUNDER
                        SNOW, ICE PELLETS, HAIL    4 = ICE PELLETS
                        TOTAL MONTH:   2.8 INCHES  5 = HAIL
                        GRTST 24HR   2.5 ON 18-18  6 = FREEZING RAIN OR DRIZZLE
                        GRTST DEPTH:   1 ON 18     7 = DUSTSTORM OR SANDSTORM:
                                                       VSBY 1/2 MILE OR LESS
                                                   8 = SMOKE OR HAZE
[NO. OF DAYS WITH]      [WEATHER - DAYS WITH]      9 = BLOWING SNOW
                                                   X = TORNADO
MAX 32 OR BELOW:   3    0.01 INCH OR MORE:   6
MAX 90 OR ABOVE:   0    0.10 INCH OR MORE:   3
MIN 32 OR BELOW:  20    0.50 INCH OR MORE:   0
MIN  0 OR BELOW:   1    1.00 INCH OR MORE:   0

[HDD (BASE 65) ]
TOTAL THIS MO.   686    CLEAR  (SCALE 0-3)  12
DPTR FM NORMAL  -183    PTCLDY (SCALE 4-7)  11
TOTAL FM JUL 1  6770    CLOUDY (SCALE 8-10)  2
DPTR FM NORMAL  -469

[CDD (BASE 65) ]
TOTAL THIS MO.     0
DPTR FM NORMAL     0    [PRESSURE DATA]
TOTAL FM JAN 1     0    HIGHEST SLP M ON M
DPTR FM NORMAL     0    LOWEST  SLP 29.62 ON 14

[REMARKS]
