000
CXUS54 KFWD 260730
CF6GKY
PRELIMINARY LOCAL CLIMATOLOGICAL DATA (WS FORM: F-6)

                                          STATION:   ARLINGTON
                                          MONTH:     DECEMBER
                                          YEAR:      2014
                                          LATITUDE:   32 39 N
                                          LONGITUDE:  97  6 W

  TEMPERATURE IN F:       :PCPN:    SNOW:  WIND      :SUNSHINE: SKY     :PK WND
================================================================================
1   2   3   4   5  6A  6B    7    8   9   10  11  12  13   14  15   16   17  18
                                     12Z  AVG MX 2MIN
DY MAX MIN AVG DEP HDD CDD  WTR  SNW DPTH SPD SPD DIR MIN PSBL S-S WX    SPD DR
================================================================================

 1  66  34  50  -1  15   0    T  0.0    0 14.6 25 320   M    M   8        32 320
 2  50  33  42  -8  23   0 0.00  0.0    0  5.4 14 160   M    M   9        19 160
 3  60  50  55   5  10   0    T  0.0    0  8.6 15 160   M    M  10        19 160
 4  67  58  63  13   2   0    T  0.0    0  7.2 17 130   M    M  10 18     19 160
 5  78   M   M   M   M   M 0.00  0.0    0 12.8 21 320   M    M   M 18     27 320
 6  68  48  58   9   7   0 0.00  0.0    0 12.3 20 330   M    M   4        24 330
 7  55  45  50   1  15   0    T  0.0    0  6.1 12 110   M    M   7 18     14 110
 8  62  37  50   1  15   0 0.00  0.0    0  3.5 12 330   M    M   2 18     13 330
 9  59  36  48   0  17   0 0.00  0.0    0  1.5  8 360   M    M   5 128    12  20
10  61  37  49   1  16   0 0.01  0.0    0  4.1 10 120   M    M   7 128    13 120
11  67  52  60  12   5   0    T  0.0    0  6.8 13 200   M    M   9        16 200
12  72  58  65  17   0   0 0.00  0.0    0  7.6 16 150   M    M   7        22 140
13  72  59  66  18   0   1 0.00  0.0    0 12.0 21 150   M    M   6        27 160
14  69  63  66  19   0   1 0.25  0.0    0 12.6 21 160   M    M   9 1      29 150
15  66  47  57  10   8   0    T  0.0    0  9.2 18 300   M    M   1        27 280
16  56  36  46  -1  19   0 0.00  0.0    0  9.0 22 320   M    M   0        29 330
17  50  37  44  -3  21   0 0.33  0.0    0  7.3 20 100   M    M  10 138    22 120
18  51  43  47   0  18   0    T  0.0    0  7.0 13  40   M    M   6 18     15  30
19  50  47  49   3  16   0 0.06  0.0    0  9.0 15 350   M    M  10 18     20  20
20  49  47  48   2  17   0 0.00  0.0    0  4.5  9 340   M    M  10 8      12  50
21  54  48  51   5  14   0 0.00  0.0    0 10.4 18 160   M    M  10        25 160
22  67  47  57  11   8   0 0.00  0.0    0 10.0 20 170   M    M   2        29 180
23  54  45  50   4  15   0 0.50  0.0    0 10.7 23 350   M    M   8 1      28 340
24  53  33  43  -3  22   0 0.00  0.0    0 11.5 26 310   M    M   3        32 320
25  62  33  48   2  17   0 0.00  0.0    0 13.2 29 170   M    M   0        40 170
================================================================================
SM 1518 1073       300   2  1.15     0.0 216.9          M      153
================================================================================
AV 60.7 44.7                               8.7 FASTST   M    M   6    MAX(MPH)
                                 MISC ---->  # 29 170               # 40  170
================================================================================
NOTES:
# LAST OF SEVERAL OCCURRENCES

COLUMN 17 PEAK WIND IN M.P.H.

PRELIMINARY LOCAL CLIMATOLOGICAL DATA (WS FORM: F-6) , PAGE 2

                                          STATION:  ARLINGTON
                                          MONTH:    DECEMBER
                                          YEAR:     2014
                                          LATITUDE:   32 39 N
                                          LONGITUDE:  97  6 W

[TEMPERATURE DATA]      [PRECIPITATION DATA]       SYMBOLS USED IN COLUMN 16

AVERAGE MONTHLY: 52.7   TOTAL FOR MONTH:   1.15    1 = FOG OR MIST
DPTR FM NORMAL:   4.9   DPTR FM NORMAL:   -1.09    2 = FOG REDUCING VISIBILITY
HIGHEST:    78 ON  5    GRTST 24HR  0.50 ON 23-23      TO 1/4 MILE OR LESS
LOWEST:     33 ON 25,24                            3 = THUNDER
                        SNOW, ICE PELLETS, HAIL    4 = ICE PELLETS
                        TOTAL MONTH:   0.0 INCH    5 = HAIL
                        GRTST 24HR     0.0         6 = FREEZING RAIN OR DRIZZLE
                        GRTST DEPTH:   0           7 = DUSTSTORM OR SANDSTORM:
                                                       VSBY 1/2 MILE OR LESS
                                                   8 = SMOKE OR HAZE
[NO. OF DAYS WITH]      [WEATHER - DAYS WITH]      9 = BLOWING SNOW
                                                   X = TORNADO
MAX 32 OR BELOW:   0    0.01 INCH OR MORE:   5
MAX 90 OR ABOVE:   0    0.10 INCH OR MORE:   3
MIN 32 OR BELOW:   0    0.50 INCH OR MORE:   1
MIN  0 OR BELOW:   0    1.00 INCH OR MORE:   0

[HDD (BASE 65) ]
TOTAL THIS MO.   300    CLEAR  (SCALE 0-3)   6
DPTR FM NORMAL  -134    PTCLDY (SCALE 4-7)   9
TOTAL FM JUL 1   635    CLOUDY (SCALE 8-10)  9
DPTR FM NORMAL  -152

[CDD (BASE 65) ]
TOTAL THIS MO.     2
DPTR FM NORMAL     2    [PRESSURE DATA]
TOTAL FM JAN 1  2742    HIGHEST SLP M ON M
DPTR FM NORMAL   129    LOWEST  SLP 29.54 ON 22

[REMARKS]
