000
CXUS54 KOUN 250700
CF6GOK
PRELIMINARY LOCAL CLIMATOLOGICAL DATA (WS FORM: F-6)

                                          STATION:   GUTHRIE MUNICIPAL
                                          MONTH:     AUGUST
                                          YEAR:      2016
                                          LATITUDE:   35 50 N
                                          LONGITUDE:  97 25 W

  TEMPERATURE IN F:       :PCPN:    SNOW:  WIND      :SUNSHINE: SKY     :PK WND
================================================================================
1   2   3   4   5  6A  6B    7    8   9   10  11  12  13   14  15   16   17  18
                                     12Z  AVG MX 2MIN
DY MAX MIN AVG DEP HDD CDD  WTR  SNW DPTH SPD SPD DIR MIN PSBL S-S WX    SPD DR
================================================================================

 1  98  80  89   5   0  24 0.00  0.0    0 12.1 18 180   M    M   0        25 200
 2 101  80  91   7   0  26 0.00  0.0    0  9.7 16 220   M    M   0        24 210
 3  99  75  87   3   0  22 0.00  0.0    0  8.4 17 150   M    M   0        24 150
 4  96  79  88   4   0  23    T  0.0    0  8.4 15 190   M    M   0        19 170
 5  96  78  87   3   0  22    T  0.0    0  5.3 12 180   M    M   3 3      15 180
 6  92  75  84   0   0  19    T  0.0    0  8.7 15 110   M    M   3 3      21  50
 7  99  75  87   3   0  22 0.00  0.0    0  8.4 18 300   M    M   0 3      26 300
 8  91  74  83  -1   0  18    T  0.0    0  4.8 13 270   M    M   1        15 270
 9  98  74  86   3   0  21    T  0.0    0  6.4 13 130   M    M   3        18 130
10  99  77  88   5   0  23 0.00  0.0    0 10.1 18 180   M    M   1        27 200
11 103  79  91   8   0  26 0.00  0.0    0 11.1 18 180   M    M   1        28 200
12  91  76  84   1   0  19    T  0.0    0  5.3 15  10   M    M   2        22  30
13  92  70  81  -2   0  16 0.00  0.0    0  7.6 20  40   M    M   1        29  40
14  87  64  76  -7   0  11 0.00  0.0    0  5.8 17  50   M    M   0        24  40
15  93  69  81  -2   0  16 0.00  0.0    0  4.8 14  70   M    M   0        22  80
16  93  64  79  -4   0  14 0.00  0.0    0  6.7 14 100   M    M   0        18 120
17  92  68  80  -3   0  15 0.00  0.0    0  6.9 13 210   M    M   1        18 210
18  92  70  81  -1   0  16 0.00  0.0    0  6.9 15 170   M    M   4        19 130
19  91  69  80  -2   0  15    T  0.0    0 11.8 23 180   M    M   2        29 190
20  86  65  76  -6   0  11 0.02  0.0    0  6.5 14 360   M    M   4        23 360
21  87  55  71 -11   0   6 0.00  0.0    0  5.2 15  80   M    M   0        21  90
22  90  59  75  -7   0  10 0.00  0.0    0  9.2 17 160   M    M   2        23 160
23  93  76  85   3   0  20 0.01  0.0    0 14.4 24 190   M    M   3 13     33 200
24  98  80  89   8   0  24 0.00  0.0    0 14.9 28 200   M    M   2        37 180
================================================================================
SM 2257 1731         0 439  0.03     0.0 199.4          M       33
================================================================================
AV 94.0 72.1                               8.3 FASTST   M    M   1    MAX(MPH)
                                 MISC ---->  # 28 200               # 37  180
================================================================================
NOTES:
# LAST OF SEVERAL OCCURRENCES

COLUMN 17 PEAK WIND IN M.P.H.

PRELIMINARY LOCAL CLIMATOLOGICAL DATA (WS FORM: F-6) , PAGE 2

                                          STATION:  GUTHRIE MUNICIPAL
                                          MONTH:    AUGUST
                                          YEAR:     2016
                                          LATITUDE:   35 50 N
                                          LONGITUDE:  97 25 W

[TEMPERATURE DATA]      [PRECIPITATION DATA]       SYMBOLS USED IN COLUMN 16

AVERAGE MONTHLY: 83.1   TOTAL FOR MONTH:   0.03    1 = FOG OR MIST
DPTR FM NORMAL:   0.1   DPTR FM NORMAL:   -2.33    2 = FOG REDUCING VISIBILITY
HIGHEST:   103 ON 11    GRTST 24HR  0.02 ON 20-20      TO 1/4 MILE OR LESS
LOWEST:     55 ON 21                               3 = THUNDER
                        SNOW, ICE PELLETS, HAIL    4 = ICE PELLETS
                        TOTAL MONTH:   0.0 INCH    5 = HAIL
                        GRTST 24HR     0.0         6 = FREEZING RAIN OR DRIZZLE
                        GRTST DEPTH:   0           7 = DUSTSTORM OR SANDSTORM:
                                                       VSBY 1/2 MILE OR LESS
                                                   8 = SMOKE OR HAZE
[NO. OF DAYS WITH]      [WEATHER - DAYS WITH]      9 = BLOWING SNOW
                                                   X = TORNADO
MAX 32 OR BELOW:   0    0.01 INCH OR MORE:   2
MAX 90 OR ABOVE:  21    0.10 INCH OR MORE:   0
MIN 32 OR BELOW:   0    0.50 INCH OR MORE:   0
MIN  0 OR BELOW:   0    1.00 INCH OR MORE:   0

[HDD (BASE 65) ]
TOTAL THIS MO.     0    CLEAR  (SCALE 0-3)  21
DPTR FM NORMAL     0    PTCLDY (SCALE 4-7)   3
TOTAL FM JUL 1     0    CLOUDY (SCALE 8-10)  0
DPTR FM NORMAL     0

[CDD (BASE 65) ]
TOTAL THIS MO.   439
DPTR FM NORMAL     8    [PRESSURE DATA]
TOTAL FM JAN 1  1778    HIGHEST SLP M ON M
DPTR FM NORMAL   169    LOWEST  SLP 29.70 ON 19

[REMARKS]
