000
CXUS54 KFWD 310730
CF6GOP
PRELIMINARY LOCAL CLIMATOLOGICAL DATA (WS FORM: F-6)

                                          STATION:   GATESVILLE
                                          MONTH:     OCTOBER
                                          YEAR:      2014
                                          LATITUDE:   31 25 N
                                          LONGITUDE:  97 48 W

  TEMPERATURE IN F:       :PCPN:    SNOW:  WIND      :SUNSHINE: SKY     :PK WND
================================================================================
1   2   3   4   5  6A  6B    7    8   9   10  11  12  13   14  15   16   17  18
                                     12Z  AVG MX 2MIN
DY MAX MIN AVG DEP HDD CDD  WTR  SNW DPTH SPD SPD DIR MIN PSBL S-S WX    SPD DR
================================================================================

 1  91  72  82  11   0  17 0.00  0.0    0  6.8 12 170   M    M   2 8      16 180
 2  95  70  83  13   0  18 0.11  0.0    0  9.8 21 210   M    M   2 38     28 210
 3  82  57  70   0   0   5 0.00  0.0    0  4.7 12  10   M    M   0        18  20
 4  79  54  67  -3   0   2 0.00  0.0    0  3.6 12 170   M    M   0         M  M
 5  84  55  70   1   0   5 0.00  0.0    0  7.7 15 200   M    M   3 1      18 200
 6  86  70  78   9   0  13 0.00  0.0    0  7.1 12 140   M    M   3        21 120
 7  97  70  84  15   0  19 0.00  0.0    0  7.3 10 170   M    M   1        18 190
 8  90  72  81  13   0  16 0.00  0.0    0  7.5 13 200   M    M   2        20 180
 9  91  73  82  14   0  17 0.00  0.0    0  9.6 15 180   M    M   1        23 190
10  91  68  80  12   0  15 0.01  0.0    0  6.6 15 190   M    M   4        17 200
11  68  55  62  -6   3   0 1.28  0.0    0  6.0 13 350   M    M   9 3      18 340
12  75  59  67   0   0   2 0.00  0.0    0  5.2 13 170   M    M   7 18     17 170
13  75  55  65  -2   0   0 1.27  0.0    0 11.2 23 310   M    M   2 3      37 310
14  77  52  65  -2   0   0 0.00  0.0    0  6.4 18 360   M    M   0        22 340
15  86  48  67   1   0   2 0.00  0.0    0  2.0 13 270   M    M   0         M  M
16  88  50  69   3   0   4 0.00  0.0    0  5.5 16 200   M    M   0        21 220
17  88  54  71   5   0   6 0.00  0.0    0  3.0  9 200   M    M   0 8       M  M
18  82  57  70   5   0   5 0.00  0.0    0  1.7  8  60   M    M   1         M  M
19  77  61  69   4   0   4 0.00  0.0    0  2.0  6  90   M    M   3         M  M
20  81  57  69   4   0   4 0.00  0.0    0  0.6  5  60   M    M   1 1       M  M
21  81  55  68   4   0   3 0.00  0.0    0  0.4  5 130   M    M   0 1       M  M
22  81  57  69   5   0   4 0.00  0.0    0  1.8  8  80   M    M   1         M  M
23  81  63  72   8   0   7 0.00  0.0    0  1.6  6 150   M    M   0         M  M
24  84  57  71   7   0   6 0.00  0.0    0  2.4  7 230   M    M   0         M  M
25  88  61  75  12   0  10 0.00  0.0    0  2.9  6 170   M    M   0         M  M
26  86  59  73  10   0   8 0.00  0.0    0  6.3 13 180   M    M   0        20 180
27  84  64  74  11   0   9 0.00  0.0    0  9.7 17 190   M    M   0        24 180
28  82  64  73  11   0   8 0.00  0.0    0  3.7  8 360   M    M   1         M  M
29  77  59  68   6   0   3 0.00  0.0    0  2.2  9  30   M    M   2         M  M
30  81  55  68   6   0   3 0.00  0.0    0  1.2  7 170   M    M   2 8       M  M
================================================================================
SM 2508 1803         3 215  2.67     0.0 146.5          M       47
================================================================================
AV 83.6 60.1                               4.9 FASTST   M    M   2    MAX(MPH)
                                 MISC ---->  # 23 310                 37    M
================================================================================
NOTES:
# LAST OF SEVERAL OCCURRENCES

COLUMN 17 PEAK WIND IN M.P.H.

PRELIMINARY LOCAL CLIMATOLOGICAL DATA (WS FORM: F-6) , PAGE 2

                                          STATION:  GATESVILLE
                                          MONTH:    OCTOBER
                                          YEAR:     2014
                                          LATITUDE:   31 25 N
                                          LONGITUDE:  97 48 W

[TEMPERATURE DATA]      [PRECIPITATION DATA]       SYMBOLS USED IN COLUMN 16

AVERAGE MONTHLY: 71.8   TOTAL FOR MONTH:   2.67    1 = FOG OR MIST
DPTR FM NORMAL:   5.7   DPTR FM NORMAL:       M    2 = FOG REDUCING VISIBILITY
HIGHEST:    97 ON  7    GRTST 24HR  1.28 ON 11-11      TO 1/4 MILE OR LESS
LOWEST:     48 ON 15                               3 = THUNDER
                        SNOW, ICE PELLETS, HAIL    4 = ICE PELLETS
                        TOTAL MONTH:   0.0 INCH    5 = HAIL
                        GRTST 24HR     0.0         6 = FREEZING RAIN OR DRIZZLE
                        GRTST DEPTH:   0           7 = DUSTSTORM OR SANDSTORM:
                                                       VSBY 1/2 MILE OR LESS
                                                   8 = SMOKE OR HAZE
[NO. OF DAYS WITH]      [WEATHER - DAYS WITH]      9 = BLOWING SNOW
                                                   X = TORNADO
MAX 32 OR BELOW:   0    0.01 INCH OR MORE:   4
MAX 90 OR ABOVE:   6    0.10 INCH OR MORE:   3
MIN 32 OR BELOW:   0    0.50 INCH OR MORE:   2
MIN  0 OR BELOW:   0    1.00 INCH OR MORE:   2

[HDD (BASE 65) ]
TOTAL THIS MO.     3    CLEAR  (SCALE 0-3)  27
DPTR FM NORMAL   -75    PTCLDY (SCALE 4-7)   2
TOTAL FM JUL 1     5    CLOUDY (SCALE 8-10)  1
DPTR FM NORMAL   -81

[CDD (BASE 65) ]
TOTAL THIS MO.   215
DPTR FM NORMAL   102    [PRESSURE DATA]
TOTAL FM JAN 1  2655    HIGHEST SLP M ON M
DPTR FM NORMAL   369    LOWEST  SLP M ON M

[REMARKS]
