000
CXUS53 KGID 280730
CF6GRI
PRELIMINARY LOCAL CLIMATOLOGICAL DATA (WS FORM: F-6)

                                          STATION:   GRAND ISLAND NE
                                          MONTH:     AUGUST
                                          YEAR:      2016
                                          LATITUDE:   40 58 N
                                          LONGITUDE:  98 19 W

  TEMPERATURE IN F:       :PCPN:    SNOW:  WIND      :SUNSHINE: SKY     :PK WND
================================================================================
1   2   3   4   5  6A  6B    7    8   9   10  11  12  13   14  15   16   17  18
                                     12Z  AVG MX 2MIN
DY MAX MIN AVG DEP HDD CDD  WTR  SNW DPTH SPD SPD DIR MIN PSBL S-S WX    SPD DR
================================================================================

 1  88  70  79   3   0  14 0.00  0.0    0 11.0 30  10   M    M   3 13     38  10
 2  88  69  79   3   0  14 0.07  0.0    0  8.6 33  10   M    M   1 13     40  10
 3  89  68  79   3   0  14 0.00  0.0    0  9.3 17 150   M    M   3 12     23 150
 4  87  64  76   0   0  11 0.00  0.0    0 10.7 24 350   M    M   3 3      31 360
 5  80  62  71  -4   0   6 0.00  0.0    0  6.3 16  20   M    M   4        20  40
 6  76  65  71  -4   0   6    T  0.0    0  6.0 13 120   M    M   9        17 100
 7  77  63  70  -5   0   5 0.00  0.0    0  7.4 15 100   M    M   6        20 100
 8  81  60  71  -4   0   6 0.00  0.0    0  6.9 15 140   M    M   6 1      19 140
 9  90  70  80   5   0  15 0.00  0.0    0  9.0 17 150   M    M   3 1      23 150
10  92  72  82   7   0  17 0.00  0.0    0 12.1 21 140   M    M   1        28 150
11  89  70  80   5   0  15    T  0.0    0  8.9 18 200   M    M   1        24 190
12  86  63  75   0   0  10 0.05  0.0    0  9.9 20 330   M    M   2 13     24 360
13  87  60  74  -1   0   9 0.00  0.0    0  5.0 15 350   M    M   0        17 350
14  86  62  74   0   0   9    T  0.0    0  5.6 14 140   M    M   1        17 140
15  86  63  75   1   0  10 0.00  0.0    0 12.3 20 170   M    M   0        26 160
16  85  65  75   1   0  10    T  0.0    0  6.1 20 180   M    M   0 3      25 190
17  90  60  75   1   0  10 0.00  0.0    0  6.2 15 160   M    M   1 128    18 130
18  95  66  81   7   0  16 0.01  0.0    0 12.2 22 200   M    M   0 3      30 210
19  75  61  68  -6   0   3 0.31  0.0    0  9.1 18 320   M    M   4 3      23 330
20  77  54  66  -8   0   1 0.00  0.0    0 11.6 24 330   M    M   3        30 320
21  83  47  65  -9   0   0 0.00  0.0    0  9.0 18 170   M    M   0 1      25 150
22  88  64  76   3   0  11 0.00  0.0    0 17.8 28 180   M    M   0        36 190
23  93  67  80   7   0  15    T  0.0    0 12.6 22 170   M    M   5 3      28 200
24  74  59  67  -6   0   2 0.00  0.0    0  6.9 14 360   M    M   1        16 360
25  79  56  68  -5   0   3 0.00  0.0    0  6.5 15 350   M    M   0        17 340
26  74  53  64  -8   1   0    T  0.0    0  6.4 15 100   M    M   6 1      20 130
27  85  56  71  -1   0   6    T  0.0    0  6.4 16 150   M    M   3 12     20 150
================================================================================
SM 2280 1689         1 238  0.44     0.0 239.8          M       66
================================================================================
AV 84.4 62.6                               8.9 FASTST   M    M   2    MAX(MPH)
                                 MISC ---->  # 33  10               # 40   10
================================================================================
NOTES:
# LAST OF SEVERAL OCCURRENCES

COLUMN 17 PEAK WIND IN M.P.H.

PRELIMINARY LOCAL CLIMATOLOGICAL DATA (WS FORM: F-6) , PAGE 2

                                          STATION:  GRAND ISLAND NE
                                          MONTH:    AUGUST
                                          YEAR:     2016
                                          LATITUDE:   40 58 N
                                          LONGITUDE:  98 19 W

[TEMPERATURE DATA]      [PRECIPITATION DATA]       SYMBOLS USED IN COLUMN 16

AVERAGE MONTHLY: 73.5   TOTAL FOR MONTH:   0.44    1 = FOG OR MIST
DPTR FM NORMAL:  -0.8   DPTR FM NORMAL:   -2.33    2 = FOG REDUCING VISIBILITY
HIGHEST:    95 ON 18    GRTST 24HR  0.31 ON 19-19      TO 1/4 MILE OR LESS
LOWEST:     47 ON 21                               3 = THUNDER
                        SNOW, ICE PELLETS, HAIL    4 = ICE PELLETS
                        TOTAL MONTH:   0.0 INCH    5 = HAIL
                        GRTST 24HR     0.0         6 = FREEZING RAIN OR DRIZZLE
                        GRTST DEPTH:   0           7 = DUSTSTORM OR SANDSTORM:
                                                       VSBY 1/2 MILE OR LESS
                                                   8 = SMOKE OR HAZE
[NO. OF DAYS WITH]      [WEATHER - DAYS WITH]      9 = BLOWING SNOW
                                                   X = TORNADO
MAX 32 OR BELOW:   0    0.01 INCH OR MORE:   4
MAX 90 OR ABOVE:   5    0.10 INCH OR MORE:   1
MIN 32 OR BELOW:   0    0.50 INCH OR MORE:   0
MIN  0 OR BELOW:   0    1.00 INCH OR MORE:   0

[HDD (BASE 65) ]
TOTAL THIS MO.     1    CLEAR  (SCALE 0-3)  17
DPTR FM NORMAL     1    PTCLDY (SCALE 4-7)   9
TOTAL FM JUL 1     7    CLOUDY (SCALE 8-10)  1
DPTR FM NORMAL     5

[CDD (BASE 65) ]
TOTAL THIS MO.   238
DPTR FM NORMAL   -20    [PRESSURE DATA]
TOTAL FM JAN 1   978    HIGHEST SLP M ON M
DPTR FM NORMAL    93    LOWEST  SLP 29.74 ON M

[REMARKS]
