000
CXUS52 KRAH 281345
CF6GSO
PRELIMINARY LOCAL CLIMATOLOGICAL DATA (WS FORM: F-6)

                                          STATION:   PIEDMONT TRIAD INTL AIRPORT NC
                                          MONTH:     FEBRUARY
                                          YEAR:      2015
                                          LATITUDE:   36  4 N
                                          LONGITUDE:  79 57 W

  TEMPERATURE IN F:       :PCPN:    SNOW:  WIND      :SUNSHINE: SKY     :PK WND
================================================================================
1   2   3   4   5  6A  6B    7    8   9   10  11  12  13   14  15   16   17  18
                                     12Z  AVG MX 2MIN
DY MAX MIN AVG DEP HDD CDD  WTR  SNW DPTH SPD SPD DIR MIN PSBL S-S WX    SPD DR
================================================================================

 1  55  35  45   5  20   0    T  0.0    0  8.4 23 220   M    M   9        29 220
 2  56  26  41   1  24   0 0.38  0.0    0 17.1 36 300   M    M   6 1      45 300
 3  44  20  32  -8  33   0 0.00  0.0    0  4.9 10 210   M    M   2        13 260
 4  54  26  40   0  25   0 0.00  0.0    0  7.7 17 190   M    M   7        21 220
 5  45  24  35  -6  30   0 0.00  0.0    0  8.9 21  20   M    M   5        32 340
 6  42  14  28 -13  37   0 0.00  0.0    0  4.7 12 210   M    M   3        16 220
 7  59  25  42   1  23   0 0.00  0.0    0  6.9 21 230   M    M   5        28 200
 8  72  39  56  15   9   0 0.00  0.0    0 11.8 24 210   M    M   1        32 220
 9  57  46  52  11  13   0 0.38  0.0    0  5.2 17  40   M    M  10 1      22  50
10  49  35  42   1  23   0 0.21  0.0    0  9.8 21  30   M    M   8 1      28  30
11  52  28  40  -2  25   0 0.00  0.0    0  4.2 13  60   M    M   1 1      15  50
12  53  24  39  -3  26   0 0.00  0.0    0 10.3 33 320   M    M   2 1      41 320
13  34  22  28 -14  37   0 0.00  0.0    0  4.9 15 320   M    M   6        21 320
14  52  19  36  -6  29   0    T    T    0 14.6 39 290   M    M   5        49 300
15  28  12  20 -22  45   0    T    M    0 13.5 35 320   M    M   1        44 310
16  24  18  21 -22  44   0 0.42  0.9    0  7.1 13  60   M    M  10 146    17 110
17  37  16  27 -16  38   0 0.05  1.0    1  4.3 15 360   M    M   7 146    23 340
18  39  18  29 -14  36   0 0.01    T    0 10.6 26 300   M    M   4 1      35 300
19  20   9  15 -28  50   0 0.00  0.0    0 13.4 24 300   M    M   1        30 320
20  27   6  17 -27  48   0 0.00  0.0    0  5.8 14 340   M    M   2        21 320
21  36  19  28 -16  37   0    T    T    0  6.6 13 220   M    M   9        17 230
22  57  33  45   1  20   0 0.45  0.0    0  3.5 14 260   M    M   9 18     18 270
23  49  31  40  -4  25   0    T  0.0    0  9.8 16 360   M    M  10        24  20
24  31  22  27 -17  38   0 0.03  1.3    1  5.4 13 110   M    M   9 18     15 110
25  45  22  34 -11  31   0 0.28  3.0    0  5.7 14 250   M    M   8 128    17 140
26  36  30  33 -12  32   0 0.38  3.4    6  6.5 16  40   M    M   9 126    22  40
27  44  24  34 -11  31   0 0.00  0.0    4  4.6 14  40   M    M   4 12     17  50
================================================================================
SM 1197  643       829   0  2.59     9.6 216.2          M      153
================================================================================
AV 44.3 23.8                               8.0 FASTST   M    M   6    MAX(MPH)
                                 MISC ---->  # 39 290               # 49  300
================================================================================
NOTES:
# LAST OF SEVERAL OCCURRENCES

COLUMN 17 PEAK WIND IN M.P.H.

PRELIMINARY LOCAL CLIMATOLOGICAL DATA (WS FORM: F-6) , PAGE 2

                                          STATION:  PIEDMONT TRIAD INTL AIRPORT NC
                                          MONTH:    FEBRUARY
                                          YEAR:     2015
                                          LATITUDE:   36  4 N
                                          LONGITUDE:  79 57 W

[TEMPERATURE DATA]      [PRECIPITATION DATA]       SYMBOLS USED IN COLUMN 16

AVERAGE MONTHLY: 34.1   TOTAL FOR MONTH:   2.59    1 = FOG OR MIST
DPTR FM NORMAL:  -8.3   DPTR FM NORMAL:   -0.26    2 = FOG REDUCING VISIBILITY
HIGHEST:    72 ON  8    GRTST 24HR  0.66 ON 25-26      TO 1/4 MILE OR LESS
LOWEST:      6 ON 20                               3 = THUNDER
                        SNOW, ICE PELLETS, HAIL    4 = ICE PELLETS
                        TOTAL MONTH:   9.6 INCHES  5 = HAIL
                        GRTST 24HR   3.4 ON   M    6 = FREEZING RAIN OR DRIZZLE
                        GRTST DEPTH:   6 ON 26     7 = DUSTSTORM OR SANDSTORM:
                                                       VSBY 1/2 MILE OR LESS
                                                   8 = SMOKE OR HAZE
[NO. OF DAYS WITH]      [WEATHER - DAYS WITH]      9 = BLOWING SNOW
                                                   X = TORNADO
MAX 32 OR BELOW:   5    0.01 INCH OR MORE:  10
MAX 90 OR ABOVE:   0    0.10 INCH OR MORE:   7
MIN 32 OR BELOW:  22    0.50 INCH OR MORE:   0
MIN  0 OR BELOW:   0    1.00 INCH OR MORE:   0

[HDD (BASE 65) ]
TOTAL THIS MO.   829    CLEAR  (SCALE 0-3)   7
DPTR FM NORMAL   216    PTCLDY (SCALE 4-7)  10
TOTAL FM JUL 1  3050    CLOUDY (SCALE 8-10) 10
DPTR FM NORMAL   214

[CDD (BASE 65) ]
TOTAL THIS MO.     0
DPTR FM NORMAL     0    [PRESSURE DATA]
TOTAL FM JAN 1     0    HIGHEST SLP M ON M
DPTR FM NORMAL     0    LOWEST  SLP 29.47 ON  2

[REMARKS]
