000
CXUS52 KRAH 300817
CF6GSO
PRELIMINARY LOCAL CLIMATOLOGICAL DATA (WS FORM: F-6)

                                          STATION:   PIEDMONT TRIAD INTL AIRPORT NC
                                          MONTH:     JUNE
                                          YEAR:      2015
                                          LATITUDE:   36  4 N
                                          LONGITUDE:  79 57 W

  TEMPERATURE IN F:       :PCPN:    SNOW:  WIND      :SUNSHINE: SKY     :PK WND
================================================================================
1   2   3   4   5  6A  6B    7    8   9   10  11  12  13   14  15   16   17  18
                                     12Z  AVG MX 2MIN
DY MAX MIN AVG DEP HDD CDD  WTR  SNW DPTH SPD SPD DIR MIN PSBL S-S WX    SPD DR
================================================================================

 1  86  66  76   5   0  11 0.17  0.0    0  7.9 28 180   M    M   6 138    35 190
 2  79  65  72   0   0   7 0.74  0.0    0  3.3 13  40   M    M   9 13     17 100
 3  65  60  63  -9   2   0 0.01  0.0    0  9.9 17  50   M    M  10 1      22  60
 4  69  59  64  -8   1   0 0.05  0.0    0  8.1 13  70   M    M   9 1      17  50
 5  80  60  70  -2   0   5    T  0.0    0  4.4  9  40   M    M   8        13  30
 6  87  62  75   2   0  10 0.00  0.0    0  6.0 15  60   M    M   4        20  40
 7  82  65  74   1   0   9 0.00  0.0    0  7.2 14 150   M    M   7        17 140
 8  87  68  78   5   0  13 0.04  0.0    0 11.3 22 200   M    M   8 13     31 220
 9  87  66  77   3   0  12 0.16  0.0    0  6.7 14 320   M    M   9 13     21 270
10  89  67  78   4   0  13 0.00  0.0    0  5.2 14 180   M    M   5 18     17 180
11  89  69  79   5   0  14 0.00  0.0    0  7.2 14 190   M    M   4 1      18 190
12  89  71  80   6   0  15 0.00  0.0    0  8.6 17 250   M    M   7        21 260
13  93  73  83   8   0  18 0.00  0.0    0  6.5 16 300   M    M   5        24 300
14  94  71  83   8   0  18 0.00  0.0    0  4.2 13 250   M    M   4        28 210
15  96  73  85  10   0  20 0.00  0.0    0  5.4 16 320   M    M   2        37 320
16  98  73  86  11   0  21 0.00  0.0    0  7.7 18 280   M    M   3        24 300
17  95  73  84   8   0  19 0.00  0.0    0  3.7 10  60   M    M   6        13  60
18  97  73  85   9   0  20 0.08  0.0    0  5.8 18 190   M    M   9 13     23 190
19  91  71  81   5   0  16 0.07  0.0    0  4.9 21 240   M    M   8 13     24 240
20  93  70  82   6   0  17    T  0.0    0  9.5 26 240   M    M   6 3      35 220
21  94  73  84   8   0  19 0.00  0.0    0  8.0 21 330   M    M   4        31 330
22  95  71  83   6   0  18 0.00  0.0    0  3.6 13  40   M    M   6        17  40
23  97  74  86   9   0  21 0.00  0.0    0  8.1 22 270   M    M   6        26 260
24  95  76  86   9   0  21 0.00  0.0    0  4.9 13 340   M    M   6        23  30
25  95  75  85   8   0  20 0.07  0.0    0  6.9 13 120   M    M   8 13     16 190
26  92  71  82   5   0  17 0.39  0.0    0  4.9 17 170   M    M   8 138    22 170
27  85  70  78   0   0  13 0.23  0.0    0  5.0 14 150   M    M   9 13     17 160
28  85  63  74  -4   0   9 0.00  0.0    0  9.2 21 290   M    M   4        26 300
29  85  60  73  -5   0   8 0.00  0.0    0  5.7 14 200   M    M   4        17 210
================================================================================
SM 2569 1988         3 404  2.01     0.0 189.8          M      184
================================================================================
AV 88.6 68.6                               6.5 FASTST   M    M   6    MAX(MPH)
                                 MISC ---->  # 28 180               # 37  320
================================================================================
NOTES:
# LAST OF SEVERAL OCCURRENCES

COLUMN 17 PEAK WIND IN M.P.H.

PRELIMINARY LOCAL CLIMATOLOGICAL DATA (WS FORM: F-6) , PAGE 2

                                          STATION:  PIEDMONT TRIAD INTL AIRPORT NC
                                          MONTH:    JUNE
                                          YEAR:     2015
                                          LATITUDE:   36  4 N
                                          LONGITUDE:  79 57 W

[TEMPERATURE DATA]      [PRECIPITATION DATA]       SYMBOLS USED IN COLUMN 16

AVERAGE MONTHLY: 78.6   TOTAL FOR MONTH:   2.01    1 = FOG OR MIST
DPTR FM NORMAL:   3.6   DPTR FM NORMAL:   -1.60    2 = FOG REDUCING VISIBILITY
HIGHEST:    98 ON 16    GRTST 24HR  0.75 ON  2- 3      TO 1/4 MILE OR LESS
LOWEST:     59 ON  4                               3 = THUNDER
                        SNOW, ICE PELLETS, HAIL    4 = ICE PELLETS
                        TOTAL MONTH:   0.0 INCH    5 = HAIL
                        GRTST 24HR     0.0         6 = FREEZING RAIN OR DRIZZLE
                        GRTST DEPTH:   0           7 = DUSTSTORM OR SANDSTORM:
                                                       VSBY 1/2 MILE OR LESS
                                                   8 = SMOKE OR HAZE
[NO. OF DAYS WITH]      [WEATHER - DAYS WITH]      9 = BLOWING SNOW
                                                   X = TORNADO
MAX 32 OR BELOW:   0    0.01 INCH OR MORE:  11
MAX 90 OR ABOVE:  14    0.10 INCH OR MORE:   5
MIN 32 OR BELOW:   0    0.50 INCH OR MORE:   1
MIN  0 OR BELOW:   0    1.00 INCH OR MORE:   0

[HDD (BASE 65) ]
TOTAL THIS MO.     3    CLEAR  (SCALE 0-3)   2
DPTR FM NORMAL    -2    PTCLDY (SCALE 4-7)  21
TOTAL FM JUL 1  3698    CLOUDY (SCALE 8-10)  6
DPTR FM NORMAL    81

[CDD (BASE 65) ]
TOTAL THIS MO.   404
DPTR FM NORMAL   110    [PRESSURE DATA]
TOTAL FM JAN 1   638    HIGHEST SLP M ON M
DPTR FM NORMAL   185    LOWEST  SLP 29.71 ON 27

[REMARKS]
