000
CXUS54 KAMA 261015
CF6GUY
PRELIMINARY LOCAL CLIMATOLOGICAL DATA (WS FORM: F-6)

                                          STATION:   GUYMON
                                          MONTH:     SEPTEMBER
                                          YEAR:      2017
                                          LATITUDE:   36 41 N
                                          LONGITUDE: 101 30 W

  TEMPERATURE IN F:       :PCPN:    SNOW:  WIND      :SUNSHINE: SKY     :PK WND
================================================================================
1   2   3   4   5  6A  6B    7    8   9   10  11  12  13   14  15   16   17  18
                                     12Z  AVG MX 2MIN
DY MAX MIN AVG DEP HDD CDD  WTR  SNW DPTH SPD SPD DIR MIN PSBL S-S WX    SPD DR
================================================================================

 1  93  59  76   0   0  11 0.00  0.0    0 10.4 18 200   M    M   0        35 200
 2  91  64  78   2   0  13 0.00  0.0    M   M   M   M   M    M   M         M  M
 3  95  58  77   2   0  12 0.00  0.0    0  8.2 17 180   M    M   0        22 190
 4  95  58  77   2   0  12 0.00  0.0    0  9.0 18  50   M    M   M 8      24  60
 5  77  54  66  -9   0   1 0.00  0.0    M  8.2 16  40   M    M   0        23  10
 6  83  48  66  -8   0   1 0.00  0.0    0  6.9 17 200   M    M   1        27 220
 7  88  55  72  -2   0   7 0.00  0.0    0 13.5 28 200   M    M   1        34 220
 8  92  63  78   4   0  13 0.00  0.0    0 15.1 25 200   M    M   0        32 180
 9  89  57  73   0   0   8 0.00  0.0    0 14.3 24 170   M    M   0        31 180
10  89  57  73   0   0   8 0.00  0.0    0 14.0 25 190   M    M   0        32 180
11  94  54  74   1   0   9 0.00  0.0    0  7.9 15 250   M    M   0 8      20 160
12  93  54  74   2   0   9 0.00  0.0    0  3.9 13 130   M    M   0        18 130
13  95  55  75   3   0  10 0.00  0.0    0  8.5 16 200   M    M   0        21 200
14  99  57  78   6   0  13 0.00  0.0    0 10.3 24 190   M    M   0        32 160
15  98  67  83  12   0  18    T  0.0    0 16.1 37 250   M    M   1        46 250
16  88  57  73   2   0   8    T  0.0    0 10.8 22 360   M    M   0        28  10
17  82  56  69  -1   0   4    T  0.0    0  8.6 24 340   M    M   4 13     30 310
18  87  60  74   4   0   9 0.19  0.0    0 12.7 23 200   M    M   3 13     28 200
19  97  60  79  10   0  14 0.00  0.0    0 15.7 37 200   M    M   0        49 200
20  83  52  68  -1   0   3 0.00  0.0    0  9.6 22 360   M    M   0        28  20
21  98  49  74   6   0   9 0.00  0.0    0 13.7 35 200   M    M   0        46 200
22  94  68  81  13   0  16 0.00  0.0    0 16.9 28 180   M    M   1 38     36 160
23  86  63  75   8   0  10 1.99  0.0    0 12.9 30 250   M    M   3 13     40 250
24  79  60  70   3   0   5 0.72  0.0    0 11.1 24 250   M    M   8 1      29 250
25  68  53  61  -5   4   0 1.04  0.0    0 11.4 23  10   M    M   8 13     32 170
================================================================================
SM 2233 1438         4 223  3.94     0.0 269.7          M       30
================================================================================
AV 89.3 57.5                              11.2 FASTST   M    M   1    MAX(MPH)
                                 MISC ---->  # 37 250               # 49  200
================================================================================
NOTES:
# LAST OF SEVERAL OCCURRENCES

COLUMN 17 PEAK WIND IN M.P.H.

PRELIMINARY LOCAL CLIMATOLOGICAL DATA (WS FORM: F-6) , PAGE 2

                                          STATION:  GUYMON
                                          MONTH:    SEPTEMBER
                                          YEAR:     2017
                                          LATITUDE:   36 41 N
                                          LONGITUDE: 101 30 W

[TEMPERATURE DATA]      [PRECIPITATION DATA]       SYMBOLS USED IN COLUMN 16

AVERAGE MONTHLY: 73.4   TOTAL FOR MONTH:   3.94    1 = FOG OR MIST
DPTR FM NORMAL:   1.8   DPTR FM NORMAL:    2.45    2 = FOG REDUCING VISIBILITY
HIGHEST:    99 ON 14    GRTST 24HR  1.99 ON 23-23      TO 1/4 MILE OR LESS
LOWEST:     48 ON  6                               3 = THUNDER
                        SNOW, ICE PELLETS, HAIL    4 = ICE PELLETS
                        TOTAL MONTH:   0.0 INCH    5 = HAIL
                        GRTST 24HR     0.0         6 = FREEZING RAIN OR DRIZZLE
                        GRTST DEPTH:   0           7 = DUSTSTORM OR SANDSTORM:
                                                       VSBY 1/2 MILE OR LESS
                                                   8 = SMOKE OR HAZE
[NO. OF DAYS WITH]      [WEATHER - DAYS WITH]      9 = BLOWING SNOW
                                                   X = TORNADO
MAX 32 OR BELOW:   0    0.01 INCH OR MORE:   4
MAX 90 OR ABOVE:  13    0.10 INCH OR MORE:   4
MIN 32 OR BELOW:   0    0.50 INCH OR MORE:   3
MIN  0 OR BELOW:   0    1.00 INCH OR MORE:   2

[HDD (BASE 65) ]
TOTAL THIS MO.     4    CLEAR  (SCALE 0-3)  20
DPTR FM NORMAL   -19    PTCLDY (SCALE 4-7)   3
TOTAL FM JUL 1     4    CLOUDY (SCALE 8-10)  0
DPTR FM NORMAL   -20

[CDD (BASE 65) ]
TOTAL THIS MO.   223
DPTR FM NORMAL    35    [PRESSURE DATA]
TOTAL FM JAN 1  1544    HIGHEST SLP 29.85 ON  4
DPTR FM NORMAL   107    LOWEST  SLP 29.58 ON 19

[REMARKS]
