000
CXUS52 KFFC 231110
CF6GVL
PRELIMINARY LOCAL CLIMATOLOGICAL DATA (WS FORM: F-6)

                                          STATION:   GAINESVILLE
                                          MONTH:     AUGUST
                                          YEAR:      2014
                                          LATITUDE:   34 16 N
                                          LONGITUDE:  83 50 W

  TEMPERATURE IN F:       :PCPN:    SNOW:  WIND      :SUNSHINE: SKY     :PK WND
================================================================================
1   2   3   4   5  6A  6B    7    8   9   10  11  12  13   14  15   16   17  18
                                     12Z  AVG MX 2MIN
DY MAX MIN AVG DEP HDD CDD  WTR  SNW DPTH SPD SPD DIR MIN PSBL S-S WX    SPD DR
================================================================================

 1  80  64  72  -7   0   7 0.04  0.0    0  8.6 15  50   M    M   5 1      19  80
 2  81  65  73  -6   0   8    T  0.0    0  6.8 13 100   M    M   3        16 130
 3  86  67  77  -2   0  12 0.00  0.0    M  3.9 12 100   M    M   3 12     15  70
 4  86  68  77  -2   0  12 0.00  0.0    0  4.7 16  60   M    M   2 1      24  20
 5  88  68  78  -1   0  13 0.00  0.0    0  5.3 13 260   M    M   1        17 280
 6  91  65  78  -1   0  13 0.00  0.0    0  6.1 15 310   M    M   0        19 280
 7  93  69  81   2   0  16 0.00  0.0    M  3.5 14 310   M    M   0 18     17 320
 8  77  69  73  -6   0   8 1.42  0.0    M  7.7 17 100   M    M   6 138    22 110
 9  86  69  78  -1   0  13 0.60  0.0    M  4.2 24 260   M    M   5 13     30 260
10  78  70  74  -5   0   9    T  0.0    M  6.5 13  80   M    M   8 1      16  80
11  85  69  77  -2   0  12 0.00  0.0    M  3.8 10 260   M    M   8 1      16  50
12  88  72  80   1   0  15 0.03  0.0    M  8.2 16 300   M    M   3 1      22 290
13  84  66  75  -4   0  10 0.00    M    M  7.8 15 290   M    M   0        19 320
14  83  62  73  -5   0   8 0.00    M    M  3.8 13 100   M    M   1        17  90
15  87  64  76  -2   0  11 0.00    M    M  3.2  8 250   M    M   1        11 300
16  87  65  76  -2   0  11 0.00    M    M  3.1 12 260   M    M   1 8      17 330
17  90  66  78   0   0  13    T  0.0    0  4.9 24 260   M    M   1 13     33 250
18  85  71  78   0   0  13 0.09  0.0    0  6.9 29 320   M    M   2 38     39 300
19  86  70  78   0   0  13 0.20  0.0    M  6.9 16 260   M    M   5 1      21 270
20  88  69  79   1   0  14 0.26  0.0    M  7.2 22 250   M    M   1 13     30 320
21  93  69  81   3   0  16 0.00  0.0    M  6.5 13 280   M    M   1 3      17 300
22  93  72  83   5   0  18 0.00  0.0    M  6.2 14 300   M    M   1        19 320
================================================================================
SM 1895 1489         0 265  2.64     0.0 125.8          M       58
================================================================================
AV 86.1 67.7                               5.7 FASTST   M    M   3    MAX(MPH)
                                 MISC ---->  # 29 320               # 39  300
================================================================================
NOTES:
# LAST OF SEVERAL OCCURRENCES

COLUMN 17 PEAK WIND IN M.P.H.

PRELIMINARY LOCAL CLIMATOLOGICAL DATA (WS FORM: F-6) , PAGE 2

                                          STATION:  GAINESVILLE
                                          MONTH:    AUGUST
                                          YEAR:     2014
                                          LATITUDE:   34 16 N
                                          LONGITUDE:  83 50 W

[TEMPERATURE DATA]      [PRECIPITATION DATA]       SYMBOLS USED IN COLUMN 16

AVERAGE MONTHLY: 76.9   TOTAL FOR MONTH:   2.64    1 = FOG OR MIST
DPTR FM NORMAL:  -1.7   DPTR FM NORMAL:   -0.72    2 = FOG REDUCING VISIBILITY
HIGHEST:    93 ON 22,21 GRTST 24HR  1.42 ON  8- 8      TO 1/4 MILE OR LESS
LOWEST:     62 ON 14                               3 = THUNDER
                        SNOW, ICE PELLETS, HAIL    4 = ICE PELLETS
                        TOTAL MONTH:   0.0 INCH    5 = HAIL
                        GRTST 24HR     0.0         6 = FREEZING RAIN OR DRIZZLE
                        GRTST DEPTH:   0           7 = DUSTSTORM OR SANDSTORM:
                                                       VSBY 1/2 MILE OR LESS
                                                   8 = SMOKE OR HAZE
[NO. OF DAYS WITH]      [WEATHER - DAYS WITH]      9 = BLOWING SNOW
                                                   X = TORNADO
MAX 32 OR BELOW:   0    0.01 INCH OR MORE:   7
MAX 90 OR ABOVE:   5    0.10 INCH OR MORE:   4
MIN 32 OR BELOW:   0    0.50 INCH OR MORE:   2
MIN  0 OR BELOW:   0    1.00 INCH OR MORE:   1

[HDD (BASE 65) ]
TOTAL THIS MO.     0    CLEAR  (SCALE 0-3)  16
DPTR FM NORMAL     0    PTCLDY (SCALE 4-7)   5
TOTAL FM JUL 1     0    CLOUDY (SCALE 8-10)  1
DPTR FM NORMAL     0

[CDD (BASE 65) ]
TOTAL THIS MO.   265
DPTR FM NORMAL   -33    [PRESSURE DATA]
TOTAL FM JAN 1  1223    HIGHEST SLP M ON M
DPTR FM NORMAL     3    LOWEST  SLP 29.80 ON 12

[REMARKS]
