000
CXUS54 KFWD 310730
CF6GVT
PRELIMINARY LOCAL CLIMATOLOGICAL DATA (WS FORM: F-6)

                                          STATION:   GREENVILLE
                                          MONTH:     AUGUST
                                          YEAR:      2014
                                          LATITUDE:   33  4 N
                                          LONGITUDE:  96  4 W

  TEMPERATURE IN F:       :PCPN:    SNOW:  WIND      :SUNSHINE: SKY     :PK WND
================================================================================
1   2   3   4   5  6A  6B    7    8   9   10  11  12  13   14  15   16   17  18
                                     12Z  AVG MX 2MIN
DY MAX MIN AVG DEP HDD CDD  WTR  SNW DPTH SPD SPD DIR MIN PSBL S-S WX    SPD DR
================================================================================

 1  73  68  71 -15   0   6 0.00  0.0    0  4.0  9 360   M    M   9 1       M  M
 2  86  64  75 -11   0  10 0.00  0.0    0  2.7  8  10   M    M   4 1       M  M
 3  90  70  80  -6   0  15 0.00  0.0    0  4.1 12  60   M    M   2 1      17  60
 4   M  70   M   M   M   M 0.00  0.0    0  0.7  7  90   M    M   0 1       M  M
 5  91  72  82  -4   0  17 0.00  0.0    0  3.5  9 140   M    M   1 1       M  M
 6  95  75  85  -1   0  20 0.00  0.0    0  6.7 12 150   M    M   1        17 170
 7  95  77  86   0   0  21 0.00  0.0    0  8.4 14 150   M    M   0        16 190
 8  99  77  88   2   0  23 0.00  0.0    0  7.7 15 190   M    M   0        21 190
 9  99  73  86   0   0  21 0.00  0.0    0  7.0 12 160   M    M   1        20  70
10  99  72  86   0   0  21 0.03  0.0    0  3.3  8 260   M    M   1         M  M
11  95  75  85  -1   0  20 0.00  0.0    0  4.4 13 350   M    M   1        17 360
12  90  64  77  -9   0  12 0.00  0.0    0  6.0 16 360   M    M   1        20 360
13  91  63  77  -9   0  12 0.00  0.0    0  1.9  7  50   M    M   0         M  M
14  91  63  77  -9   0  12 0.00  0.0    0  2.3  9 110   M    M   0         M  M
15  95  68  82  -4   0  17 0.00  0.0    0  5.0 10 180   M    M   1         M  M
16 100  75  88   2   0  23 0.00  0.0    0  8.3 14 210   M    M   2 3      21 210
17  81  73  77  -9   0  12 0.30  0.0    0  3.4  9 180   M    M   4 3       M  M
18  93  73  83  -2   0  18 0.00  0.0    0  5.6 14 210   M    M   1 1      22 210
19  97  75  86   1   0  21 0.00  0.0    0  8.0 14 150   M    M   0        16 150
20  97  77  87   2   0  22 0.00  0.0    0 10.0 15 180   M    M   1        20 160
21  99  75  87   2   0  22 0.00  0.0    0 10.9 17 160   M    M   2        23 200
22 100  77  89   4   0  24 0.00  0.0    0  9.4 15 160   M    M   0        21 220
23  99  73  86   1   0  21 0.00  0.0    0  7.3 12 160   M    M   0        16 140
24  99  73  86   1   0  21 0.00  0.0    0  6.2 10 170   M    M   0        16 130
25   M   M   M   M   M   M    M    M    M   M   M   M   M    M   M         M  M
26   M   M   M   M   M   M    M    M    M   M   M   M   M    M   M         M  M
27  95   M   M   M   M   M 0.00  0.0    0  4.8 12 110   M    M   2         M  M
28  97  70  84   0   0  19 0.00  0.0    0  5.6 13 170   M    M   1        18 170
29  90  70  80  -4   0  15 0.38  0.0    0  4.8 13 220   M    M   4 3       M  M
30  91  73  82  -1   0  17 0.00  0.0    0  3.6  9 140   M    M   3         M  M
================================================================================
SM 2527 1935         0 462  0.71     0.0 155.6          M       42
================================================================================
AV 93.6 71.7                               5.6 FASTST   M    M   2    MAX(MPH)
                                 MISC ---->    17   M               # 23  200
================================================================================
NOTES:
# LAST OF SEVERAL OCCURRENCES

COLUMN 17 PEAK WIND IN M.P.H.

PRELIMINARY LOCAL CLIMATOLOGICAL DATA (WS FORM: F-6) , PAGE 2

                                          STATION:  GREENVILLE
                                          MONTH:    AUGUST
                                          YEAR:     2014
                                          LATITUDE:   33  4 N
                                          LONGITUDE:  96  4 W

[TEMPERATURE DATA]      [PRECIPITATION DATA]       SYMBOLS USED IN COLUMN 16

AVERAGE MONTHLY: 82.6   TOTAL FOR MONTH:   0.71    1 = FOG OR MIST
DPTR FM NORMAL:  -2.7   DPTR FM NORMAL:   -1.09    2 = FOG REDUCING VISIBILITY
HIGHEST:   100 ON 22,16 GRTST 24HR  0.38 ON 29-29      TO 1/4 MILE OR LESS
LOWEST:     63 ON 14,13                            3 = THUNDER
                        SNOW, ICE PELLETS, HAIL    4 = ICE PELLETS
                        TOTAL MONTH:   0.0 INCH    5 = HAIL
                        GRTST 24HR     0.0         6 = FREEZING RAIN OR DRIZZLE
                        GRTST DEPTH:   0           7 = DUSTSTORM OR SANDSTORM:
                                                       VSBY 1/2 MILE OR LESS
                                                   8 = SMOKE OR HAZE
[NO. OF DAYS WITH]      [WEATHER - DAYS WITH]      9 = BLOWING SNOW
                                                   X = TORNADO
MAX 32 OR BELOW:   0    0.01 INCH OR MORE:   3
MAX 90 OR ABOVE:  24    0.10 INCH OR MORE:   2
MIN 32 OR BELOW:   0    0.50 INCH OR MORE:   0
MIN  0 OR BELOW:   0    1.00 INCH OR MORE:   0

[HDD (BASE 65) ]
TOTAL THIS MO.     0    CLEAR  (SCALE 0-3)  24
DPTR FM NORMAL     0    PTCLDY (SCALE 4-7)   3
TOTAL FM JUL 1     0    CLOUDY (SCALE 8-10)  1
DPTR FM NORMAL     0

[CDD (BASE 65) ]
TOTAL THIS MO.   462
DPTR FM NORMAL  -147    [PRESSURE DATA]
TOTAL FM JAN 1  1695    HIGHEST SLP M ON M
DPTR FM NORMAL  -382    LOWEST  SLP M ON M

[REMARKS]
