000
CXUS54 KJAN 281200
CF6GWO
PRELIMINARY LOCAL CLIMATOLOGICAL DATA (WS FORM: F-6)

                                          STATION:   GREENWOOD
                                          MONTH:     DECEMBER
                                          YEAR:      2014
                                          LATITUDE:   33 30 N
                                          LONGITUDE:  90  5 W

  TEMPERATURE IN F:       :PCPN:    SNOW:  WIND      :SUNSHINE: SKY     :PK WND
================================================================================
1   2   3   4   5  6A  6B    7    8   9   10  11  12  13   14  15   16   17  18
                                     12Z  AVG MX 2MIN
DY MAX MIN AVG DEP HDD CDD  WTR  SNW DPTH SPD SPD DIR MIN PSBL S-S WX    SPD DR
================================================================================

 1  75  41  58   9   7   0 0.18  0.0    0  9.2 15 340   M    M   5 1      19 340
 2  43  40  42  -7  23   0 0.15  0.0    0  2.4  8 350   M    M   8 1      10 340
 3  58  42  50   1  15   0 0.00  0.0    0  3.6  8 340   M    M   6 1      10 340
 4  72  45  59  11   6   0 0.00  0.0    0  2.4  9 290   M    M   4 1      12 290
 5  74  58  66  18   0   1 1.65  0.0    0  8.1 22 310   M    M   9 13     37 300
 6  68  45  57   9   8   0 0.32  0.0    0 10.4 21 220   M    M   7 1      28 220
 7  54  42  48   0  17   0 0.00  0.0    0  8.1 18  40   M    M   5        22  30
 8  57  36  47   0  18   0 0.00  0.0    0  2.4  9 220   M    M   0 1      14 250
 9  59  33  46  -1  19   0 0.00  0.0    0  5.2 18 350   M    M   3 12     26 330
10  51  27  39  -8  26   0 0.00  0.0    0  3.9 10 360   M    M   0 1      14 350
11  47  27  37 -10  28   0 0.00  0.0    0  2.1  7 330   M    M   4 1       9 340
12  55  35  45  -1  20   0 0.00  0.0    0  1.5  8 110   M    M   9         9 110
13  63  46  55   9  10   0 0.00  0.0    0  3.0  9 120   M    M   8        12  90
14  68  38  53   7  12   0 0.00  0.0    0  3.7 12 100   M    M   0        17 110
15  68  50  59  13   6   0 0.53  0.0    0 10.8 24 230   M    M   7 1      37 230
16  54  33  44  -2  21   0 0.00  0.0    0  4.9 14 330   M    M   0        21 340
17  51  29  40  -5  25   0 0.00  0.0    0  3.1  8  30   M    M   1 1      10 330
18  52  42  47   2  18   0 0.05  0.0    0  4.1 14  90   M    M  10 1      17  90
19  49  43  46   1  19   0 0.07    M    0  6.4 12  20   M    M   9 1      16  30
20  57  33  45   0  20   0 0.00  0.0    0  4.4 13  50   M    M   2 1      15  20
21  61  32  47   2  18   0 0.00  0.0    0  5.0 14 140   M    M   1        18 130
22  63  50  57  12   8   0    T  0.0    0  9.3 16 160   M    M  10        21 160
23  64  48  56  12   9   0 0.99  0.0    0  6.7 17 350   M    M  10 123    24 330
24  48  41  45   1  20   0 0.01  0.0    0  6.4 14 250   M    M   8        20 270
25  56  31  44   0  21   0 0.00  0.0    0  5.5 15 200   M    M   1        19 190
26   M   M   M   M   M   M    M    M    M   M   M   M   M    M   M         M  M
27  65  51  58  14   7   0 1.19  0.0    0  9.9 18 170   M    M  10 1      22 180
================================================================================
SM 1532 1038       401   1  5.14     0.0 142.5          M      137
================================================================================
AV 58.9 39.9                               5.5 FASTST   M    M   5    MAX(MPH)
                                 MISC ---->  # 24 230               # 37  300
================================================================================
NOTES:
# LAST OF SEVERAL OCCURRENCES

COLUMN 17 PEAK WIND IN M.P.H.

PRELIMINARY LOCAL CLIMATOLOGICAL DATA (WS FORM: F-6) , PAGE 2

                                          STATION:  GREENWOOD
                                          MONTH:    DECEMBER
                                          YEAR:     2014
                                          LATITUDE:   33 30 N
                                          LONGITUDE:  90  5 W

[TEMPERATURE DATA]      [PRECIPITATION DATA]       SYMBOLS USED IN COLUMN 16

AVERAGE MONTHLY: 49.4   TOTAL FOR MONTH:   5.14    1 = FOG OR MIST
DPTR FM NORMAL:   3.2   DPTR FM NORMAL:    0.11    2 = FOG REDUCING VISIBILITY
HIGHEST:    75 ON  1    GRTST 24HR  1.97 ON  5- 6      TO 1/4 MILE OR LESS
LOWEST:     27 ON 11,10                            3 = THUNDER
                        SNOW, ICE PELLETS, HAIL    4 = ICE PELLETS
                        TOTAL MONTH:   0.0 INCH    5 = HAIL
                        GRTST 24HR     0.0         6 = FREEZING RAIN OR DRIZZLE
                        GRTST DEPTH:   0           7 = DUSTSTORM OR SANDSTORM:
                                                       VSBY 1/2 MILE OR LESS
                                                   8 = SMOKE OR HAZE
[NO. OF DAYS WITH]      [WEATHER - DAYS WITH]      9 = BLOWING SNOW
                                                   X = TORNADO
MAX 32 OR BELOW:   0    0.01 INCH OR MORE:  10
MAX 90 OR ABOVE:   0    0.10 INCH OR MORE:   7
MIN 32 OR BELOW:   5    0.50 INCH OR MORE:   4
MIN  0 OR BELOW:   0    1.00 INCH OR MORE:   2

[HDD (BASE 65) ]
TOTAL THIS MO.   401    CLEAR  (SCALE 0-3)   8
DPTR FM NORMAL  -112    PTCLDY (SCALE 4-7)   9
TOTAL FM JUL 1   989    CLOUDY (SCALE 8-10)  9
DPTR FM NORMAL     8

[CDD (BASE 65) ]
TOTAL THIS MO.     1
DPTR FM NORMAL     1    [PRESSURE DATA]
TOTAL FM JAN 1  2044    HIGHEST SLP M ON M
DPTR FM NORMAL  -115    LOWEST  SLP 29.51 ON 23

[REMARKS]
