000
CXUS54 KJAN 271200
CF6GWO
PRELIMINARY LOCAL CLIMATOLOGICAL DATA (WS FORM: F-6)

                                          STATION:   GREENWOOD
                                          MONTH:     MAY
                                          YEAR:      2017
                                          LATITUDE:   33 30 N
                                          LONGITUDE:  90  5 W

  TEMPERATURE IN F:       :PCPN:    SNOW:  WIND      :SUNSHINE: SKY     :PK WND
================================================================================
1   2   3   4   5  6A  6B    7    8   9   10  11  12  13   14  15   16   17  18
                                     12Z  AVG MX 2MIN
DY MAX MIN AVG DEP HDD CDD  WTR  SNW DPTH SPD SPD DIR MIN PSBL S-S WX    SPD DR
================================================================================

 1  73  54  64  -4   1   0 0.00  0.0    0 11.5 25 220   M    M   0        36 240
 2  77  49  63  -5   2   0 0.00  0.0    0  2.2  9 230   M    M   1        13 210
 3  82  59  71   3   0   6 0.74  0.0    0  8.4 26 120   M    M   1 13     35 120
 4  62  50  56 -13   9   0 0.15  0.0    0  9.4 20 230   M    M  10 1      33 320
 5  70  49  60  -9   5   0 0.02  0.0    0  7.3 23 350   M    M   4        36 350
 6  78  46  62  -7   3   0 0.00  0.0    0  5.1 15 290   M    M   0        26 290
 7  82  52  67  -2   0   2 0.00  0.0    0  4.9 14  90   M    M   0        21  90
 8  86  56  71   1   0   6 0.00  0.0    0  3.1 10  80   M    M   1        11  60
 9  85  58  72   2   0   7 0.00  0.0    0  3.6 15 190   M    M   0        17 220
10  84  61  73   3   0   8 0.00  0.0    0  5.4 14 190   M    M   0 1      18 160
11  83  64  74   3   0   9 0.00  0.0    0  6.1 16 190   M    M   2 1      23 220
12  82  64  73   2   0   8 0.70  0.0    0  8.4 21 350   M    M   8 13     29 360
13  77  58  68  -3   0   3    T  0.0    0  6.0 13  20   M    M   7        16  20
14  84  53  69  -2   0   4 0.00  0.0    0  2.3  9  30   M    M   0 1      13  30
15  85  58  72   0   0   7 0.00  0.0    0  4.1 10 220   M    M   1        13 200
16  89  64  77   5   0  12 0.00  0.0    0  7.4 17 190   M    M   3        22 190
17  88  67  78   6   0  13 0.00  0.0    0 10.7 23 180   M    M   2        29 170
18  89  69  79   7   0  14 0.00  0.0    0 10.1 18 180   M    M   2        26 190
19  90  73  82   9   0  17 0.02  0.0    0  9.5 20 210   M    M   3 3      23 210
20  88  68  78   5   0  13 0.05  0.0    0  6.6 21 130   M    M   4 1      29 140
21  84  63  74   1   0   9 0.01  0.0    0  3.0 14 310   M    M   5 13     20 300
22  73  61  67  -6   0   2 0.23  0.0    0  3.0 13  40   M    M   3 1      15  40
23  77  64  71  -3   0   6 0.08  0.0    0  3.2 10 220   M    M   8 1      14 240
24  72  54  63 -11   2   0 0.91  0.0    0  6.7 16 340   M    M   8 13     24 340
25  78  51  65  -9   0   0    T  0.0    0  5.1 14 210   M    M   0        18 220
26  88  62  75   0   0  10 0.00  0.0    0 10.2 23 190   M    M   1        29 200
================================================================================
SM 2106 1527        22 156  2.91     0.0 163.3          M       74
================================================================================
AV 81.0 58.7                               6.3 FASTST   M    M   3    MAX(MPH)
                                 MISC ---->  # 26 120               # 36  240
================================================================================
NOTES:
# LAST OF SEVERAL OCCURRENCES

COLUMN 17 PEAK WIND IN M.P.H.

PRELIMINARY LOCAL CLIMATOLOGICAL DATA (WS FORM: F-6) , PAGE 2

                                          STATION:  GREENWOOD
                                          MONTH:    MAY
                                          YEAR:     2017
                                          LATITUDE:   33 30 N
                                          LONGITUDE:  90  5 W

[TEMPERATURE DATA]      [PRECIPITATION DATA]       SYMBOLS USED IN COLUMN 16

AVERAGE MONTHLY: 69.9   TOTAL FOR MONTH:   2.91    1 = FOG OR MIST
DPTR FM NORMAL:  -1.3   DPTR FM NORMAL:   -1.32    2 = FOG REDUCING VISIBILITY
HIGHEST:    90 ON 19    GRTST 24HR  1.10 ON 30- 1      TO 1/4 MILE OR LESS
LOWEST:     46 ON  6                               3 = THUNDER
                        SNOW, ICE PELLETS, HAIL    4 = ICE PELLETS
                        TOTAL MONTH:   0.0 INCH    5 = HAIL
                        GRTST 24HR     0.0         6 = FREEZING RAIN OR DRIZZLE
                        GRTST DEPTH:   0           7 = DUSTSTORM OR SANDSTORM:
                                                       VSBY 1/2 MILE OR LESS
                                                   8 = SMOKE OR HAZE
[NO. OF DAYS WITH]      [WEATHER - DAYS WITH]      9 = BLOWING SNOW
                                                   X = TORNADO
MAX 32 OR BELOW:   0    0.01 INCH OR MORE:  10
MAX 90 OR ABOVE:   1    0.10 INCH OR MORE:   5
MIN 32 OR BELOW:   0    0.50 INCH OR MORE:   3
MIN  0 OR BELOW:   0    1.00 INCH OR MORE:   0

[HDD (BASE 65) ]
TOTAL THIS MO.    22    CLEAR  (SCALE 0-3)  18
DPTR FM NORMAL     7    PTCLDY (SCALE 4-7)   6
TOTAL FM JUL 1  1780    CLOUDY (SCALE 8-10)  2
DPTR FM NORMAL  -906

[CDD (BASE 65) ]
TOTAL THIS MO.   156
DPTR FM NORMAL   -20    [PRESSURE DATA]
TOTAL FM JAN 1   390    HIGHEST SLP M ON M
DPTR FM NORMAL   112    LOWEST  SLP 29.62 ON 24

[REMARKS]
