000
CXUS54 KEWX 310910
CF6GYB
PRELIMINARY LOCAL CLIMATOLOGICAL DATA (WS FORM: F-6)

                                          STATION:   Giddings-Lee County Airport
                                          MONTH:     OCTOBER
                                          YEAR:      2014
                                          LATITUDE:   30 10 N
                                          LONGITUDE:  96 59 W

  TEMPERATURE IN F:       :PCPN:    SNOW:  WIND      :SUNSHINE: SKY     :PK WND
================================================================================
1   2   3   4   5  6A  6B    7    8   9   10  11  12  13   14  15   16   17  18
                                     12Z  AVG MX 2MIN
DY MAX MIN AVG DEP HDD CDD  WTR  SNW DPTH SPD SPD DIR MIN PSBL S-S WX    SPD DR
================================================================================

 1  91  72  82   M   0  17 0.00    M    M  4.9  9 170   M    M   5 1       M  M
 2  92  71  82   M   0  17 0.35    M    M  8.1 16 200   M    M   6 1      28 360
 3  81  59  70   M   0   5 0.00    M    M  5.4 10  10   M    M   0        20  20
 4  77  57  67   M   0   2 0.00    M    M  4.7 12  80   M    M   0        18  80
 5  85  56  71   M   0   6 0.00    M    M  5.9 12 150   M    M   2        18 200
 6  86  67  77   M   0  12 0.00    M    M  5.5 16  80   M    M   2 1      28  60
 7  90  67  79   M   0  14 0.00    M    M  5.8 10 170   M    M   5 1       M  M
 8  89  73  81   M   0  16 0.00    M    M  5.9  9 170   M    M   6 1       M  M
 9  89  73  81   M   0  16 0.00    M    M  6.9 12 200   M    M   6        17 200
10  92  73  83   M   0  18 0.00    M    M  8.1 15 190   M    M   5 1      23 190
11  75  61  68   M   0   3 0.61    M    M  6.5 13 340   M    M   8 1      20 310
12  79  61  70   M   0   5 0.01    M    M  4.4 10 180   M    M   8 1      20 180
13  78  59  69   M   0   4 0.12    M    M 12.1 21 330   M    M   4        37 300
14  77  52  65   M   0   0 0.00    M    M  5.8 16 340   M    M   0        22 350
15  85  48  67   M   0   2 0.00    M    M  1.7  6 320   M    M   0         M  M
16  85  50  68   M   0   3 0.00    M    M  4.8 10 200   M    M   0        17 200
17  85  59  72   M   0   7 0.00    M    M  4.4 12 200   M    M   0 1      17 190
18  85  60  73   M   0   8 0.00    M    M  1.7  7 350   M    M   2 1       M  M
19  81  62  72   M   0   7 0.00    M    M  3.9  9 100   M    M   1 18      M  M
20  82  59  71   M   0   6 0.00    M    M  3.6  8  70   M    M   1 1       M  M
21  81  55  68   M   0   3 0.00    M    M  3.0  9  90   M    M   0 1       M  M
22  81  57  69   M   0   4 0.00    M    M  3.9 12 100   M    M   0        16 100
23  81  59  70   M   0   5 0.00    M    M  2.0  6  80   M    M   2 8       M  M
24  83  55  69   M   0   4 0.00    M    M  1.2  6  60   M    M   1 8       M  M
25  85  56  71   M   0   6 0.00    M    M  1.5  6 210   M    M   0 1       M  M
26  83  55  69   M   0   4 0.00    M    M  3.8  8 200   M    M   0 1       M  M
27  84  58  71   M   0   6 0.00    M    M  7.1 17 200   M    M   2 12     24 190
28  83  61  72   M   0   7 0.00    M    M  1.8  7 230   M    M   1 1       M  M
29  75  61  68   M   0   3 0.00    M    M  2.9  9  10   M    M   5 18      M  M
30  80  56  68   M   0   3 0.00    M    M  1.5  6 100   M    M   3 12      M  M
================================================================================
SM 2500 1812         0 213  1.09    M    138.8          M       75
================================================================================
AV 83.3 60.4                               4.6 FASTST   M    M   3    MAX(MPH)
                                 MISC ---->    21   M                 37    M
================================================================================
NOTES:
# LAST OF SEVERAL OCCURRENCES

COLUMN 17 PEAK WIND IN M.P.H.

PRELIMINARY LOCAL CLIMATOLOGICAL DATA (WS FORM: F-6) , PAGE 2

                                          STATION:  Giddings-Lee County Airport
                                          MONTH:    OCTOBER
                                          YEAR:     2014
                                          LATITUDE:   30 10 N
                                          LONGITUDE:  96 59 W

[TEMPERATURE DATA]      [PRECIPITATION DATA]       SYMBOLS USED IN COLUMN 16

AVERAGE MONTHLY: 71.9   TOTAL FOR MONTH:   1.09    1 = FOG OR MIST
DPTR FM NORMAL:     M   DPTR FM NORMAL:       M    2 = FOG REDUCING VISIBILITY
HIGHEST:    92 ON 10, 2 GRTST 24HR  0.61 ON 11-11      TO 1/4 MILE OR LESS
LOWEST:     48 ON 15                               3 = THUNDER
                        SNOW, ICE PELLETS, HAIL    4 = ICE PELLETS
                        TOTAL MONTH:    M          5 = HAIL
                        GRTST 24HR    M  ON   M    6 = FREEZING RAIN OR DRIZZLE
                        GRTST DEPTH:  M  ON   M    7 = DUSTSTORM OR SANDSTORM:
                                                       VSBY 1/2 MILE OR LESS
                                                   8 = SMOKE OR HAZE
[NO. OF DAYS WITH]      [WEATHER - DAYS WITH]      9 = BLOWING SNOW
                                                   X = TORNADO
MAX 32 OR BELOW:   0    0.01 INCH OR MORE:   4
MAX 90 OR ABOVE:   4    0.10 INCH OR MORE:   3
MIN 32 OR BELOW:   0    0.50 INCH OR MORE:   1
MIN  0 OR BELOW:   0    1.00 INCH OR MORE:   0

[HDD (BASE 65) ]
TOTAL THIS MO.     0    CLEAR  (SCALE 0-3)  19
DPTR FM NORMAL     M    PTCLDY (SCALE 4-7)  10
TOTAL FM JUL 1     1    CLOUDY (SCALE 8-10)  1
DPTR FM NORMAL     M

[CDD (BASE 65) ]
TOTAL THIS MO.   213
DPTR FM NORMAL     M    [PRESSURE DATA]
TOTAL FM JAN 1  2801    HIGHEST SLP M ON M
DPTR FM NORMAL     M    LOWEST  SLP M ON M

[REMARKS]
