000
CXUS53 KGID 290730
CF6HDE
PRELIMINARY LOCAL CLIMATOLOGICAL DATA (WS FORM: F-6)

                                          STATION:   HOLDREGE
                                          MONTH:     MARCH
                                          YEAR:      2015
                                          LATITUDE:   40 27 N
                                          LONGITUDE:  99 20 W

  TEMPERATURE IN F:       :PCPN:    SNOW:  WIND      :SUNSHINE: SKY     :PK WND
================================================================================
1   2   3   4   5  6A  6B    7    8   9   10  11  12  13   14  15   16   17  18
                                     12Z  AVG MX 2MIN
DY MAX MIN AVG DEP HDD CDD  WTR  SNW DPTH SPD SPD DIR MIN PSBL S-S WX    SPD DR
================================================================================

 1  39  12  26  -7  39   0 0.00    M    M  3.8  9 330   M    M   2        16 360
 2  38  24  31  -3  34   0 0.00    M    M 15.0 29 160   M    M   7        37 170
 3  33  17  25  -9  40   0    M    M    M 14.5 25 350   M    M   6        36 350
 4  30   7  19 -15  46   0    M    M    M  7.6 15 330   M    M   5        20 300
 5  43   2  23 -12  42   0 0.00    M    M  8.2 14 220   M    M   0        21 220
 6  62  25  44   9  21   0 0.00    M    M  9.2 21 270   M    M   0        24 270
 7  65  28  47  11  18   0 0.00    M    M  7.2 12 140   M    M   0         M  M
 8  56  31  44   8  21   0 0.00    M    M 11.7 21  20   M    M   0        27  20
 9  63  28  46  10  19   0 0.00    M    M  8.1 12 200   M    M   0        18 190
10  70  32  51  15  14   0 0.00    M    M  7.3 12 340   M    M   0         M  M
11  72  27  50  13  15   0 0.00    M    M  7.6 16 190   M    M   0        22 180
12  75  39  57  20   8   0 0.00    M    M 11.4 23 190   M    M   0        31 190
13  72  35  54  16  11   0 0.00    M    M 13.5 29  10   M    M   0        35  10
14  65  29  47   9  18   0 0.00    M    M  6.5 13 190   M    M   0         M  M
15  86  38  62  24   3   0 0.00    M    M 13.7 18 220   M    M   0        28 250
16  89  39  64  25   1   0 0.00    M    M 15.5 32  20   M    M   0        44  20
17  49  29  39   0  26   0 0.00    M    M 16.4 31  20   M    M   0        38  20
18  55  26  41   2  24   0 0.00    M    M  9.3 14 150   M    M   1        23 130
19  63  30  47   7  18   0 0.00    M    M  3.2  8 280   M    M   2         M  M
20  74  25  50  10  15   0 0.00    M    M  8.7 20 260   M    M   0        25 260
21  72  32  52  12  13   0 0.00    M    M  9.4 17 170   M    M   0        23 200
22  75  36  56  15   9   0 0.00    M    M 10.4 18 350   M    M   0        27 340
23  58  30  44   3  21   0 0.00    M    M  9.7 18  90   M    M   4         9 150
24  66  35  51  10  14   0 0.00    M    M  7.0 14 310   M    M   4 1      22 310
25  46  24  35  -7  30   0 0.02    M    M 12.9 24  10   M    M   6        29  10
26  60  19  40  -2  25   0 0.00    M    M 11.9 25  40   M    M   4        36 340
27  53  29  41  -1  24   0 0.00    M    M  8.6 18 190   M    M   7        24 190
28  68  28  48   5  17   0 0.00    M    M 10.4 20 160   M    M   0        25 160
================================================================================
SM 1697  756       586   0  0.02    M    278.7          M       48
================================================================================
AV 60.6 27.0                              10.0 FASTST   M    M   2    MAX(MPH)
                                 MISC ---->    32   M                 44    M
================================================================================
NOTES:
# LAST OF SEVERAL OCCURRENCES

COLUMN 17 PEAK WIND IN M.P.H.

PRELIMINARY LOCAL CLIMATOLOGICAL DATA (WS FORM: F-6) , PAGE 2

                                          STATION:  HOLDREGE
                                          MONTH:    MARCH
                                          YEAR:     2015
                                          LATITUDE:   40 27 N
                                          LONGITUDE:  99 20 W

[TEMPERATURE DATA]      [PRECIPITATION DATA]       SYMBOLS USED IN COLUMN 16

AVERAGE MONTHLY: 43.8   TOTAL FOR MONTH:   0.02    1 = FOG OR MIST
DPTR FM NORMAL:   5.7   DPTR FM NORMAL:   -1.68    2 = FOG REDUCING VISIBILITY
HIGHEST:    89 ON 16    GRTST 24HR  0.02 ON 25-25      TO 1/4 MILE OR LESS
LOWEST:      2 ON  5                               3 = THUNDER
                        SNOW, ICE PELLETS, HAIL    4 = ICE PELLETS
                        TOTAL MONTH:    M          5 = HAIL
                        GRTST 24HR    M  ON   M    6 = FREEZING RAIN OR DRIZZLE
                        GRTST DEPTH:  M  ON   M    7 = DUSTSTORM OR SANDSTORM:
                                                       VSBY 1/2 MILE OR LESS
                                                   8 = SMOKE OR HAZE
[NO. OF DAYS WITH]      [WEATHER - DAYS WITH]      9 = BLOWING SNOW
                                                   X = TORNADO
MAX 32 OR BELOW:   1    0.01 INCH OR MORE:   1
MAX 90 OR ABOVE:   0    0.10 INCH OR MORE:   0
MIN 32 OR BELOW:  22    0.50 INCH OR MORE:   0
MIN  0 OR BELOW:   0    1.00 INCH OR MORE:   0

[HDD (BASE 65) ]
TOTAL THIS MO.   586    CLEAR  (SCALE 0-3)  20
DPTR FM NORMAL  -168    PTCLDY (SCALE 4-7)   8
TOTAL FM JUL 1  5181    CLOUDY (SCALE 8-10)  0
DPTR FM NORMAL  -314

[CDD (BASE 65) ]
TOTAL THIS MO.     0
DPTR FM NORMAL     0    [PRESSURE DATA]
TOTAL FM JAN 1     0    HIGHEST SLP M ON M
DPTR FM NORMAL     0    LOWEST  SLP M ON M

[REMARKS]
