000
CXUS53 KGID 200730
CF6HDE
PRELIMINARY LOCAL CLIMATOLOGICAL DATA (WS FORM: F-6)

                                          STATION:   HOLDREGE
                                          MONTH:     DECEMBER
                                          YEAR:      2014
                                          LATITUDE:   40 27 N
                                          LONGITUDE:  99 20 W

  TEMPERATURE IN F:       :PCPN:    SNOW:  WIND      :SUNSHINE: SKY     :PK WND
================================================================================
1   2   3   4   5  6A  6B    7    8   9   10  11  12  13   14  15   16   17  18
                                     12Z  AVG MX 2MIN
DY MAX MIN AVG DEP HDD CDD  WTR  SNW DPTH SPD SPD DIR MIN PSBL S-S WX    SPD DR
================================================================================

 1  26  13  20 -11  45   0 0.00    M    M  8.6 14 190   M    M   1        17 360
 2  52  17  35   5  30   0 0.00    M    M  8.7 14 200   M    M   0        20 210
 3  38  20  29  -1  36   0 0.00    M    M  7.5 12  20   M    M   1         M  M
 4  47  21  34   4  31   0 0.00    M    M  8.3 14 210   M    M   0        22 210
 5  55  27  41  12  24   0 0.00    M    M  7.5 16  20   M    M   0 1      16 360
 6  45  20  33   4  32   0 0.00    M    M  5.4 12 160   M    M   2 1       M  M
 7  47  29  38   9  27   0 0.00    M    M  8.1 15 170   M    M   6 12     16 180
 8  56  25  41  13  24   0 0.00    M    M  7.4 12 250   M    M   0        17 250
 9  37  16  27  -1  38   0 0.00    M    M  3.9 10 200   M    M   4 1       M  M
10  38  20  29   1  36   0 0.00    M    M  6.2  9 170   M    M   7 1       M  M
11  40  31  36   8  29   0 0.00    M    M  7.5 13 200   M    M  10 12     17 200
12  51  40  46  19  19   0 0.00    M    M 10.2 17 200   M    M  10 1      21 190
13  54  46  50  23  15   0 0.00    M    M 11.4 18 170   M    M  10 12     25 170
14  58  35  47  20  18   0 0.77    M    M 15.5 27  20   M    M  10 1      33  20
15  35  26  31   4  34   0    M    M    M 21.3 29 340   M    M  10 8      38 340
16  26  21  24  -3  41   0 0.00    M    M  9.7 23 340   M    M  10        33 340
17  25  20  23  -3  42   0 0.00    M    M  6.0  9 120   M    M  10 1       M  M
18  30  24  27   1  38   0 0.00    M    M  3.8  9 270   M    M  10 1       M  M
19  33  23  28   2  37   0 0.00    M    M  5.2 10 200   M    M   7 12      M  M
================================================================================
SM  793  474       596   0  0.77    M    162.2          M      108
================================================================================
AV 41.7 24.9                               8.5 FASTST   M    M   6    MAX(MPH)
                                 MISC ---->    29   M               # 38  340
================================================================================
NOTES:
# LAST OF SEVERAL OCCURRENCES

COLUMN 17 PEAK WIND IN M.P.H.

PRELIMINARY LOCAL CLIMATOLOGICAL DATA (WS FORM: F-6) , PAGE 2

                                          STATION:  HOLDREGE
                                          MONTH:    DECEMBER
                                          YEAR:     2014
                                          LATITUDE:   40 27 N
                                          LONGITUDE:  99 20 W

[TEMPERATURE DATA]      [PRECIPITATION DATA]       SYMBOLS USED IN COLUMN 16

AVERAGE MONTHLY: 33.3   TOTAL FOR MONTH:   0.77    1 = FOG OR MIST
DPTR FM NORMAL:   5.3   DPTR FM NORMAL:    0.39    2 = FOG REDUCING VISIBILITY
HIGHEST:    58 ON 14    GRTST 24HR  0.77 ON 14-14      TO 1/4 MILE OR LESS
LOWEST:     13 ON  1                               3 = THUNDER
                        SNOW, ICE PELLETS, HAIL    4 = ICE PELLETS
                        TOTAL MONTH:    M          5 = HAIL
                        GRTST 24HR    M  ON   M    6 = FREEZING RAIN OR DRIZZLE
                        GRTST DEPTH:  M  ON   M    7 = DUSTSTORM OR SANDSTORM:
                                                       VSBY 1/2 MILE OR LESS
                                                   8 = SMOKE OR HAZE
[NO. OF DAYS WITH]      [WEATHER - DAYS WITH]      9 = BLOWING SNOW
                                                   X = TORNADO
MAX 32 OR BELOW:   4    0.01 INCH OR MORE:   1
MAX 90 OR ABOVE:   0    0.10 INCH OR MORE:   1
MIN 32 OR BELOW:  16    0.50 INCH OR MORE:   1
MIN  0 OR BELOW:   0    1.00 INCH OR MORE:   0

[HDD (BASE 65) ]
TOTAL THIS MO.   596    CLEAR  (SCALE 0-3)   7
DPTR FM NORMAL  -105    PTCLDY (SCALE 4-7)   4
TOTAL FM JUL 1  1965    CLOUDY (SCALE 8-10)  8
DPTR FM NORMAL   -86

[CDD (BASE 65) ]
TOTAL THIS MO.     0
DPTR FM NORMAL     0    [PRESSURE DATA]
TOTAL FM JAN 1   898    HIGHEST SLP M ON M
DPTR FM NORMAL   -16    LOWEST  SLP M ON M

[REMARKS]
